{"id":17867,"date":"2025-06-12T07:57:26","date_gmt":"2025-06-12T10:57:26","guid":{"rendered":"https:\/\/rms-enlinea.com.ar\/tienda\/producto\/microfono-de-mesa-conferencia-electrocondenser-novik-fnk-10\/"},"modified":"2026-04-06T12:45:13","modified_gmt":"2026-04-06T15:45:13","slug":"microfono-de-mesa-conferencia-electrocondenser-novik-fnk-10","status":"publish","type":"product","link":"https:\/\/rms-enlinea.com.ar\/tienda\/producto\/microfono-de-mesa-conferencia-electrocondenser-novik-fnk-10\/","title":{"rendered":"Microfono De Mesa Conferencia Electrocondenser Novik Fnk-10"},"content":{"rendered":"<p>PRINCIPALES CARACTER\u00cdSTICAS<\/p>\n<p>PATR\u00d3N POLAR CARDIOIDE<br \/>C\u00c1PSULA DE CONDENSADOR<br \/>F\u00c1CIL MONTAJE CON ALIMENTACI\u00d3N A BATER\u00cdAS<br \/>INTERRUPTOR ENCENDIDO\/APAGADO<br \/>LED DE ESTADO<br \/>INCLUYE CABLE<br \/>SOPORTE FUERTE Y ESTABLE<\/p>\n<p>ESPECIFICACIONES T\u00c9CNICAS<\/p>\n<p>TIPO: CONDENSADOR<br \/>RESPUESTA EN FRECUENCIA: 60HZ \u2013 18KHZ<br \/>IMPEDANCIA DE SALIDA: 600O<br \/>SENSIBILIDAD: -56DB +\/- 3DB<br \/>BATER\u00cdA: 3V DC<br \/>DIRECTIVIDAD: CARDIOIDE<br \/>MAX SPL: 128DB @ 1 KHZ<br \/>RELACI\u00d3N SE\u00d1AL\/RUIDO: 63DB<br \/>RANGO DIN\u00c1MICO: 99DB<\/p>\n","protected":false},"excerpt":{"rendered":"<p>PRINCIPALES CARACTER\u00cdSTICAS PATR\u00d3N POLAR CARDIOIDEC\u00c1PSULA DE CONDENSADORF\u00c1CIL MONTAJE CON ALIMENTACI\u00d3N A BATER\u00cdASINTERRUPTOR ENCENDIDO\/APAGADOLED DE ESTADOINCLUYE CABLESOPORTE FUERTE Y ESTABLE ESPECIFICACIONES T\u00c9CNICAS TIPO: CONDENSADORRESPUESTA EN FRECUENCIA: 60HZ \u2013 18KHZIMPEDANCIA DE SALIDA: 600OSENSIBILIDAD: -56DB +\/- 3DBBATER\u00cdA: 3V DCDIRECTIVIDAD: CARDIOIDEMAX SPL: 128DB @ 1 KHZRELACI\u00d3N SE\u00d1AL\/RUIDO: 63DBRANGO DIN\u00c1MICO: 99DB<\/p>\n","protected":false},"featured_media":17868,"comment_status":"open","ping_status":"closed","template":"","meta":{"_uag_custom_page_level_css":""},"product_brand":[],"product_cat":[75],"product_tag":[],"class_list":{"0":"post-17867","1":"product","2":"type-product","3":"status-publish","4":"has-post-thumbnail","6":"product_cat-microfonos","8":"first","9":"instock","10":"sale","11":"taxable","12":"shipping-taxable","13":"purchasable","14":"product-type-simple"},"uagb_featured_image_src":{"full":["https:\/\/rms-enlinea.com.ar\/wp-content\/uploads\/2025\/06\/D_875755-MLA31579287364_072019-F.jpg",546,729,false],"thumbnail":["https:\/\/rms-enlinea.com.ar\/wp-content\/uploads\/2025\/06\/D_875755-MLA31579287364_072019-F-150x150.jpg",150,150,true],"medium":["https:\/\/rms-enlinea.com.ar\/wp-content\/uploads\/2025\/06\/D_875755-MLA31579287364_072019-F-225x300.jpg",225,300,true],"medium_large":["https:\/\/rms-enlinea.com.ar\/wp-content\/uploads\/2025\/06\/D_875755-MLA31579287364_072019-F.jpg",546,729,false],"large":["https:\/\/rms-enlinea.com.ar\/wp-content\/uploads\/2025\/06\/D_875755-MLA31579287364_072019-F.jpg",546,729,false],"1536x1536":["https:\/\/rms-enlinea.com.ar\/wp-content\/uploads\/2025\/06\/D_875755-MLA31579287364_072019-F.jpg",546,729,false],"2048x2048":["https:\/\/rms-enlinea.com.ar\/wp-content\/uploads\/2025\/06\/D_875755-MLA31579287364_072019-F.jpg",546,729,false],"woocommerce_thumbnail":["https:\/\/rms-enlinea.com.ar\/wp-content\/uploads\/2025\/06\/D_875755-MLA31579287364_072019-F-450x450.jpg",450,450,true],"woocommerce_single":["https:\/\/rms-enlinea.com.ar\/wp-content\/uploads\/2025\/06\/D_875755-MLA31579287364_072019-F.jpg",546,729,false],"woocommerce_gallery_thumbnail":["https:\/\/rms-enlinea.com.ar\/wp-content\/uploads\/2025\/06\/D_875755-MLA31579287364_072019-F-100x100.jpg",100,100,true]},"uagb_author_info":{"display_name":"l0071054","author_link":"https:\/\/rms-enlinea.com.ar\/tienda\/author\/"},"uagb_comment_info":0,"uagb_excerpt":"PRINCIPALES CARACTER\u00cdSTICAS PATR\u00d3N POLAR CARDIOIDEC\u00c1PSULA DE CONDENSADORF\u00c1CIL MONTAJE CON ALIMENTACI\u00d3N A BATER\u00cdASINTERRUPTOR ENCENDIDO\/APAGADOLED DE ESTADOINCLUYE CABLESOPORTE FUERTE Y ESTABLE ESPECIFICACIONES T\u00c9CNICAS TIPO: CONDENSADORRESPUESTA EN FRECUENCIA: 60HZ \u2013 18KHZIMPEDANCIA DE SALIDA: 600OSENSIBILIDAD: -56DB +\/- 3DBBATER\u00cdA: 3V DCDIRECTIVIDAD: CARDIOIDEMAX SPL: 128DB @ 1 KHZRELACI\u00d3N SE\u00d1AL\/RUIDO: 63DBRANGO DIN\u00c1MICO: 99DB","_links":{"self":[{"href":"https:\/\/rms-enlinea.com.ar\/tienda\/wp-json\/wp\/v2\/product\/17867","targetHints":{"allow":["GET"]}}],"collection":[{"href":"https:\/\/rms-enlinea.com.ar\/tienda\/wp-json\/wp\/v2\/product"}],"about":[{"href":"https:\/\/rms-enlinea.com.ar\/tienda\/wp-json\/wp\/v2\/types\/product"}],"replies":[{"embeddable":true,"href":"https:\/\/rms-enlinea.com.ar\/tienda\/wp-json\/wp\/v2\/comments?post=17867"}],"wp:featuredmedia":[{"embeddable":true,"href":"https:\/\/rms-enlinea.com.ar\/tienda\/wp-json\/wp\/v2\/media\/17868"}],"wp:attachment":[{"href":"https:\/\/rms-enlinea.com.ar\/tienda\/wp-json\/wp\/v2\/media?parent=17867"}],"wp:term":[{"taxonomy":"product_brand","embeddable":true,"href":"https:\/\/rms-enlinea.com.ar\/tienda\/wp-json\/wp\/v2\/product_brand?post=17867"},{"taxonomy":"product_cat","embeddable":true,"href":"https:\/\/rms-enlinea.com.ar\/tienda\/wp-json\/wp\/v2\/product_cat?post=17867"},{"taxonomy":"product_tag","embeddable":true,"href":"https:\/\/rms-enlinea.com.ar\/tienda\/wp-json\/wp\/v2\/product_tag?post=17867"}],"curies":[{"name":"wp","href":"https:\/\/api.w.org\/{rel}","templated":true}]}}