{"id":17970,"date":"2025-06-12T07:59:11","date_gmt":"2025-06-12T10:59:11","guid":{"rendered":"https:\/\/rms-enlinea.com.ar\/tienda\/producto\/mouse-inalambrico-recargable-genius-eco-8015-silver\/"},"modified":"2026-04-02T16:32:26","modified_gmt":"2026-04-02T19:32:26","slug":"mouse-inalambrico-recargable-genius-eco-8015-silver","status":"publish","type":"product","link":"https:\/\/rms-enlinea.com.ar\/tienda\/producto\/mouse-inalambrico-recargable-genius-eco-8015-silver\/","title":{"rendered":"Mouse Inalambrico Recargable Genius Eco-8015 Silver"},"content":{"rendered":"<p>Marca<\/p>\n<p>Genius<br \/>Sistemas operativos compatibles<\/p>\n<p>macOS X 10.8,Windows 10,Windows 7,Windows 8,Windows 8.1<br \/>Tipo de mouse<\/p>\n<p>Convencional<br \/>C\u00f3digo universal de producto<\/p>\n<p>4710268258834<br \/>Altura<\/p>\n<p>106 mm<br \/>Interfaces<\/p>\n<p>USB<br \/>Es recargable<\/p>\n<p>S\u00ed<br \/>Es inal\u00e1mbrico<\/p>\n<p>S\u00ed<br \/>Es inal\u00e1mbrico USB<\/p>\n<p>No<br \/>Condici\u00f3n del \u00edtem<\/p>\n<p>Nuevo<br \/>Largo<\/p>\n<p>37.1 mm<br \/>Modelo<\/p>\n<p>ECO-8015<br \/>Cantidad de botones<\/p>\n<p>3<br \/>Radio frecuencia<\/p>\n<p>2.4 GHz<br \/>Resoluci\u00f3n del sensor<\/p>\n<p>1600 dpi<br \/>Tecnolog\u00eda del sensor<\/p>\n<p>BlueEye<br \/>Tipo de sensor<\/p>\n<p>\u00d3ptico<br \/>Peso<\/p>\n<p>81 g<br \/>Ancho<\/p>\n<p>59.5 mm<br \/>Con Bluetooth<\/p>\n<p>No<br \/>Con rueda de desplazamiento<\/p>\n<p>S\u00ed<br \/>Con cable<\/p>\n<p>No<\/p>\n","protected":false},"excerpt":{"rendered":"<p>Marca GeniusSistemas operativos compatibles macOS X 10.8,Windows 10,Windows 7,Windows 8,Windows 8.1Tipo de mouse ConvencionalC\u00f3digo universal de producto 4710268258834Altura 106 mmInterfaces USBEs recargable S\u00edEs inal\u00e1mbrico S\u00edEs inal\u00e1mbrico USB NoCondici\u00f3n del \u00edtem NuevoLargo 37.1 mmModelo ECO-8015Cantidad de botones 3Radio frecuencia 2.4 GHzResoluci\u00f3n del sensor 1600 dpiTecnolog\u00eda del sensor BlueEyeTipo de sensor \u00d3pticoPeso 81 gAncho 59.5 mmCon Bluetooth [&hellip;]<\/p>\n","protected":false},"featured_media":17967,"comment_status":"open","ping_status":"closed","template":"","meta":{"_uag_custom_page_level_css":""},"product_brand":[550],"product_cat":[125],"product_tag":[],"class_list":{"0":"post-17970","1":"product","2":"type-product","3":"status-publish","4":"has-post-thumbnail","6":"product_brand-genius","7":"product_cat-teclados-y-mouses","9":"first","10":"instock","11":"sale","12":"taxable","13":"shipping-taxable","14":"purchasable","15":"product-type-simple"},"uagb_featured_image_src":{"full":["https:\/\/rms-enlinea.com.ar\/wp-content\/uploads\/2025\/06\/D_779504-MLA52146377865_102022-F.jpg",729,954,false],"thumbnail":["https:\/\/rms-enlinea.com.ar\/wp-content\/uploads\/2025\/06\/D_779504-MLA52146377865_102022-F-150x150.jpg",150,150,true],"medium":["https:\/\/rms-enlinea.com.ar\/wp-content\/uploads\/2025\/06\/D_779504-MLA52146377865_102022-F-229x300.jpg",229,300,true],"medium_large":["https:\/\/rms-enlinea.com.ar\/wp-content\/uploads\/2025\/06\/D_779504-MLA52146377865_102022-F.jpg",729,954,false],"large":["https:\/\/rms-enlinea.com.ar\/wp-content\/uploads\/2025\/06\/D_779504-MLA52146377865_102022-F.jpg",729,954,false],"1536x1536":["https:\/\/rms-enlinea.com.ar\/wp-content\/uploads\/2025\/06\/D_779504-MLA52146377865_102022-F.jpg",729,954,false],"2048x2048":["https:\/\/rms-enlinea.com.ar\/wp-content\/uploads\/2025\/06\/D_779504-MLA52146377865_102022-F.jpg",729,954,false],"woocommerce_thumbnail":["https:\/\/rms-enlinea.com.ar\/wp-content\/uploads\/2025\/06\/D_779504-MLA52146377865_102022-F-450x450.jpg",450,450,true],"woocommerce_single":["https:\/\/rms-enlinea.com.ar\/wp-content\/uploads\/2025\/06\/D_779504-MLA52146377865_102022-F-600x785.jpg",600,785,true],"woocommerce_gallery_thumbnail":["https:\/\/rms-enlinea.com.ar\/wp-content\/uploads\/2025\/06\/D_779504-MLA52146377865_102022-F-100x100.jpg",100,100,true]},"uagb_author_info":{"display_name":"l0071054","author_link":"https:\/\/rms-enlinea.com.ar\/tienda\/author\/"},"uagb_comment_info":0,"uagb_excerpt":"Marca GeniusSistemas operativos compatibles macOS X 10.8,Windows 10,Windows 7,Windows 8,Windows 8.1Tipo de mouse ConvencionalC\u00f3digo universal de producto 4710268258834Altura 106 mmInterfaces USBEs recargable S\u00edEs inal\u00e1mbrico S\u00edEs inal\u00e1mbrico USB NoCondici\u00f3n del \u00edtem NuevoLargo 37.1 mmModelo ECO-8015Cantidad de botones 3Radio frecuencia 2.4 GHzResoluci\u00f3n del sensor 1600 dpiTecnolog\u00eda del sensor BlueEyeTipo de sensor \u00d3pticoPeso 81 gAncho 59.5 mmCon Bluetooth&hellip;","_links":{"self":[{"href":"https:\/\/rms-enlinea.com.ar\/tienda\/wp-json\/wp\/v2\/product\/17970","targetHints":{"allow":["GET"]}}],"collection":[{"href":"https:\/\/rms-enlinea.com.ar\/tienda\/wp-json\/wp\/v2\/product"}],"about":[{"href":"https:\/\/rms-enlinea.com.ar\/tienda\/wp-json\/wp\/v2\/types\/product"}],"replies":[{"embeddable":true,"href":"https:\/\/rms-enlinea.com.ar\/tienda\/wp-json\/wp\/v2\/comments?post=17970"}],"wp:featuredmedia":[{"embeddable":true,"href":"https:\/\/rms-enlinea.com.ar\/tienda\/wp-json\/wp\/v2\/media\/17967"}],"wp:attachment":[{"href":"https:\/\/rms-enlinea.com.ar\/tienda\/wp-json\/wp\/v2\/media?parent=17970"}],"wp:term":[{"taxonomy":"product_brand","embeddable":true,"href":"https:\/\/rms-enlinea.com.ar\/tienda\/wp-json\/wp\/v2\/product_brand?post=17970"},{"taxonomy":"product_cat","embeddable":true,"href":"https:\/\/rms-enlinea.com.ar\/tienda\/wp-json\/wp\/v2\/product_cat?post=17970"},{"taxonomy":"product_tag","embeddable":true,"href":"https:\/\/rms-enlinea.com.ar\/tienda\/wp-json\/wp\/v2\/product_tag?post=17970"}],"curies":[{"name":"wp","href":"https:\/\/api.w.org\/{rel}","templated":true}]}}