{"id":17972,"date":"2025-06-12T07:59:15","date_gmt":"2025-06-12T10:59:15","guid":{"rendered":"https:\/\/rms-enlinea.com.ar\/tienda\/producto\/kit-teclado-y-mouse-con-cable-genius-slimstar-c126-spa\/"},"modified":"2026-04-08T19:00:14","modified_gmt":"2026-04-08T22:00:14","slug":"kit-teclado-y-mouse-con-cable-genius-slimstar-c126-spa","status":"publish","type":"product","link":"https:\/\/rms-enlinea.com.ar\/tienda\/producto\/kit-teclado-y-mouse-con-cable-genius-slimstar-c126-spa\/","title":{"rendered":"Kit Teclado Y Mouse Con Cable Genius Slimstar C126 Spa"},"content":{"rendered":"<p>Sistemas operativos compatibles<\/p>\n<p>Linux os,Mac OS,Windows 10,Windows 11,Windows 7,Windows 8<br \/>Es teclado para una mano<\/p>\n<p>No<br \/>Modelo detallado<\/p>\n<p>Slimstar-C126<br \/>Incluye bater\u00eda<\/p>\n<p>No<br \/>Incluye auriculares<\/p>\n<p>No<br \/>Incluye mouse pad<\/p>\n<p>No<br \/>Incluye parlantes<\/p>\n<p>No<br \/>Es gamer<\/p>\n<p>No<br \/>Es inal\u00e1mbrico<\/p>\n<p>No<br \/>Condici\u00f3n del \u00edtem<\/p>\n<p>Nuevo<br \/>Conexi\u00f3n del teclado<\/p>\n<p>USB<br \/>Idioma del teclado<\/p>\n<p>Espa\u00f1ol<br \/>Modelo del teclado<\/p>\n<p>C126<br \/>Peso del teclado<\/p>\n<p>403.1 g<br \/>Cantidad de botones del mouse<\/p>\n<p>3<br \/>Modelo del mouse<\/p>\n<p>C126<br \/>Resoluci\u00f3n del sensor del mouse<\/p>\n<p>1000 dpi<br \/>Tipo de sensor del mouse<\/p>\n<p>\u00d3ptico<br \/>Es recargable<\/p>\n<p>No<br \/>Marca<\/p>\n<p>Genius<br \/>Modelo<\/p>\n<p>C126<br \/>Peso del mouse<\/p>\n<p>85 g<\/p>\n","protected":false},"excerpt":{"rendered":"<p>Sistemas operativos compatibles Linux os,Mac OS,Windows 10,Windows 11,Windows 7,Windows 8Es teclado para una mano NoModelo detallado Slimstar-C126Incluye bater\u00eda NoIncluye auriculares NoIncluye mouse pad NoIncluye parlantes NoEs gamer NoEs inal\u00e1mbrico NoCondici\u00f3n del \u00edtem NuevoConexi\u00f3n del teclado USBIdioma del teclado Espa\u00f1olModelo del teclado C126Peso del teclado 403.1 gCantidad de botones del mouse 3Modelo del mouse C126Resoluci\u00f3n del [&hellip;]<\/p>\n","protected":false},"featured_media":17973,"comment_status":"open","ping_status":"closed","template":"","meta":{"_uag_custom_page_level_css":""},"product_brand":[550],"product_cat":[125],"product_tag":[],"class_list":{"0":"post-17972","1":"product","2":"type-product","3":"status-publish","4":"has-post-thumbnail","6":"product_brand-genius","7":"product_cat-teclados-y-mouses","9":"first","10":"instock","11":"sale","12":"taxable","13":"shipping-taxable","14":"purchasable","15":"product-type-simple"},"uagb_featured_image_src":{"full":["https:\/\/rms-enlinea.com.ar\/wp-content\/uploads\/2025\/06\/D_997840-MLU74827250339_022024-F.jpg",1199,335,false],"thumbnail":["https:\/\/rms-enlinea.com.ar\/wp-content\/uploads\/2025\/06\/D_997840-MLU74827250339_022024-F-150x150.jpg",150,150,true],"medium":["https:\/\/rms-enlinea.com.ar\/wp-content\/uploads\/2025\/06\/D_997840-MLU74827250339_022024-F-300x84.jpg",300,84,true],"medium_large":["https:\/\/rms-enlinea.com.ar\/wp-content\/uploads\/2025\/06\/D_997840-MLU74827250339_022024-F-768x215.jpg",768,215,true],"large":["https:\/\/rms-enlinea.com.ar\/wp-content\/uploads\/2025\/06\/D_997840-MLU74827250339_022024-F-1024x286.jpg",1024,286,true],"1536x1536":["https:\/\/rms-enlinea.com.ar\/wp-content\/uploads\/2025\/06\/D_997840-MLU74827250339_022024-F.jpg",1199,335,false],"2048x2048":["https:\/\/rms-enlinea.com.ar\/wp-content\/uploads\/2025\/06\/D_997840-MLU74827250339_022024-F.jpg",1199,335,false],"woocommerce_thumbnail":["https:\/\/rms-enlinea.com.ar\/wp-content\/uploads\/2025\/06\/D_997840-MLU74827250339_022024-F-450x335.jpg",450,335,true],"woocommerce_single":["https:\/\/rms-enlinea.com.ar\/wp-content\/uploads\/2025\/06\/D_997840-MLU74827250339_022024-F-600x168.jpg",600,168,true],"woocommerce_gallery_thumbnail":["https:\/\/rms-enlinea.com.ar\/wp-content\/uploads\/2025\/06\/D_997840-MLU74827250339_022024-F-100x100.jpg",100,100,true]},"uagb_author_info":{"display_name":"l0071054","author_link":"https:\/\/rms-enlinea.com.ar\/tienda\/author\/"},"uagb_comment_info":0,"uagb_excerpt":"Sistemas operativos compatibles Linux os,Mac OS,Windows 10,Windows 11,Windows 7,Windows 8Es teclado para una mano NoModelo detallado Slimstar-C126Incluye bater\u00eda NoIncluye auriculares NoIncluye mouse pad NoIncluye parlantes NoEs gamer NoEs inal\u00e1mbrico NoCondici\u00f3n del \u00edtem NuevoConexi\u00f3n del teclado USBIdioma del teclado Espa\u00f1olModelo del teclado C126Peso del teclado 403.1 gCantidad de botones del mouse 3Modelo del mouse C126Resoluci\u00f3n del&hellip;","_links":{"self":[{"href":"https:\/\/rms-enlinea.com.ar\/tienda\/wp-json\/wp\/v2\/product\/17972","targetHints":{"allow":["GET"]}}],"collection":[{"href":"https:\/\/rms-enlinea.com.ar\/tienda\/wp-json\/wp\/v2\/product"}],"about":[{"href":"https:\/\/rms-enlinea.com.ar\/tienda\/wp-json\/wp\/v2\/types\/product"}],"replies":[{"embeddable":true,"href":"https:\/\/rms-enlinea.com.ar\/tienda\/wp-json\/wp\/v2\/comments?post=17972"}],"wp:featuredmedia":[{"embeddable":true,"href":"https:\/\/rms-enlinea.com.ar\/tienda\/wp-json\/wp\/v2\/media\/17973"}],"wp:attachment":[{"href":"https:\/\/rms-enlinea.com.ar\/tienda\/wp-json\/wp\/v2\/media?parent=17972"}],"wp:term":[{"taxonomy":"product_brand","embeddable":true,"href":"https:\/\/rms-enlinea.com.ar\/tienda\/wp-json\/wp\/v2\/product_brand?post=17972"},{"taxonomy":"product_cat","embeddable":true,"href":"https:\/\/rms-enlinea.com.ar\/tienda\/wp-json\/wp\/v2\/product_cat?post=17972"},{"taxonomy":"product_tag","embeddable":true,"href":"https:\/\/rms-enlinea.com.ar\/tienda\/wp-json\/wp\/v2\/product_tag?post=17972"}],"curies":[{"name":"wp","href":"https:\/\/api.w.org\/{rel}","templated":true}]}}