{"id":17980,"date":"2025-06-12T07:59:28","date_gmt":"2025-06-12T10:59:28","guid":{"rendered":"https:\/\/rms-enlinea.com.ar\/tienda\/producto\/kit-teclado-y-mouse-inalambrico-genius-km-8200-dual-color\/"},"modified":"2026-04-08T02:50:38","modified_gmt":"2026-04-08T05:50:38","slug":"kit-teclado-y-mouse-inalambrico-genius-km-8200-dual-color","status":"publish","type":"product","link":"https:\/\/rms-enlinea.com.ar\/tienda\/producto\/kit-teclado-y-mouse-inalambrico-genius-km-8200-dual-color\/","title":{"rendered":"Kit Teclado Y Mouse Inalambrico Genius Km-8200 Dual Color"},"content":{"rendered":"<p>Frecuencia RF 2.4 GHz<br \/>Unidad de sensor (Mouse) \u00d3ptico<br \/>Tipo de bater\u00eda Tipo de bater\u00eda Dos bater\u00edas AAA<br \/>Tipo de bater\u00eda mouse Una AA<br \/>Compatible con sistema operativo Windows 7, 8, 8.1, 10 Mac OS X 10.8 o superior<br \/>Teclas de Funci\u00f3n Personalizables F1~F12<br \/>Mouse Resoluci\u00f3n (DPI) 1000<\/p>\n","protected":false},"excerpt":{"rendered":"<p>Frecuencia RF 2.4 GHzUnidad de sensor (Mouse) \u00d3pticoTipo de bater\u00eda Tipo de bater\u00eda Dos bater\u00edas AAATipo de bater\u00eda mouse Una AACompatible con sistema operativo Windows 7, 8, 8.1, 10 Mac OS X 10.8 o superiorTeclas de Funci\u00f3n Personalizables F1~F12Mouse Resoluci\u00f3n (DPI) 1000<\/p>\n","protected":false},"featured_media":17981,"comment_status":"open","ping_status":"closed","template":"","meta":{"_uag_custom_page_level_css":""},"product_brand":[550],"product_cat":[125],"product_tag":[],"class_list":{"0":"post-17980","1":"product","2":"type-product","3":"status-publish","4":"has-post-thumbnail","6":"product_brand-genius","7":"product_cat-teclados-y-mouses","9":"first","10":"outofstock","11":"sale","12":"taxable","13":"shipping-taxable","14":"purchasable","15":"product-type-simple"},"uagb_featured_image_src":{"full":["https:\/\/rms-enlinea.com.ar\/wp-content\/uploads\/2025\/06\/D_971330-MLA76594878620_062024-F.jpg",1200,374,false],"thumbnail":["https:\/\/rms-enlinea.com.ar\/wp-content\/uploads\/2025\/06\/D_971330-MLA76594878620_062024-F-150x150.jpg",150,150,true],"medium":["https:\/\/rms-enlinea.com.ar\/wp-content\/uploads\/2025\/06\/D_971330-MLA76594878620_062024-F-300x94.jpg",300,94,true],"medium_large":["https:\/\/rms-enlinea.com.ar\/wp-content\/uploads\/2025\/06\/D_971330-MLA76594878620_062024-F-768x239.jpg",768,239,true],"large":["https:\/\/rms-enlinea.com.ar\/wp-content\/uploads\/2025\/06\/D_971330-MLA76594878620_062024-F-1024x319.jpg",1024,319,true],"1536x1536":["https:\/\/rms-enlinea.com.ar\/wp-content\/uploads\/2025\/06\/D_971330-MLA76594878620_062024-F.jpg",1200,374,false],"2048x2048":["https:\/\/rms-enlinea.com.ar\/wp-content\/uploads\/2025\/06\/D_971330-MLA76594878620_062024-F.jpg",1200,374,false],"woocommerce_thumbnail":["https:\/\/rms-enlinea.com.ar\/wp-content\/uploads\/2025\/06\/D_971330-MLA76594878620_062024-F-450x374.jpg",450,374,true],"woocommerce_single":["https:\/\/rms-enlinea.com.ar\/wp-content\/uploads\/2025\/06\/D_971330-MLA76594878620_062024-F-600x187.jpg",600,187,true],"woocommerce_gallery_thumbnail":["https:\/\/rms-enlinea.com.ar\/wp-content\/uploads\/2025\/06\/D_971330-MLA76594878620_062024-F-100x100.jpg",100,100,true]},"uagb_author_info":{"display_name":"l0071054","author_link":"https:\/\/rms-enlinea.com.ar\/tienda\/author\/"},"uagb_comment_info":0,"uagb_excerpt":"Frecuencia RF 2.4 GHzUnidad de sensor (Mouse) \u00d3pticoTipo de bater\u00eda Tipo de bater\u00eda Dos bater\u00edas AAATipo de bater\u00eda mouse Una AACompatible con sistema operativo Windows 7, 8, 8.1, 10 Mac OS X 10.8 o superiorTeclas de Funci\u00f3n Personalizables F1~F12Mouse Resoluci\u00f3n (DPI) 1000","_links":{"self":[{"href":"https:\/\/rms-enlinea.com.ar\/tienda\/wp-json\/wp\/v2\/product\/17980","targetHints":{"allow":["GET"]}}],"collection":[{"href":"https:\/\/rms-enlinea.com.ar\/tienda\/wp-json\/wp\/v2\/product"}],"about":[{"href":"https:\/\/rms-enlinea.com.ar\/tienda\/wp-json\/wp\/v2\/types\/product"}],"replies":[{"embeddable":true,"href":"https:\/\/rms-enlinea.com.ar\/tienda\/wp-json\/wp\/v2\/comments?post=17980"}],"wp:featuredmedia":[{"embeddable":true,"href":"https:\/\/rms-enlinea.com.ar\/tienda\/wp-json\/wp\/v2\/media\/17981"}],"wp:attachment":[{"href":"https:\/\/rms-enlinea.com.ar\/tienda\/wp-json\/wp\/v2\/media?parent=17980"}],"wp:term":[{"taxonomy":"product_brand","embeddable":true,"href":"https:\/\/rms-enlinea.com.ar\/tienda\/wp-json\/wp\/v2\/product_brand?post=17980"},{"taxonomy":"product_cat","embeddable":true,"href":"https:\/\/rms-enlinea.com.ar\/tienda\/wp-json\/wp\/v2\/product_cat?post=17980"},{"taxonomy":"product_tag","embeddable":true,"href":"https:\/\/rms-enlinea.com.ar\/tienda\/wp-json\/wp\/v2\/product_tag?post=17980"}],"curies":[{"name":"wp","href":"https:\/\/api.w.org\/{rel}","templated":true}]}}