{"id":18220,"date":"2025-06-12T08:05:06","date_gmt":"2025-06-12T11:05:06","guid":{"rendered":"https:\/\/rms-enlinea.com.ar\/tienda\/producto\/mouse-gamer-inalambrico-razer-viper-ultimate-quartz-20k-dpi\/"},"modified":"2026-03-25T18:42:19","modified_gmt":"2026-03-25T21:42:19","slug":"mouse-gamer-inalambrico-razer-viper-ultimate-quartz-20k-dpi","status":"publish","type":"product","link":"https:\/\/rms-enlinea.com.ar\/tienda\/producto\/mouse-gamer-inalambrico-razer-viper-ultimate-quartz-20k-dpi\/","title":{"rendered":"Mouse Gamer Inalambrico Razer Viper Ultimate Quartz 20k Dpi"},"content":{"rendered":"<p>Marca<\/p>\n<p>Razer<br \/>Tipo de mouse<\/p>\n<p>De juego<br \/>Altura<\/p>\n<p>37.8 mm<br \/>Interfaces<\/p>\n<p>USB<br \/>Es recargable<\/p>\n<p>S\u00ed<br \/>Es inal\u00e1mbrico USB<\/p>\n<p>S\u00ed<br \/>Largo<\/p>\n<p>126.8 mm<br \/>Modelo<\/p>\n<p>Viper Ultimate with charging dock<br \/>Cantidad de botones<\/p>\n<p>8<br \/>Radio frecuencia<\/p>\n<p>2.4 GHz<br \/>Resoluci\u00f3n del sensor<\/p>\n<p>20000 dpi<br \/>Tecnolog\u00eda del sensor<\/p>\n<p>FOCUS+<br \/>Tipo de sensor<\/p>\n<p>\u00d3ptico<br \/>Ancho<\/p>\n<p>57.6 mm<br \/>Con Bluetooth<\/p>\n<p>No<br \/>Con luces<\/p>\n<p>S\u00ed<br \/>Con rueda de desplazamiento<\/p>\n<p>S\u00ed<br \/>Con cable<\/p>\n<p>S\u00ed<\/p>\n","protected":false},"excerpt":{"rendered":"<p>Marca RazerTipo de mouse De juegoAltura 37.8 mmInterfaces USBEs recargable S\u00edEs inal\u00e1mbrico USB S\u00edLargo 126.8 mmModelo Viper Ultimate with charging dockCantidad de botones 8Radio frecuencia 2.4 GHzResoluci\u00f3n del sensor 20000 dpiTecnolog\u00eda del sensor FOCUS+Tipo de sensor \u00d3pticoAncho 57.6 mmCon Bluetooth NoCon luces S\u00edCon rueda de desplazamiento S\u00edCon cable S\u00ed<\/p>\n","protected":false},"featured_media":18209,"comment_status":"open","ping_status":"closed","template":"","meta":{"_uag_custom_page_level_css":""},"product_brand":[559],"product_cat":[125],"product_tag":[],"class_list":{"0":"post-18220","1":"product","2":"type-product","3":"status-publish","4":"has-post-thumbnail","6":"product_brand-razer","7":"product_cat-teclados-y-mouses","9":"first","10":"outofstock","11":"sale","12":"taxable","13":"shipping-taxable","14":"purchasable","15":"product-type-simple"},"uagb_featured_image_src":{"full":["https:\/\/rms-enlinea.com.ar\/wp-content\/uploads\/2025\/06\/D_813127-MLU72536590364_102023-F.jpg",697,1200,false],"thumbnail":["https:\/\/rms-enlinea.com.ar\/wp-content\/uploads\/2025\/06\/D_813127-MLU72536590364_102023-F-150x150.jpg",150,150,true],"medium":["https:\/\/rms-enlinea.com.ar\/wp-content\/uploads\/2025\/06\/D_813127-MLU72536590364_102023-F-174x300.jpg",174,300,true],"medium_large":["https:\/\/rms-enlinea.com.ar\/wp-content\/uploads\/2025\/06\/D_813127-MLU72536590364_102023-F.jpg",697,1200,false],"large":["https:\/\/rms-enlinea.com.ar\/wp-content\/uploads\/2025\/06\/D_813127-MLU72536590364_102023-F-595x1024.jpg",595,1024,true],"1536x1536":["https:\/\/rms-enlinea.com.ar\/wp-content\/uploads\/2025\/06\/D_813127-MLU72536590364_102023-F.jpg",697,1200,false],"2048x2048":["https:\/\/rms-enlinea.com.ar\/wp-content\/uploads\/2025\/06\/D_813127-MLU72536590364_102023-F.jpg",697,1200,false],"woocommerce_thumbnail":["https:\/\/rms-enlinea.com.ar\/wp-content\/uploads\/2025\/06\/D_813127-MLU72536590364_102023-F-450x450.jpg",450,450,true],"woocommerce_single":["https:\/\/rms-enlinea.com.ar\/wp-content\/uploads\/2025\/06\/D_813127-MLU72536590364_102023-F-600x1033.jpg",600,1033,true],"woocommerce_gallery_thumbnail":["https:\/\/rms-enlinea.com.ar\/wp-content\/uploads\/2025\/06\/D_813127-MLU72536590364_102023-F-100x100.jpg",100,100,true]},"uagb_author_info":{"display_name":"l0071054","author_link":"https:\/\/rms-enlinea.com.ar\/tienda\/author\/"},"uagb_comment_info":0,"uagb_excerpt":"Marca RazerTipo de mouse De juegoAltura 37.8 mmInterfaces USBEs recargable S\u00edEs inal\u00e1mbrico USB S\u00edLargo 126.8 mmModelo Viper Ultimate with charging dockCantidad de botones 8Radio frecuencia 2.4 GHzResoluci\u00f3n del sensor 20000 dpiTecnolog\u00eda del sensor FOCUS+Tipo de sensor \u00d3pticoAncho 57.6 mmCon Bluetooth NoCon luces S\u00edCon rueda de desplazamiento S\u00edCon cable S\u00ed","_links":{"self":[{"href":"https:\/\/rms-enlinea.com.ar\/tienda\/wp-json\/wp\/v2\/product\/18220","targetHints":{"allow":["GET"]}}],"collection":[{"href":"https:\/\/rms-enlinea.com.ar\/tienda\/wp-json\/wp\/v2\/product"}],"about":[{"href":"https:\/\/rms-enlinea.com.ar\/tienda\/wp-json\/wp\/v2\/types\/product"}],"replies":[{"embeddable":true,"href":"https:\/\/rms-enlinea.com.ar\/tienda\/wp-json\/wp\/v2\/comments?post=18220"}],"wp:featuredmedia":[{"embeddable":true,"href":"https:\/\/rms-enlinea.com.ar\/tienda\/wp-json\/wp\/v2\/media\/18209"}],"wp:attachment":[{"href":"https:\/\/rms-enlinea.com.ar\/tienda\/wp-json\/wp\/v2\/media?parent=18220"}],"wp:term":[{"taxonomy":"product_brand","embeddable":true,"href":"https:\/\/rms-enlinea.com.ar\/tienda\/wp-json\/wp\/v2\/product_brand?post=18220"},{"taxonomy":"product_cat","embeddable":true,"href":"https:\/\/rms-enlinea.com.ar\/tienda\/wp-json\/wp\/v2\/product_cat?post=18220"},{"taxonomy":"product_tag","embeddable":true,"href":"https:\/\/rms-enlinea.com.ar\/tienda\/wp-json\/wp\/v2\/product_tag?post=18220"}],"curies":[{"name":"wp","href":"https:\/\/api.w.org\/{rel}","templated":true}]}}