{"id":18230,"date":"2025-06-12T08:05:22","date_gmt":"2025-06-12T11:05:22","guid":{"rendered":"https:\/\/rms-enlinea.com.ar\/tienda\/producto\/procesador-intel-core-i7-13700k-5-4ghz-16-nucleos-c-video\/"},"modified":"2026-04-21T03:31:23","modified_gmt":"2026-04-21T06:31:23","slug":"procesador-intel-core-i7-13700k-5-4ghz-16-nucleos-c-video","status":"publish","type":"product","link":"https:\/\/rms-enlinea.com.ar\/tienda\/producto\/procesador-intel-core-i7-13700k-5-4ghz-16-nucleos-c-video\/","title":{"rendered":"Procesador Intel Core I7 13700k 5.4ghz 16 Nucleos C\/video"},"content":{"rendered":"<p>Modelo<\/p>\n<p>i7-13700K<br \/>\nMPN<\/p>\n<p>BX8071513700K<br \/>\nA\u00f1o de lanzamiento<\/p>\n<p>2022<br \/>\nSKU<\/p>\n<p>GIT00020196<br \/>\nTipos de memoria RAM soportadas<\/p>\n<p>DDR4,DDR5<br \/>\nFrecuencia m\u00e1xima de reloj<\/p>\n<p>5.4 GHz<br \/>\nTama\u00f1o m\u00e1ximo de memoria RAM soportada<\/p>\n<p>128 GB<br \/>\nFrecuencia m\u00ednima de reloj<\/p>\n<p>2.5 GHz<br \/>\nCantidad de n\u00facleos de CPU<\/p>\n<p>16<br \/>\nCantidad de hilos de CPU<\/p>\n<p>24<br \/>\nGeneraci\u00f3n<\/p>\n<p>13\u00b0<br \/>\nProcesador gr\u00e1fico<\/p>\n<p>Intel UHD Graphics 770<br \/>\nLitograf\u00eda<\/p>\n<p>7 nm<br \/>\nModelo alfanum\u00e9rico<\/p>\n<p>BX8071513700K<br \/>\nPotencia de dise\u00f1o t\u00e9rmico<\/p>\n<p>128 W<br \/>\nCach\u00e9<\/p>\n<p>30 MB<br \/>\nAplicaci\u00f3n<\/p>\n<p>Computadoras de escritorio<br \/>\nArquitectura<\/p>\n<p>x86-64<br \/>\nMarca<\/p>\n<p>Intel<br \/>\nCon hyper-threading<\/p>\n<p>S\u00ed<br \/>\nC\u00f3digo universal de producto<\/p>\n<p>00735858526678,05032037258708,05032037258722<br \/>\nL\u00ednea<\/p>\n<p>Core i7<br \/>\nEs compatible con 4K<\/p>\n<p>S\u00ed<br \/>\nEs OEM<\/p>\n<p>No<br \/>\nEst\u00e1 desbloqueado<\/p>\n<p>S\u00ed<br \/>\nCondici\u00f3n del \u00edtem<\/p>\n<p>Nuevo<br \/>\nZ\u00f3calos compatibles<\/p>\n<p>FCLGA1700<\/p>\n","protected":false},"excerpt":{"rendered":"<p>Modelo i7-13700K MPN BX8071513700K A\u00f1o de lanzamiento 2022 SKU GIT00020196 Tipos de memoria RAM soportadas DDR4,DDR5 Frecuencia m\u00e1xima de reloj 5.4 GHz Tama\u00f1o m\u00e1ximo de memoria RAM soportada 128 GB Frecuencia m\u00ednima de reloj 2.5 GHz Cantidad de n\u00facleos de CPU 16 Cantidad de hilos de CPU 24 Generaci\u00f3n 13\u00b0 Procesador gr\u00e1fico Intel UHD Graphics [&hellip;]<\/p>\n","protected":false},"featured_media":18227,"comment_status":"open","ping_status":"closed","template":"","meta":{"_uag_custom_page_level_css":""},"product_brand":[530],"product_cat":[121],"product_tag":[],"class_list":{"0":"post-18230","1":"product","2":"type-product","3":"status-publish","4":"has-post-thumbnail","6":"product_brand-intel","7":"product_cat-procesadores-computacion","9":"first","10":"outofstock","11":"sale","12":"taxable","13":"shipping-taxable","14":"purchasable","15":"product-type-simple"},"uagb_featured_image_src":{"full":["https:\/\/rms-enlinea.com.ar\/wp-content\/uploads\/2025\/06\/D_685178-MLA52678952840_122022-F.jpg",954,1082,false],"thumbnail":["https:\/\/rms-enlinea.com.ar\/wp-content\/uploads\/2025\/06\/D_685178-MLA52678952840_122022-F-150x150.jpg",150,150,true],"medium":["https:\/\/rms-enlinea.com.ar\/wp-content\/uploads\/2025\/06\/D_685178-MLA52678952840_122022-F-265x300.jpg",265,300,true],"medium_large":["https:\/\/rms-enlinea.com.ar\/wp-content\/uploads\/2025\/06\/D_685178-MLA52678952840_122022-F-768x871.jpg",768,871,true],"large":["https:\/\/rms-enlinea.com.ar\/wp-content\/uploads\/2025\/06\/D_685178-MLA52678952840_122022-F-903x1024.jpg",903,1024,true],"1536x1536":["https:\/\/rms-enlinea.com.ar\/wp-content\/uploads\/2025\/06\/D_685178-MLA52678952840_122022-F.jpg",954,1082,false],"2048x2048":["https:\/\/rms-enlinea.com.ar\/wp-content\/uploads\/2025\/06\/D_685178-MLA52678952840_122022-F.jpg",954,1082,false],"woocommerce_thumbnail":["https:\/\/rms-enlinea.com.ar\/wp-content\/uploads\/2025\/06\/D_685178-MLA52678952840_122022-F-450x450.jpg",450,450,true],"woocommerce_single":["https:\/\/rms-enlinea.com.ar\/wp-content\/uploads\/2025\/06\/D_685178-MLA52678952840_122022-F-600x681.jpg",600,681,true],"woocommerce_gallery_thumbnail":["https:\/\/rms-enlinea.com.ar\/wp-content\/uploads\/2025\/06\/D_685178-MLA52678952840_122022-F-100x100.jpg",100,100,true]},"uagb_author_info":{"display_name":"l0071054","author_link":"https:\/\/rms-enlinea.com.ar\/tienda\/author\/"},"uagb_comment_info":0,"uagb_excerpt":"Modelo i7-13700K MPN BX8071513700K A\u00f1o de lanzamiento 2022 SKU GIT00020196 Tipos de memoria RAM soportadas DDR4,DDR5 Frecuencia m\u00e1xima de reloj 5.4 GHz Tama\u00f1o m\u00e1ximo de memoria RAM soportada 128 GB Frecuencia m\u00ednima de reloj 2.5 GHz Cantidad de n\u00facleos de CPU 16 Cantidad de hilos de CPU 24 Generaci\u00f3n 13\u00b0 Procesador gr\u00e1fico Intel UHD Graphics&hellip;","_links":{"self":[{"href":"https:\/\/rms-enlinea.com.ar\/tienda\/wp-json\/wp\/v2\/product\/18230","targetHints":{"allow":["GET"]}}],"collection":[{"href":"https:\/\/rms-enlinea.com.ar\/tienda\/wp-json\/wp\/v2\/product"}],"about":[{"href":"https:\/\/rms-enlinea.com.ar\/tienda\/wp-json\/wp\/v2\/types\/product"}],"replies":[{"embeddable":true,"href":"https:\/\/rms-enlinea.com.ar\/tienda\/wp-json\/wp\/v2\/comments?post=18230"}],"wp:featuredmedia":[{"embeddable":true,"href":"https:\/\/rms-enlinea.com.ar\/tienda\/wp-json\/wp\/v2\/media\/18227"}],"wp:attachment":[{"href":"https:\/\/rms-enlinea.com.ar\/tienda\/wp-json\/wp\/v2\/media?parent=18230"}],"wp:term":[{"taxonomy":"product_brand","embeddable":true,"href":"https:\/\/rms-enlinea.com.ar\/tienda\/wp-json\/wp\/v2\/product_brand?post=18230"},{"taxonomy":"product_cat","embeddable":true,"href":"https:\/\/rms-enlinea.com.ar\/tienda\/wp-json\/wp\/v2\/product_cat?post=18230"},{"taxonomy":"product_tag","embeddable":true,"href":"https:\/\/rms-enlinea.com.ar\/tienda\/wp-json\/wp\/v2\/product_tag?post=18230"}],"curies":[{"name":"wp","href":"https:\/\/api.w.org\/{rel}","templated":true}]}}