{"id":18254,"date":"2025-06-12T08:05:52","date_gmt":"2025-06-12T11:05:52","guid":{"rendered":"https:\/\/rms-enlinea.com.ar\/tienda\/producto\/microfono-lavalier-mini-plug-3-5mm-repuesto-nisuta-nsmic230c\/"},"modified":"2026-03-31T17:16:02","modified_gmt":"2026-03-31T20:16:02","slug":"microfono-lavalier-mini-plug-3-5mm-repuesto-nisuta-nsmic230c","status":"publish","type":"product","link":"https:\/\/rms-enlinea.com.ar\/tienda\/producto\/microfono-lavalier-mini-plug-3-5mm-repuesto-nisuta-nsmic230c\/","title":{"rendered":"Microfono Lavalier Mini Plug 3.5mm Repuesto Nisuta Nsmic230c"},"content":{"rendered":"<p>DESCRIPCI\u00d3N:<br \/>LONGITUD DEL CABLE:1.5M<br \/>CONECTOR: 3.5MM<br \/>ELEMENTO: CONDENSADOR ELECTET<br \/>PATR\u00d3N POLAR: CARDIOIDE<br \/>RANGO DE FRECUENCIA: 50HZ-17,000HZ<br \/>MAX SPL: 130 5DB SPL<br \/>IMPEDANCIA: 1,500 OHMS +\/\u2022 30% (A 1 KHZ)<br \/>RELACI\u00d3N SE\u00d1AL-RUIDO: TBD<br \/>ENTRADA M\u00c1XIMA SPL: 28DB<\/p>\n","protected":false},"excerpt":{"rendered":"<p>DESCRIPCI\u00d3N:LONGITUD DEL CABLE:1.5MCONECTOR: 3.5MMELEMENTO: CONDENSADOR ELECTETPATR\u00d3N POLAR: CARDIOIDERANGO DE FRECUENCIA: 50HZ-17,000HZMAX SPL: 130 5DB SPLIMPEDANCIA: 1,500 OHMS +\/\u2022 30% (A 1 KHZ)RELACI\u00d3N SE\u00d1AL-RUIDO: TBDENTRADA M\u00c1XIMA SPL: 28DB<\/p>\n","protected":false},"featured_media":18255,"comment_status":"open","ping_status":"closed","template":"","meta":{"_uag_custom_page_level_css":""},"product_brand":[],"product_cat":[113],"product_tag":[],"class_list":{"0":"post-18254","1":"product","2":"type-product","3":"status-publish","4":"has-post-thumbnail","6":"product_cat-microfonos-computacion","8":"first","9":"outofstock","10":"sale","11":"taxable","12":"shipping-taxable","13":"purchasable","14":"product-type-simple"},"uagb_featured_image_src":{"full":["https:\/\/rms-enlinea.com.ar\/wp-content\/uploads\/2025\/06\/D_839695-MLA49696778021_042022-F.jpg",659,437,false],"thumbnail":["https:\/\/rms-enlinea.com.ar\/wp-content\/uploads\/2025\/06\/D_839695-MLA49696778021_042022-F-150x150.jpg",150,150,true],"medium":["https:\/\/rms-enlinea.com.ar\/wp-content\/uploads\/2025\/06\/D_839695-MLA49696778021_042022-F-300x199.jpg",300,199,true],"medium_large":["https:\/\/rms-enlinea.com.ar\/wp-content\/uploads\/2025\/06\/D_839695-MLA49696778021_042022-F.jpg",659,437,false],"large":["https:\/\/rms-enlinea.com.ar\/wp-content\/uploads\/2025\/06\/D_839695-MLA49696778021_042022-F.jpg",659,437,false],"1536x1536":["https:\/\/rms-enlinea.com.ar\/wp-content\/uploads\/2025\/06\/D_839695-MLA49696778021_042022-F.jpg",659,437,false],"2048x2048":["https:\/\/rms-enlinea.com.ar\/wp-content\/uploads\/2025\/06\/D_839695-MLA49696778021_042022-F.jpg",659,437,false],"woocommerce_thumbnail":["https:\/\/rms-enlinea.com.ar\/wp-content\/uploads\/2025\/06\/D_839695-MLA49696778021_042022-F-450x437.jpg",450,437,true],"woocommerce_single":["https:\/\/rms-enlinea.com.ar\/wp-content\/uploads\/2025\/06\/D_839695-MLA49696778021_042022-F-600x398.jpg",600,398,true],"woocommerce_gallery_thumbnail":["https:\/\/rms-enlinea.com.ar\/wp-content\/uploads\/2025\/06\/D_839695-MLA49696778021_042022-F-100x100.jpg",100,100,true]},"uagb_author_info":{"display_name":"l0071054","author_link":"https:\/\/rms-enlinea.com.ar\/tienda\/author\/"},"uagb_comment_info":0,"uagb_excerpt":"DESCRIPCI\u00d3N:LONGITUD DEL CABLE:1.5MCONECTOR: 3.5MMELEMENTO: CONDENSADOR ELECTETPATR\u00d3N POLAR: CARDIOIDERANGO DE FRECUENCIA: 50HZ-17,000HZMAX SPL: 130 5DB SPLIMPEDANCIA: 1,500 OHMS +\/\u2022 30% (A 1 KHZ)RELACI\u00d3N SE\u00d1AL-RUIDO: TBDENTRADA M\u00c1XIMA SPL: 28DB","_links":{"self":[{"href":"https:\/\/rms-enlinea.com.ar\/tienda\/wp-json\/wp\/v2\/product\/18254","targetHints":{"allow":["GET"]}}],"collection":[{"href":"https:\/\/rms-enlinea.com.ar\/tienda\/wp-json\/wp\/v2\/product"}],"about":[{"href":"https:\/\/rms-enlinea.com.ar\/tienda\/wp-json\/wp\/v2\/types\/product"}],"replies":[{"embeddable":true,"href":"https:\/\/rms-enlinea.com.ar\/tienda\/wp-json\/wp\/v2\/comments?post=18254"}],"wp:featuredmedia":[{"embeddable":true,"href":"https:\/\/rms-enlinea.com.ar\/tienda\/wp-json\/wp\/v2\/media\/18255"}],"wp:attachment":[{"href":"https:\/\/rms-enlinea.com.ar\/tienda\/wp-json\/wp\/v2\/media?parent=18254"}],"wp:term":[{"taxonomy":"product_brand","embeddable":true,"href":"https:\/\/rms-enlinea.com.ar\/tienda\/wp-json\/wp\/v2\/product_brand?post=18254"},{"taxonomy":"product_cat","embeddable":true,"href":"https:\/\/rms-enlinea.com.ar\/tienda\/wp-json\/wp\/v2\/product_cat?post=18254"},{"taxonomy":"product_tag","embeddable":true,"href":"https:\/\/rms-enlinea.com.ar\/tienda\/wp-json\/wp\/v2\/product_tag?post=18254"}],"curies":[{"name":"wp","href":"https:\/\/api.w.org\/{rel}","templated":true}]}}