{"id":18339,"date":"2025-06-12T08:07:36","date_gmt":"2025-06-12T11:07:36","guid":{"rendered":"https:\/\/rms-enlinea.com.ar\/tienda\/producto\/microfono-condenser-vientos-conexion-bodypack-jts-cx-508w\/"},"modified":"2026-04-02T17:25:22","modified_gmt":"2026-04-02T20:25:22","slug":"microfono-condenser-vientos-conexion-bodypack-jts-cx-508w","status":"publish","type":"product","link":"https:\/\/rms-enlinea.com.ar\/tienda\/producto\/microfono-condenser-vientos-conexion-bodypack-jts-cx-508w\/","title":{"rendered":"Microfono Condenser Vientos Conexion Bodypack Jts Cx-508w"},"content":{"rendered":"<p>CARACTER\u00cdSTICAS T\u00c9CNICAS<br \/>Conector Mini XLR de 4 pines <br \/>Respuesta en frecuencia 50 18,000 Hz <br \/>Patr\u00f3n polar cardioide <br \/>Requisitos de alimentaci\u00f3n phantom 3-5 VDC <br \/>Accesorios est\u00e1ndar Parabrisas<\/p>\n","protected":false},"excerpt":{"rendered":"<p>CARACTER\u00cdSTICAS T\u00c9CNICASConector Mini XLR de 4 pines Respuesta en frecuencia 50 18,000 Hz Patr\u00f3n polar cardioide Requisitos de alimentaci\u00f3n phantom 3-5 VDC Accesorios est\u00e1ndar Parabrisas<\/p>\n","protected":false},"featured_media":18340,"comment_status":"open","ping_status":"closed","template":"","meta":{"_uag_custom_page_level_css":""},"product_brand":[],"product_cat":[75],"product_tag":[],"class_list":{"0":"post-18339","1":"product","2":"type-product","3":"status-publish","4":"has-post-thumbnail","6":"product_cat-microfonos","8":"first","9":"outofstock","10":"sale","11":"taxable","12":"shipping-taxable","13":"purchasable","14":"product-type-simple"},"uagb_featured_image_src":{"full":["https:\/\/rms-enlinea.com.ar\/wp-content\/uploads\/2025\/06\/D_609344-MLA79102900014_092024-F.jpg",611,1200,false],"thumbnail":["https:\/\/rms-enlinea.com.ar\/wp-content\/uploads\/2025\/06\/D_609344-MLA79102900014_092024-F-150x150.jpg",150,150,true],"medium":["https:\/\/rms-enlinea.com.ar\/wp-content\/uploads\/2025\/06\/D_609344-MLA79102900014_092024-F-153x300.jpg",153,300,true],"medium_large":["https:\/\/rms-enlinea.com.ar\/wp-content\/uploads\/2025\/06\/D_609344-MLA79102900014_092024-F.jpg",611,1200,false],"large":["https:\/\/rms-enlinea.com.ar\/wp-content\/uploads\/2025\/06\/D_609344-MLA79102900014_092024-F-521x1024.jpg",521,1024,true],"1536x1536":["https:\/\/rms-enlinea.com.ar\/wp-content\/uploads\/2025\/06\/D_609344-MLA79102900014_092024-F.jpg",611,1200,false],"2048x2048":["https:\/\/rms-enlinea.com.ar\/wp-content\/uploads\/2025\/06\/D_609344-MLA79102900014_092024-F.jpg",611,1200,false],"woocommerce_thumbnail":["https:\/\/rms-enlinea.com.ar\/wp-content\/uploads\/2025\/06\/D_609344-MLA79102900014_092024-F-450x450.jpg",450,450,true],"woocommerce_single":["https:\/\/rms-enlinea.com.ar\/wp-content\/uploads\/2025\/06\/D_609344-MLA79102900014_092024-F-600x1178.jpg",600,1178,true],"woocommerce_gallery_thumbnail":["https:\/\/rms-enlinea.com.ar\/wp-content\/uploads\/2025\/06\/D_609344-MLA79102900014_092024-F-100x100.jpg",100,100,true]},"uagb_author_info":{"display_name":"l0071054","author_link":"https:\/\/rms-enlinea.com.ar\/tienda\/author\/"},"uagb_comment_info":0,"uagb_excerpt":"CARACTER\u00cdSTICAS T\u00c9CNICASConector Mini XLR de 4 pines Respuesta en frecuencia 50 18,000 Hz Patr\u00f3n polar cardioide Requisitos de alimentaci\u00f3n phantom 3-5 VDC Accesorios est\u00e1ndar Parabrisas","_links":{"self":[{"href":"https:\/\/rms-enlinea.com.ar\/tienda\/wp-json\/wp\/v2\/product\/18339","targetHints":{"allow":["GET"]}}],"collection":[{"href":"https:\/\/rms-enlinea.com.ar\/tienda\/wp-json\/wp\/v2\/product"}],"about":[{"href":"https:\/\/rms-enlinea.com.ar\/tienda\/wp-json\/wp\/v2\/types\/product"}],"replies":[{"embeddable":true,"href":"https:\/\/rms-enlinea.com.ar\/tienda\/wp-json\/wp\/v2\/comments?post=18339"}],"wp:featuredmedia":[{"embeddable":true,"href":"https:\/\/rms-enlinea.com.ar\/tienda\/wp-json\/wp\/v2\/media\/18340"}],"wp:attachment":[{"href":"https:\/\/rms-enlinea.com.ar\/tienda\/wp-json\/wp\/v2\/media?parent=18339"}],"wp:term":[{"taxonomy":"product_brand","embeddable":true,"href":"https:\/\/rms-enlinea.com.ar\/tienda\/wp-json\/wp\/v2\/product_brand?post=18339"},{"taxonomy":"product_cat","embeddable":true,"href":"https:\/\/rms-enlinea.com.ar\/tienda\/wp-json\/wp\/v2\/product_cat?post=18339"},{"taxonomy":"product_tag","embeddable":true,"href":"https:\/\/rms-enlinea.com.ar\/tienda\/wp-json\/wp\/v2\/product_tag?post=18339"}],"curies":[{"name":"wp","href":"https:\/\/api.w.org\/{rel}","templated":true}]}}