{"id":18510,"date":"2025-06-12T08:11:44","date_gmt":"2025-06-12T11:11:44","guid":{"rendered":"https:\/\/rms-enlinea.com.ar\/tienda\/producto\/microfono-de-mano-vhf-doble-takstar-ts-2200\/"},"modified":"2026-04-21T06:33:10","modified_gmt":"2026-04-21T09:33:10","slug":"microfono-de-mano-vhf-doble-takstar-ts-2200","status":"publish","type":"product","link":"https:\/\/rms-enlinea.com.ar\/tienda\/producto\/microfono-de-mano-vhf-doble-takstar-ts-2200\/","title":{"rendered":"Microfono De Mano Vhf Doble Takstar Ts-2200"},"content":{"rendered":"<p>CARACTERISTICAS <br \/>BANDA DE FRECUENCIA VHF PARA RECEPCI\u00d3N LIBRE DE INTERFERENCIAS<br \/>ALTA FRECUENCIA DE BANDA ESTRECHA Y -FRECUENCIA CON FILTRO DE SELECCI\u00d3N, ACLARAR LA INTERFERENCIA DEL HASH<br \/>CIRCUITOS ALC EVITA LA DISTORSI\u00d3N DE SALIDA INCLUSO EL VOLUMEN ES ALTO<br \/>INDICADOR LED DE ALIMENTACI\u00d3N DE AVISO DE BAJA ENERG\u00cdA DE LA BATER\u00cdA EN EL MICR\u00d3FONO DE MANO<br \/>CARACTER\u00cdSTICAS DEL TRANSMISOR DE CONMUTACI\u00d3N DE CIRCUITO ELIMINACI\u00d3N ONDA DE CHOQUE RUIDO<br \/>CIRCUITO DE OSCILACI\u00d3N DE CUARZO PURO PARA UN RENDIMIENTO ESTABLE DE FRECUENCIA<br \/>T\u00c9CNICA DE COMPRESI\u00d3N-EXPANSI\u00d3N AUDIO REDUCE EL RUIDO Y AUMENTA EL RANGO DIN\u00c1MICO<br \/>LA RETROALIMENTACI\u00d3N AC\u00daSTICA CIRCUITOS DE RECHAZO REDUCE EFICAZMENTE EL AULLIDO<br \/>LA SALIDA MIXTA (6,3 MM) PARA UNA CONEXI\u00d3N APROPIADA CON LA CONSOLA MEZCLADORA O AMPLIFICADOR DE KARAOKE<\/p>\n<p>TIPOS DE USO <br \/>DISCURSOS P\u00daBLICOS, KARAOKE<\/p>\n<p>ESPECIFICACI\u00d3NES <br \/>CONTROL DE SILENCIAMIENTO: BLOQUEO DE RUIDO<br \/>DESVIACI\u00d3N DE FRECUENCIA: \u00b1 15KHZ<br \/>RESPUESTA DE FRECUENCIA: 60HZ-15KHZ<br \/>ESTABLE DE FRECUENCIA: \u00b1 0,005%<br \/>S \/ N RATIO:> 80DB <br \/>DISTORSI\u00d3N ARM\u00d3NICA TOTAL: <0,5% (1 KHZ)<br \/>N\u00daMERO DE CANALES: 2 CANALES<br \/>SENSIBILIDAD: -80DBM<br \/>RANGO DE FUNCIONAMIENTO: 35M<br \/>RECEPTOR FUENTE DE ALIMENTACI\u00d3N: DC EXTERNA 12V \/ 300MA <br \/>TRANSMISOR FUENTE DE ALIMENTACI\u00d3N: BATER\u00cdA DE 9V<br \/>POTENCIA DE TRANSMISI\u00d3N: <10 MW<br \/>RANGO DE FRECUENCIA: 220MHZ-270MHZ<br \/>TIPO DE SALIDA: SALIDA MEZCLADA<\/p>\n<p>CONTENIDO DEL PRODUCTO <br \/>TS-2200 RECEPTOR 1 PC<br \/>TS-2200 TRANSMISOR 2PCS<br \/>1PC ADAPTADOR DE CORRIENTE<br \/>CONEXI\u00d3N DEL CABLE DE AUDIO 1PC<\/p>\n","protected":false},"excerpt":{"rendered":"<p>CARACTERISTICAS BANDA DE FRECUENCIA VHF PARA RECEPCI\u00d3N LIBRE DE INTERFERENCIASALTA FRECUENCIA DE BANDA ESTRECHA Y -FRECUENCIA CON FILTRO DE SELECCI\u00d3N, ACLARAR LA INTERFERENCIA DEL HASHCIRCUITOS ALC EVITA LA DISTORSI\u00d3N DE SALIDA INCLUSO EL VOLUMEN ES ALTOINDICADOR LED DE ALIMENTACI\u00d3N DE AVISO DE BAJA ENERG\u00cdA DE LA BATER\u00cdA EN EL MICR\u00d3FONO DE MANOCARACTER\u00cdSTICAS DEL TRANSMISOR DE [&hellip;]<\/p>\n","protected":false},"featured_media":18511,"comment_status":"open","ping_status":"closed","template":"","meta":{"_uag_custom_page_level_css":""},"product_brand":[],"product_cat":[75],"product_tag":[],"class_list":{"0":"post-18510","1":"product","2":"type-product","3":"status-publish","4":"has-post-thumbnail","6":"product_cat-microfonos","8":"first","9":"outofstock","10":"sale","11":"taxable","12":"shipping-taxable","13":"purchasable","14":"product-type-simple"},"uagb_featured_image_src":{"full":["https:\/\/rms-enlinea.com.ar\/wp-content\/uploads\/2025\/06\/D_637966-MLA44285118177_122020-F.jpg",793,860,false],"thumbnail":["https:\/\/rms-enlinea.com.ar\/wp-content\/uploads\/2025\/06\/D_637966-MLA44285118177_122020-F-150x150.jpg",150,150,true],"medium":["https:\/\/rms-enlinea.com.ar\/wp-content\/uploads\/2025\/06\/D_637966-MLA44285118177_122020-F-277x300.jpg",277,300,true],"medium_large":["https:\/\/rms-enlinea.com.ar\/wp-content\/uploads\/2025\/06\/D_637966-MLA44285118177_122020-F-768x833.jpg",768,833,true],"large":["https:\/\/rms-enlinea.com.ar\/wp-content\/uploads\/2025\/06\/D_637966-MLA44285118177_122020-F.jpg",793,860,false],"1536x1536":["https:\/\/rms-enlinea.com.ar\/wp-content\/uploads\/2025\/06\/D_637966-MLA44285118177_122020-F.jpg",793,860,false],"2048x2048":["https:\/\/rms-enlinea.com.ar\/wp-content\/uploads\/2025\/06\/D_637966-MLA44285118177_122020-F.jpg",793,860,false],"woocommerce_thumbnail":["https:\/\/rms-enlinea.com.ar\/wp-content\/uploads\/2025\/06\/D_637966-MLA44285118177_122020-F-450x450.jpg",450,450,true],"woocommerce_single":["https:\/\/rms-enlinea.com.ar\/wp-content\/uploads\/2025\/06\/D_637966-MLA44285118177_122020-F-600x651.jpg",600,651,true],"woocommerce_gallery_thumbnail":["https:\/\/rms-enlinea.com.ar\/wp-content\/uploads\/2025\/06\/D_637966-MLA44285118177_122020-F-100x100.jpg",100,100,true]},"uagb_author_info":{"display_name":"l0071054","author_link":"https:\/\/rms-enlinea.com.ar\/tienda\/author\/"},"uagb_comment_info":0,"uagb_excerpt":"CARACTERISTICAS BANDA DE FRECUENCIA VHF PARA RECEPCI\u00d3N LIBRE DE INTERFERENCIASALTA FRECUENCIA DE BANDA ESTRECHA Y -FRECUENCIA CON FILTRO DE SELECCI\u00d3N, ACLARAR LA INTERFERENCIA DEL HASHCIRCUITOS ALC EVITA LA DISTORSI\u00d3N DE SALIDA INCLUSO EL VOLUMEN ES ALTOINDICADOR LED DE ALIMENTACI\u00d3N DE AVISO DE BAJA ENERG\u00cdA DE LA BATER\u00cdA EN EL MICR\u00d3FONO DE MANOCARACTER\u00cdSTICAS DEL TRANSMISOR DE&hellip;","_links":{"self":[{"href":"https:\/\/rms-enlinea.com.ar\/tienda\/wp-json\/wp\/v2\/product\/18510","targetHints":{"allow":["GET"]}}],"collection":[{"href":"https:\/\/rms-enlinea.com.ar\/tienda\/wp-json\/wp\/v2\/product"}],"about":[{"href":"https:\/\/rms-enlinea.com.ar\/tienda\/wp-json\/wp\/v2\/types\/product"}],"replies":[{"embeddable":true,"href":"https:\/\/rms-enlinea.com.ar\/tienda\/wp-json\/wp\/v2\/comments?post=18510"}],"wp:featuredmedia":[{"embeddable":true,"href":"https:\/\/rms-enlinea.com.ar\/tienda\/wp-json\/wp\/v2\/media\/18511"}],"wp:attachment":[{"href":"https:\/\/rms-enlinea.com.ar\/tienda\/wp-json\/wp\/v2\/media?parent=18510"}],"wp:term":[{"taxonomy":"product_brand","embeddable":true,"href":"https:\/\/rms-enlinea.com.ar\/tienda\/wp-json\/wp\/v2\/product_brand?post=18510"},{"taxonomy":"product_cat","embeddable":true,"href":"https:\/\/rms-enlinea.com.ar\/tienda\/wp-json\/wp\/v2\/product_cat?post=18510"},{"taxonomy":"product_tag","embeddable":true,"href":"https:\/\/rms-enlinea.com.ar\/tienda\/wp-json\/wp\/v2\/product_tag?post=18510"}],"curies":[{"name":"wp","href":"https:\/\/api.w.org\/{rel}","templated":true}]}}