{"id":18557,"date":"2025-06-12T08:12:49","date_gmt":"2025-06-12T11:12:49","guid":{"rendered":"https:\/\/rms-enlinea.com.ar\/tienda\/producto\/mouse-gamer-razer-deathadder-essential-ergonomic-6400-dpi\/"},"modified":"2026-04-06T13:46:00","modified_gmt":"2026-04-06T16:46:00","slug":"mouse-gamer-razer-deathadder-essential-ergonomic-6400-dpi","status":"publish","type":"product","link":"https:\/\/rms-enlinea.com.ar\/tienda\/producto\/mouse-gamer-razer-deathadder-essential-ergonomic-6400-dpi\/","title":{"rendered":"Mouse Gamer Razer Deathadder Essential Ergonomic 6400 Dpi"},"content":{"rendered":"<p>Desde 2005 Razer es la marca l\u00edder de estilo de vida para jugadores. Ha dise\u00f1ado y construido el ecosistema de hardware, software y servicios m\u00e1s grande del mundo. La ubicaci\u00f3n de cada bot\u00f3n y curva de los mouses Razer se crearon para adaptarse perfectamente a tu mano. Gracias a estos dispositivos, conseguir\u00e1s una experiencia de juego c\u00f3moda y placentera.<\/p>\n<p>Adaptado a tus movimientos<br \/>El mouse de juego te ofrecer\u00e1 la posibilidad de marcar la diferencia y sacar ventajas en tus partidas. Su conectividad y sensor suave ayudar\u00e1 a que te desplaces r\u00e1pido por la pantalla.<\/p>\n<p>La funcionalidad al alcance de tu mano<br \/>El sistema de detecci\u00f3n de movimiento \u00f3ptico te permitir\u00e1 mover el cursor de una manera m\u00e1s precisa y sensible que en los sistemas tradicionales.<\/p>\n<p>Plug And Play<br \/>Solo deb\u00e9s colocar el receptor en un puerto USB de la computadora y ya pod\u00e9s empezar a usarlo. No hace falta emparejar el mouse ni descargar software para utilizarlo.<\/p>\n<p>Apto para f\u00e1cil traslado<br \/>Naveg\u00e1 r\u00e1pidamente por documentos y p\u00e1ginas web gracias su dise\u00f1o ultra delgado, ergon\u00f3mico, liviano y conveniente para llevar a donde quieras o viajar.<\/p>\n","protected":false},"excerpt":{"rendered":"<p>Desde 2005 Razer es la marca l\u00edder de estilo de vida para jugadores. Ha dise\u00f1ado y construido el ecosistema de hardware, software y servicios m\u00e1s grande del mundo. La ubicaci\u00f3n de cada bot\u00f3n y curva de los mouses Razer se crearon para adaptarse perfectamente a tu mano. Gracias a estos dispositivos, conseguir\u00e1s una experiencia de [&hellip;]<\/p>\n","protected":false},"featured_media":18558,"comment_status":"open","ping_status":"closed","template":"","meta":{"_uag_custom_page_level_css":""},"product_brand":[559],"product_cat":[125],"product_tag":[],"class_list":{"0":"post-18557","1":"product","2":"type-product","3":"status-publish","4":"has-post-thumbnail","6":"product_brand-razer","7":"product_cat-teclados-y-mouses","9":"first","10":"outofstock","11":"sale","12":"taxable","13":"shipping-taxable","14":"purchasable","15":"product-type-simple"},"uagb_featured_image_src":{"full":["https:\/\/rms-enlinea.com.ar\/wp-content\/uploads\/2025\/06\/D_766114-MLU72538610746_112023-F.jpg",589,1200,false],"thumbnail":["https:\/\/rms-enlinea.com.ar\/wp-content\/uploads\/2025\/06\/D_766114-MLU72538610746_112023-F-150x150.jpg",150,150,true],"medium":["https:\/\/rms-enlinea.com.ar\/wp-content\/uploads\/2025\/06\/D_766114-MLU72538610746_112023-F-147x300.jpg",147,300,true],"medium_large":["https:\/\/rms-enlinea.com.ar\/wp-content\/uploads\/2025\/06\/D_766114-MLU72538610746_112023-F.jpg",589,1200,false],"large":["https:\/\/rms-enlinea.com.ar\/wp-content\/uploads\/2025\/06\/D_766114-MLU72538610746_112023-F-503x1024.jpg",503,1024,true],"1536x1536":["https:\/\/rms-enlinea.com.ar\/wp-content\/uploads\/2025\/06\/D_766114-MLU72538610746_112023-F.jpg",589,1200,false],"2048x2048":["https:\/\/rms-enlinea.com.ar\/wp-content\/uploads\/2025\/06\/D_766114-MLU72538610746_112023-F.jpg",589,1200,false],"woocommerce_thumbnail":["https:\/\/rms-enlinea.com.ar\/wp-content\/uploads\/2025\/06\/D_766114-MLU72538610746_112023-F-450x450.jpg",450,450,true],"woocommerce_single":["https:\/\/rms-enlinea.com.ar\/wp-content\/uploads\/2025\/06\/D_766114-MLU72538610746_112023-F.jpg",589,1200,false],"woocommerce_gallery_thumbnail":["https:\/\/rms-enlinea.com.ar\/wp-content\/uploads\/2025\/06\/D_766114-MLU72538610746_112023-F-100x100.jpg",100,100,true]},"uagb_author_info":{"display_name":"l0071054","author_link":"https:\/\/rms-enlinea.com.ar\/tienda\/author\/"},"uagb_comment_info":0,"uagb_excerpt":"Desde 2005 Razer es la marca l\u00edder de estilo de vida para jugadores. Ha dise\u00f1ado y construido el ecosistema de hardware, software y servicios m\u00e1s grande del mundo. La ubicaci\u00f3n de cada bot\u00f3n y curva de los mouses Razer se crearon para adaptarse perfectamente a tu mano. Gracias a estos dispositivos, conseguir\u00e1s una experiencia de&hellip;","_links":{"self":[{"href":"https:\/\/rms-enlinea.com.ar\/tienda\/wp-json\/wp\/v2\/product\/18557","targetHints":{"allow":["GET"]}}],"collection":[{"href":"https:\/\/rms-enlinea.com.ar\/tienda\/wp-json\/wp\/v2\/product"}],"about":[{"href":"https:\/\/rms-enlinea.com.ar\/tienda\/wp-json\/wp\/v2\/types\/product"}],"replies":[{"embeddable":true,"href":"https:\/\/rms-enlinea.com.ar\/tienda\/wp-json\/wp\/v2\/comments?post=18557"}],"wp:featuredmedia":[{"embeddable":true,"href":"https:\/\/rms-enlinea.com.ar\/tienda\/wp-json\/wp\/v2\/media\/18558"}],"wp:attachment":[{"href":"https:\/\/rms-enlinea.com.ar\/tienda\/wp-json\/wp\/v2\/media?parent=18557"}],"wp:term":[{"taxonomy":"product_brand","embeddable":true,"href":"https:\/\/rms-enlinea.com.ar\/tienda\/wp-json\/wp\/v2\/product_brand?post=18557"},{"taxonomy":"product_cat","embeddable":true,"href":"https:\/\/rms-enlinea.com.ar\/tienda\/wp-json\/wp\/v2\/product_cat?post=18557"},{"taxonomy":"product_tag","embeddable":true,"href":"https:\/\/rms-enlinea.com.ar\/tienda\/wp-json\/wp\/v2\/product_tag?post=18557"}],"curies":[{"name":"wp","href":"https:\/\/api.w.org\/{rel}","templated":true}]}}