{"id":19744,"date":"2025-06-12T08:41:52","date_gmt":"2025-06-12T11:41:52","guid":{"rendered":"https:\/\/rms-enlinea.com.ar\/tienda\/producto\/cierre-de-embutir-mariposa-rack-anvil-adam-hall-17251s\/"},"modified":"2026-04-16T10:20:12","modified_gmt":"2026-04-16T13:20:12","slug":"cierre-de-embutir-mariposa-rack-anvil-adam-hall-17251s","status":"publish","type":"product","link":"https:\/\/rms-enlinea.com.ar\/tienda\/producto\/cierre-de-embutir-mariposa-rack-anvil-adam-hall-17251s\/","title":{"rendered":"Cierre De Embutir Mariposa Rack Anvil Adam Hall 17251s"},"content":{"rendered":"<p>TIPO DE PRODUCTO: CIERRE DE EMBUTIR<br \/>\nTIPO: MARIPOSA<br \/>\nMATERIAL: ACERO<br \/>\nSUPERFICIE: GALVANIZADO<br \/>\nORIFICIOS DE MONTAJE: 5MM<br \/>\nLLAVE: NO<br \/>\nOFF SET: SI<br \/>\nPROTECCI\u00d3N REMACHADA: NO<br \/>\nCON RESORTE: S\u00cd<br \/>\nFUNCI\u00d3N PUSH-FLAT: NO<\/p>\n","protected":false},"excerpt":{"rendered":"<p>TIPO DE PRODUCTO: CIERRE DE EMBUTIR TIPO: MARIPOSA MATERIAL: ACERO SUPERFICIE: GALVANIZADO ORIFICIOS DE MONTAJE: 5MM LLAVE: NO OFF SET: SI PROTECCI\u00d3N REMACHADA: NO CON RESORTE: S\u00cd FUNCI\u00d3N PUSH-FLAT: NO<\/p>\n","protected":false},"featured_media":19745,"comment_status":"open","ping_status":"closed","template":"","meta":{"_uag_custom_page_level_css":""},"product_brand":[674],"product_cat":[39],"product_tag":[],"class_list":{"0":"post-19744","1":"product","2":"type-product","3":"status-publish","4":"has-post-thumbnail","6":"product_brand-adamhall","7":"product_cat-cierres","9":"first","10":"outofstock","11":"sale","12":"taxable","13":"shipping-taxable","14":"purchasable","15":"product-type-simple"},"uagb_featured_image_src":{"full":["https:\/\/rms-enlinea.com.ar\/wp-content\/uploads\/2025\/06\/D_915218-MLA46234250945_062021-F.jpg",708,1040,false],"thumbnail":["https:\/\/rms-enlinea.com.ar\/wp-content\/uploads\/2025\/06\/D_915218-MLA46234250945_062021-F-150x150.jpg",150,150,true],"medium":["https:\/\/rms-enlinea.com.ar\/wp-content\/uploads\/2025\/06\/D_915218-MLA46234250945_062021-F-204x300.jpg",204,300,true],"medium_large":["https:\/\/rms-enlinea.com.ar\/wp-content\/uploads\/2025\/06\/D_915218-MLA46234250945_062021-F.jpg",708,1040,false],"large":["https:\/\/rms-enlinea.com.ar\/wp-content\/uploads\/2025\/06\/D_915218-MLA46234250945_062021-F-697x1024.jpg",697,1024,true],"1536x1536":["https:\/\/rms-enlinea.com.ar\/wp-content\/uploads\/2025\/06\/D_915218-MLA46234250945_062021-F.jpg",708,1040,false],"2048x2048":["https:\/\/rms-enlinea.com.ar\/wp-content\/uploads\/2025\/06\/D_915218-MLA46234250945_062021-F.jpg",708,1040,false],"woocommerce_thumbnail":["https:\/\/rms-enlinea.com.ar\/wp-content\/uploads\/2025\/06\/D_915218-MLA46234250945_062021-F-450x450.jpg",450,450,true],"woocommerce_single":["https:\/\/rms-enlinea.com.ar\/wp-content\/uploads\/2025\/06\/D_915218-MLA46234250945_062021-F-600x881.jpg",600,881,true],"woocommerce_gallery_thumbnail":["https:\/\/rms-enlinea.com.ar\/wp-content\/uploads\/2025\/06\/D_915218-MLA46234250945_062021-F-100x100.jpg",100,100,true]},"uagb_author_info":{"display_name":"l0071054","author_link":"https:\/\/rms-enlinea.com.ar\/tienda\/author\/"},"uagb_comment_info":0,"uagb_excerpt":"TIPO DE PRODUCTO: CIERRE DE EMBUTIR TIPO: MARIPOSA MATERIAL: ACERO SUPERFICIE: GALVANIZADO ORIFICIOS DE MONTAJE: 5MM LLAVE: NO OFF SET: SI PROTECCI\u00d3N REMACHADA: NO CON RESORTE: S\u00cd FUNCI\u00d3N PUSH-FLAT: NO","_links":{"self":[{"href":"https:\/\/rms-enlinea.com.ar\/tienda\/wp-json\/wp\/v2\/product\/19744","targetHints":{"allow":["GET"]}}],"collection":[{"href":"https:\/\/rms-enlinea.com.ar\/tienda\/wp-json\/wp\/v2\/product"}],"about":[{"href":"https:\/\/rms-enlinea.com.ar\/tienda\/wp-json\/wp\/v2\/types\/product"}],"replies":[{"embeddable":true,"href":"https:\/\/rms-enlinea.com.ar\/tienda\/wp-json\/wp\/v2\/comments?post=19744"}],"wp:featuredmedia":[{"embeddable":true,"href":"https:\/\/rms-enlinea.com.ar\/tienda\/wp-json\/wp\/v2\/media\/19745"}],"wp:attachment":[{"href":"https:\/\/rms-enlinea.com.ar\/tienda\/wp-json\/wp\/v2\/media?parent=19744"}],"wp:term":[{"taxonomy":"product_brand","embeddable":true,"href":"https:\/\/rms-enlinea.com.ar\/tienda\/wp-json\/wp\/v2\/product_brand?post=19744"},{"taxonomy":"product_cat","embeddable":true,"href":"https:\/\/rms-enlinea.com.ar\/tienda\/wp-json\/wp\/v2\/product_cat?post=19744"},{"taxonomy":"product_tag","embeddable":true,"href":"https:\/\/rms-enlinea.com.ar\/tienda\/wp-json\/wp\/v2\/product_tag?post=19744"}],"curies":[{"name":"wp","href":"https:\/\/api.w.org\/{rel}","templated":true}]}}