{"id":19803,"date":"2025-06-12T08:43:28","date_gmt":"2025-06-12T11:43:28","guid":{"rendered":"https:\/\/rms-enlinea.com.ar\/tienda\/producto\/microfono-para-percusion-cardioide-jts-nx-6\/"},"modified":"2026-04-04T18:36:59","modified_gmt":"2026-04-04T21:36:59","slug":"microfono-para-percusion-cardioide-jts-nx-6","status":"publish","type":"product","link":"https:\/\/rms-enlinea.com.ar\/tienda\/producto\/microfono-para-percusion-cardioide-jts-nx-6\/","title":{"rendered":"Microfono Para Percusion Cardioide Jts Nx-6"},"content":{"rendered":"<p>TIPO DE PRODUCTO: MICROFONO <br \/>USO: PARA INSTRUMENTO<br \/>TIPO DE MICROFONO: DINAMICO <br \/>RESPUESTA FRECUENCIA: 60-16.000 HZ<br \/>PATR\u00d3N POLAR: CARDIOIDE, ROTACIONALMENTE SIM\u00c9TRICO SOBRE EL EJE DEL MICR\u00d3FONO, UNIFORME CON FRECUENCIA<br \/>SENSIBILIDAD (A 1.000HZ): -72DB * (0.25MV) * 0DB = 1V \/ \u00bfBAR<br \/>IMPEDANCIA: 600 OHMS<br \/>CONECTOR: XLR MACHO <br \/>CUERPO DE METAL FUNDIDO A PRESI\u00d3N PINTADO EN ESMALTE CON REJILLA DE ACERO ENDURECIDO Y ACABADO MATE INTEGRAL<br \/>PESO NETO: 610 GRAMOS<\/p>\n","protected":false},"excerpt":{"rendered":"<p>TIPO DE PRODUCTO: MICROFONO USO: PARA INSTRUMENTOTIPO DE MICROFONO: DINAMICO RESPUESTA FRECUENCIA: 60-16.000 HZPATR\u00d3N POLAR: CARDIOIDE, ROTACIONALMENTE SIM\u00c9TRICO SOBRE EL EJE DEL MICR\u00d3FONO, UNIFORME CON FRECUENCIASENSIBILIDAD (A 1.000HZ): -72DB * (0.25MV) * 0DB = 1V \/ \u00bfBARIMPEDANCIA: 600 OHMSCONECTOR: XLR MACHO CUERPO DE METAL FUNDIDO A PRESI\u00d3N PINTADO EN ESMALTE CON REJILLA DE ACERO ENDURECIDO [&hellip;]<\/p>\n","protected":false},"featured_media":19804,"comment_status":"open","ping_status":"closed","template":"","meta":{"_uag_custom_page_level_css":""},"product_brand":[488],"product_cat":[75],"product_tag":[],"class_list":{"0":"post-19803","1":"product","2":"type-product","3":"status-publish","4":"has-post-thumbnail","6":"product_brand-jts","7":"product_cat-microfonos","9":"first","10":"outofstock","11":"sale","12":"taxable","13":"shipping-taxable","14":"purchasable","15":"product-type-simple"},"uagb_featured_image_src":{"full":["https:\/\/rms-enlinea.com.ar\/wp-content\/uploads\/2025\/06\/D_677893-MLA27733728707_072018-F.jpg",500,500,false],"thumbnail":["https:\/\/rms-enlinea.com.ar\/wp-content\/uploads\/2025\/06\/D_677893-MLA27733728707_072018-F-150x150.jpg",150,150,true],"medium":["https:\/\/rms-enlinea.com.ar\/wp-content\/uploads\/2025\/06\/D_677893-MLA27733728707_072018-F-300x300.jpg",300,300,true],"medium_large":["https:\/\/rms-enlinea.com.ar\/wp-content\/uploads\/2025\/06\/D_677893-MLA27733728707_072018-F.jpg",500,500,false],"large":["https:\/\/rms-enlinea.com.ar\/wp-content\/uploads\/2025\/06\/D_677893-MLA27733728707_072018-F.jpg",500,500,false],"1536x1536":["https:\/\/rms-enlinea.com.ar\/wp-content\/uploads\/2025\/06\/D_677893-MLA27733728707_072018-F.jpg",500,500,false],"2048x2048":["https:\/\/rms-enlinea.com.ar\/wp-content\/uploads\/2025\/06\/D_677893-MLA27733728707_072018-F.jpg",500,500,false],"woocommerce_thumbnail":["https:\/\/rms-enlinea.com.ar\/wp-content\/uploads\/2025\/06\/D_677893-MLA27733728707_072018-F-450x450.jpg",450,450,true],"woocommerce_single":["https:\/\/rms-enlinea.com.ar\/wp-content\/uploads\/2025\/06\/D_677893-MLA27733728707_072018-F.jpg",500,500,false],"woocommerce_gallery_thumbnail":["https:\/\/rms-enlinea.com.ar\/wp-content\/uploads\/2025\/06\/D_677893-MLA27733728707_072018-F-100x100.jpg",100,100,true]},"uagb_author_info":{"display_name":"l0071054","author_link":"https:\/\/rms-enlinea.com.ar\/tienda\/author\/"},"uagb_comment_info":0,"uagb_excerpt":"TIPO DE PRODUCTO: MICROFONO USO: PARA INSTRUMENTOTIPO DE MICROFONO: DINAMICO RESPUESTA FRECUENCIA: 60-16.000 HZPATR\u00d3N POLAR: CARDIOIDE, ROTACIONALMENTE SIM\u00c9TRICO SOBRE EL EJE DEL MICR\u00d3FONO, UNIFORME CON FRECUENCIASENSIBILIDAD (A 1.000HZ): -72DB * (0.25MV) * 0DB = 1V \/ \u00bfBARIMPEDANCIA: 600 OHMSCONECTOR: XLR MACHO CUERPO DE METAL FUNDIDO A PRESI\u00d3N PINTADO EN ESMALTE CON REJILLA DE ACERO ENDURECIDO&hellip;","_links":{"self":[{"href":"https:\/\/rms-enlinea.com.ar\/tienda\/wp-json\/wp\/v2\/product\/19803","targetHints":{"allow":["GET"]}}],"collection":[{"href":"https:\/\/rms-enlinea.com.ar\/tienda\/wp-json\/wp\/v2\/product"}],"about":[{"href":"https:\/\/rms-enlinea.com.ar\/tienda\/wp-json\/wp\/v2\/types\/product"}],"replies":[{"embeddable":true,"href":"https:\/\/rms-enlinea.com.ar\/tienda\/wp-json\/wp\/v2\/comments?post=19803"}],"wp:featuredmedia":[{"embeddable":true,"href":"https:\/\/rms-enlinea.com.ar\/tienda\/wp-json\/wp\/v2\/media\/19804"}],"wp:attachment":[{"href":"https:\/\/rms-enlinea.com.ar\/tienda\/wp-json\/wp\/v2\/media?parent=19803"}],"wp:term":[{"taxonomy":"product_brand","embeddable":true,"href":"https:\/\/rms-enlinea.com.ar\/tienda\/wp-json\/wp\/v2\/product_brand?post=19803"},{"taxonomy":"product_cat","embeddable":true,"href":"https:\/\/rms-enlinea.com.ar\/tienda\/wp-json\/wp\/v2\/product_cat?post=19803"},{"taxonomy":"product_tag","embeddable":true,"href":"https:\/\/rms-enlinea.com.ar\/tienda\/wp-json\/wp\/v2\/product_tag?post=19803"}],"curies":[{"name":"wp","href":"https:\/\/api.w.org\/{rel}","templated":true}]}}