{"id":19838,"date":"2025-06-12T08:44:16","date_gmt":"2025-06-12T11:44:16","guid":{"rendered":"https:\/\/rms-enlinea.com.ar\/tienda\/producto\/ficha-rca-macho-cable-metalico-xpro-cxp-rm\/"},"modified":"2026-04-06T13:35:51","modified_gmt":"2026-04-06T16:35:51","slug":"ficha-rca-macho-cable-metalico-xpro-cxp-rm","status":"publish","type":"product","link":"https:\/\/rms-enlinea.com.ar\/tienda\/producto\/ficha-rca-macho-cable-metalico-xpro-cxp-rm\/","title":{"rendered":"Ficha Rca Macho Cable Metalico Xpro Cxp-rm"},"content":{"rendered":"<p>TIPO DE PRODUCTO: CONECTOR DE CABLE<br \/>\nTIPO: RCA MACHO<br \/>\nN\u00daMERO DE PINES 2<br \/>\nDI\u00c1METRO DEL CABLE: 4-6 MM<br \/>\nTIPO DE CONEXI\u00d3N: SOLDADURA<br \/>\nCOLOR: PLATEADO<br \/>\nCARCASA: FUNDICION<\/p>\n","protected":false},"excerpt":{"rendered":"<p>TIPO DE PRODUCTO: CONECTOR DE CABLE TIPO: RCA MACHO N\u00daMERO DE PINES 2 DI\u00c1METRO DEL CABLE: 4-6 MM TIPO DE CONEXI\u00d3N: SOLDADURA COLOR: PLATEADO CARCASA: FUNDICION<\/p>\n","protected":false},"featured_media":19839,"comment_status":"open","ping_status":"closed","template":"","meta":{"_uag_custom_page_level_css":""},"product_brand":[472],"product_cat":[58,86],"product_tag":[],"class_list":{"0":"post-19838","1":"product","2":"type-product","3":"status-publish","4":"has-post-thumbnail","6":"product_brand-xpro","7":"product_cat-conectores-fichas-y-adaptadores","8":"product_cat-onectores-fichas-y-adaptadores","10":"first","11":"instock","12":"sale","13":"taxable","14":"shipping-taxable","15":"purchasable","16":"product-type-simple"},"uagb_featured_image_src":{"full":["https:\/\/rms-enlinea.com.ar\/wp-content\/uploads\/2025\/06\/D_925494-MLA31576383501_072019-F.jpg",710,616,false],"thumbnail":["https:\/\/rms-enlinea.com.ar\/wp-content\/uploads\/2025\/06\/D_925494-MLA31576383501_072019-F-150x150.jpg",150,150,true],"medium":["https:\/\/rms-enlinea.com.ar\/wp-content\/uploads\/2025\/06\/D_925494-MLA31576383501_072019-F-300x260.jpg",300,260,true],"medium_large":["https:\/\/rms-enlinea.com.ar\/wp-content\/uploads\/2025\/06\/D_925494-MLA31576383501_072019-F.jpg",710,616,false],"large":["https:\/\/rms-enlinea.com.ar\/wp-content\/uploads\/2025\/06\/D_925494-MLA31576383501_072019-F.jpg",710,616,false],"1536x1536":["https:\/\/rms-enlinea.com.ar\/wp-content\/uploads\/2025\/06\/D_925494-MLA31576383501_072019-F.jpg",710,616,false],"2048x2048":["https:\/\/rms-enlinea.com.ar\/wp-content\/uploads\/2025\/06\/D_925494-MLA31576383501_072019-F.jpg",710,616,false],"woocommerce_thumbnail":["https:\/\/rms-enlinea.com.ar\/wp-content\/uploads\/2025\/06\/D_925494-MLA31576383501_072019-F-450x450.jpg",450,450,true],"woocommerce_single":["https:\/\/rms-enlinea.com.ar\/wp-content\/uploads\/2025\/06\/D_925494-MLA31576383501_072019-F-600x521.jpg",600,521,true],"woocommerce_gallery_thumbnail":["https:\/\/rms-enlinea.com.ar\/wp-content\/uploads\/2025\/06\/D_925494-MLA31576383501_072019-F-100x100.jpg",100,100,true]},"uagb_author_info":{"display_name":"l0071054","author_link":"https:\/\/rms-enlinea.com.ar\/tienda\/author\/"},"uagb_comment_info":0,"uagb_excerpt":"TIPO DE PRODUCTO: CONECTOR DE CABLE TIPO: RCA MACHO N\u00daMERO DE PINES 2 DI\u00c1METRO DEL CABLE: 4-6 MM TIPO DE CONEXI\u00d3N: SOLDADURA COLOR: PLATEADO CARCASA: FUNDICION","_links":{"self":[{"href":"https:\/\/rms-enlinea.com.ar\/tienda\/wp-json\/wp\/v2\/product\/19838","targetHints":{"allow":["GET"]}}],"collection":[{"href":"https:\/\/rms-enlinea.com.ar\/tienda\/wp-json\/wp\/v2\/product"}],"about":[{"href":"https:\/\/rms-enlinea.com.ar\/tienda\/wp-json\/wp\/v2\/types\/product"}],"replies":[{"embeddable":true,"href":"https:\/\/rms-enlinea.com.ar\/tienda\/wp-json\/wp\/v2\/comments?post=19838"}],"wp:featuredmedia":[{"embeddable":true,"href":"https:\/\/rms-enlinea.com.ar\/tienda\/wp-json\/wp\/v2\/media\/19839"}],"wp:attachment":[{"href":"https:\/\/rms-enlinea.com.ar\/tienda\/wp-json\/wp\/v2\/media?parent=19838"}],"wp:term":[{"taxonomy":"product_brand","embeddable":true,"href":"https:\/\/rms-enlinea.com.ar\/tienda\/wp-json\/wp\/v2\/product_brand?post=19838"},{"taxonomy":"product_cat","embeddable":true,"href":"https:\/\/rms-enlinea.com.ar\/tienda\/wp-json\/wp\/v2\/product_cat?post=19838"},{"taxonomy":"product_tag","embeddable":true,"href":"https:\/\/rms-enlinea.com.ar\/tienda\/wp-json\/wp\/v2\/product_tag?post=19838"}],"curies":[{"name":"wp","href":"https:\/\/api.w.org\/{rel}","templated":true}]}}