{"id":19982,"date":"2025-06-12T08:47:45","date_gmt":"2025-06-12T11:47:45","guid":{"rendered":"https:\/\/rms-enlinea.com.ar\/tienda\/producto\/divisor-de-frecuencia-edl-3350hifi-wo-dr-tw-1-6-a-6-khz-700w\/"},"modified":"2026-03-31T17:25:40","modified_gmt":"2026-03-31T20:25:40","slug":"divisor-de-frecuencia-edl-3350hifi-wo-dr-tw-1-6-a-6-khz-700w","status":"publish","type":"product","link":"https:\/\/rms-enlinea.com.ar\/tienda\/producto\/divisor-de-frecuencia-edl-3350hifi-wo-dr-tw-1-6-a-6-khz-700w\/","title":{"rendered":"Divisor De Frecuencia Edl 3350hifi Wo Dr Tw 1.6 A 6 Khz 700w"},"content":{"rendered":"<p>TIPO DE PRODUCTO: DIVISOR DE FRECUENCIA<br \/>MODELO: 3350-HIFI<br \/>VIAS: 3 VIAS<br \/>OHMS: 8 OHMS<br \/>POTENCIA DE ENTRADA MAXIMA: 350W RMS \/ 700W MUSIC PROG<br \/>APLICACION: DRIVER &#8211; TWEETER Y WOOFER<br \/>CORTE DE FRECUENCIA: 1600 HZ A 6000 HZ<\/p>\n<p>IMPORTANTE: <\/p>\n<p>1- SE HACEN TRABAJOS ESPECIALES A PEDIDO.<br \/>2- LAS FOTOS SON ILUSTRATIVAS, EL DISE\u00d1O, TAMA\u00d1OS, COLOR DE LAS PLACAS Y COMPONENTES PUEDEN VARIAR, SEG\u00daN CRITERIO DEL FABRICANTE SIN VARIAR LA CALIDAD DEL PRODUCTO.<\/p>\n","protected":false},"excerpt":{"rendered":"<p>TIPO DE PRODUCTO: DIVISOR DE FRECUENCIAMODELO: 3350-HIFIVIAS: 3 VIASOHMS: 8 OHMSPOTENCIA DE ENTRADA MAXIMA: 350W RMS \/ 700W MUSIC PROGAPLICACION: DRIVER &#8211; TWEETER Y WOOFERCORTE DE FRECUENCIA: 1600 HZ A 6000 HZ IMPORTANTE: 1- SE HACEN TRABAJOS ESPECIALES A PEDIDO.2- LAS FOTOS SON ILUSTRATIVAS, EL DISE\u00d1O, TAMA\u00d1OS, COLOR DE LAS PLACAS Y COMPONENTES PUEDEN VARIAR, [&hellip;]<\/p>\n","protected":false},"featured_media":19983,"comment_status":"open","ping_status":"closed","template":"","meta":{"_uag_custom_page_level_css":""},"product_brand":[478],"product_cat":[61],"product_tag":[],"class_list":{"0":"post-19982","1":"product","2":"type-product","3":"status-publish","4":"has-post-thumbnail","6":"product_brand-edl","7":"product_cat-divisores-de-frecuencia","9":"first","10":"outofstock","11":"sale","12":"taxable","13":"shipping-taxable","14":"purchasable","15":"product-type-simple"},"uagb_featured_image_src":{"full":["https:\/\/rms-enlinea.com.ar\/wp-content\/uploads\/2025\/06\/D_758229-MLA31576390888_072019-F.jpg",1108,1108,false],"thumbnail":["https:\/\/rms-enlinea.com.ar\/wp-content\/uploads\/2025\/06\/D_758229-MLA31576390888_072019-F-150x150.jpg",150,150,true],"medium":["https:\/\/rms-enlinea.com.ar\/wp-content\/uploads\/2025\/06\/D_758229-MLA31576390888_072019-F-300x300.jpg",300,300,true],"medium_large":["https:\/\/rms-enlinea.com.ar\/wp-content\/uploads\/2025\/06\/D_758229-MLA31576390888_072019-F-768x768.jpg",768,768,true],"large":["https:\/\/rms-enlinea.com.ar\/wp-content\/uploads\/2025\/06\/D_758229-MLA31576390888_072019-F-1024x1024.jpg",1024,1024,true],"1536x1536":["https:\/\/rms-enlinea.com.ar\/wp-content\/uploads\/2025\/06\/D_758229-MLA31576390888_072019-F.jpg",1108,1108,false],"2048x2048":["https:\/\/rms-enlinea.com.ar\/wp-content\/uploads\/2025\/06\/D_758229-MLA31576390888_072019-F.jpg",1108,1108,false],"woocommerce_thumbnail":["https:\/\/rms-enlinea.com.ar\/wp-content\/uploads\/2025\/06\/D_758229-MLA31576390888_072019-F-450x450.jpg",450,450,true],"woocommerce_single":["https:\/\/rms-enlinea.com.ar\/wp-content\/uploads\/2025\/06\/D_758229-MLA31576390888_072019-F-600x600.jpg",600,600,true],"woocommerce_gallery_thumbnail":["https:\/\/rms-enlinea.com.ar\/wp-content\/uploads\/2025\/06\/D_758229-MLA31576390888_072019-F-100x100.jpg",100,100,true]},"uagb_author_info":{"display_name":"l0071054","author_link":"https:\/\/rms-enlinea.com.ar\/tienda\/author\/"},"uagb_comment_info":0,"uagb_excerpt":"TIPO DE PRODUCTO: DIVISOR DE FRECUENCIAMODELO: 3350-HIFIVIAS: 3 VIASOHMS: 8 OHMSPOTENCIA DE ENTRADA MAXIMA: 350W RMS \/ 700W MUSIC PROGAPLICACION: DRIVER &#8211; TWEETER Y WOOFERCORTE DE FRECUENCIA: 1600 HZ A 6000 HZ IMPORTANTE: 1- SE HACEN TRABAJOS ESPECIALES A PEDIDO.2- LAS FOTOS SON ILUSTRATIVAS, EL DISE\u00d1O, TAMA\u00d1OS, COLOR DE LAS PLACAS Y COMPONENTES PUEDEN VARIAR,&hellip;","_links":{"self":[{"href":"https:\/\/rms-enlinea.com.ar\/tienda\/wp-json\/wp\/v2\/product\/19982","targetHints":{"allow":["GET"]}}],"collection":[{"href":"https:\/\/rms-enlinea.com.ar\/tienda\/wp-json\/wp\/v2\/product"}],"about":[{"href":"https:\/\/rms-enlinea.com.ar\/tienda\/wp-json\/wp\/v2\/types\/product"}],"replies":[{"embeddable":true,"href":"https:\/\/rms-enlinea.com.ar\/tienda\/wp-json\/wp\/v2\/comments?post=19982"}],"wp:featuredmedia":[{"embeddable":true,"href":"https:\/\/rms-enlinea.com.ar\/tienda\/wp-json\/wp\/v2\/media\/19983"}],"wp:attachment":[{"href":"https:\/\/rms-enlinea.com.ar\/tienda\/wp-json\/wp\/v2\/media?parent=19982"}],"wp:term":[{"taxonomy":"product_brand","embeddable":true,"href":"https:\/\/rms-enlinea.com.ar\/tienda\/wp-json\/wp\/v2\/product_brand?post=19982"},{"taxonomy":"product_cat","embeddable":true,"href":"https:\/\/rms-enlinea.com.ar\/tienda\/wp-json\/wp\/v2\/product_cat?post=19982"},{"taxonomy":"product_tag","embeddable":true,"href":"https:\/\/rms-enlinea.com.ar\/tienda\/wp-json\/wp\/v2\/product_tag?post=19982"}],"curies":[{"name":"wp","href":"https:\/\/api.w.org\/{rel}","templated":true}]}}