{"id":2064,"date":"2025-06-12T02:19:54","date_gmt":"2025-06-12T05:19:54","guid":{"rendered":"https:\/\/rms-enlinea.com.ar\/tienda\/producto\/mother-msi-pro-h610m-g-ddr5-intel-s1700-12va-13va-14va-gen\/"},"modified":"2026-04-21T04:22:36","modified_gmt":"2026-04-21T07:22:36","slug":"mother-msi-pro-h610m-g-ddr5-intel-s1700-12va-13va-14va-gen","status":"publish","type":"product","link":"https:\/\/rms-enlinea.com.ar\/tienda\/producto\/mother-msi-pro-h610m-g-ddr5-intel-s1700-12va-13va-14va-gen\/","title":{"rendered":"Mother Msi Pro H610m G Ddr5 Intel S1700 12va 13va 14va Gen"},"content":{"rendered":"<p>CONJUNTO DE CHIPS\tINTEL H610<br \/>UPC\tCompatible con procesadores Intel\u00ae Core\u2122 de 14.\u00aa\/13.\u00aa\/12.\u00aa generaci\u00f3n, procesadores Intel\u00ae Pentium\u00ae Gold y Celeron\u00ae<br \/> \tLGA 1700<br \/>MEMORIA\t2x DDR5, capacidad m\u00e1xima de memoria 96 GB<br \/> \tCompatibilidad con memoria DDR5 5600 MHz (por JEDEC y POR)<br \/> \tAdmite Intel\u00ae XMP 3.0 OC<br \/> \tAdmite modo de doble canal y controlador dual<br \/> \tAdmite memoria sin b\u00fafer y sin ECC<br \/>GR\u00c1FICOS INTEGRADOS\t1x HDMI\u2122<br \/> \tCompatible con HDMI\u2122 2.1, resoluci\u00f3n m\u00e1xima de 4K 60Hz*<br \/> \t1x DisplayPort<br \/> \tCompatible con DP 1.4, resoluci\u00f3n m\u00e1xima de 4K 60Hz*<br \/> \t1x VGA<br \/> \tCompatible con VGA, resoluci\u00f3n m\u00e1xima de 2048&#215;1536 50Hz, 2048&#215;1280 60Hz, 1920&#215;1200 60Hz<br \/> \t*Disponible solo en procesadores con gr\u00e1ficos integrados . Las especificaciones gr\u00e1ficas pueden variar seg\u00fan la CPU instalada.<br \/>RANURA\t1 ranura PCI-E x16<br \/> \t1 ranura PCI-E x1<br \/> \tPCI_E1 Gen PCIe 4.0 admite hasta x16 (desde la CPU)<br \/> \tPCI_E2 Gen PCIe 3.0 admite hasta x1 (desde el chipset)<br \/> \t1 ranura M.2 con llave electr\u00f3nica solo para m\u00f3dulo PCIe WiFi<br \/>ALMACENAMIENTO\t1<br \/> \tfuente M.2 M.2_1 (desde el chipset) admite hasta modo PCIe 3.0 x4 \/ SATA, admite dispositivos 2280\/2260\/2242<br \/> \t4x SATA 6G<br \/> \t* SATA7 no estar\u00e1 disponible al instalar SSD SATA M.2 en la ranura M2_2.<br \/>LAN\tControlador LAN Intel\u00ae I219V de 1 Gbps<br \/>AUDIO\tC\u00f3dec Realtek \u00ae ALC897<br \/> \tAudio de alta definici\u00f3n de 7.1 canales<br \/>SISTEMA OPERATIVO\tSoporte para Windows\u00ae 11 de 64 bits, Windows\u00ae 10 de 64 bits<br \/>INFORMACI\u00d3N DE PCB\tMatX  211 mm x 243,84 mm<\/p>\n","protected":false},"excerpt":{"rendered":"<p>CONJUNTO DE CHIPS INTEL H610UPC Compatible con procesadores Intel\u00ae Core\u2122 de 14.\u00aa\/13.\u00aa\/12.\u00aa generaci\u00f3n, procesadores Intel\u00ae Pentium\u00ae Gold y Celeron\u00ae LGA 1700MEMORIA 2x DDR5, capacidad m\u00e1xima de memoria 96 GB Compatibilidad con memoria DDR5 5600 MHz (por JEDEC y POR) Admite Intel\u00ae XMP 3.0 OC Admite modo de doble canal y controlador dual Admite memoria sin [&hellip;]<\/p>\n","protected":false},"featured_media":2065,"comment_status":"open","ping_status":"closed","template":"","meta":{"_uag_custom_page_level_css":""},"product_brand":[557],"product_cat":[115],"product_tag":[],"class_list":{"0":"post-2064","1":"product","2":"type-product","3":"status-publish","4":"has-post-thumbnail","6":"product_brand-msi","7":"product_cat-mother","9":"first","10":"outofstock","11":"sale","12":"taxable","13":"shipping-taxable","14":"purchasable","15":"product-type-simple"},"uagb_featured_image_src":{"full":["https:\/\/rms-enlinea.com.ar\/wp-content\/uploads\/2025\/06\/D_865821-MLU77892455086_082024-F.jpg",1083,1200,false],"thumbnail":["https:\/\/rms-enlinea.com.ar\/wp-content\/uploads\/2025\/06\/D_865821-MLU77892455086_082024-F-150x150.jpg",150,150,true],"medium":["https:\/\/rms-enlinea.com.ar\/wp-content\/uploads\/2025\/06\/D_865821-MLU77892455086_082024-F-271x300.jpg",271,300,true],"medium_large":["https:\/\/rms-enlinea.com.ar\/wp-content\/uploads\/2025\/06\/D_865821-MLU77892455086_082024-F-768x851.jpg",768,851,true],"large":["https:\/\/rms-enlinea.com.ar\/wp-content\/uploads\/2025\/06\/D_865821-MLU77892455086_082024-F-924x1024.jpg",924,1024,true],"1536x1536":["https:\/\/rms-enlinea.com.ar\/wp-content\/uploads\/2025\/06\/D_865821-MLU77892455086_082024-F.jpg",1083,1200,false],"2048x2048":["https:\/\/rms-enlinea.com.ar\/wp-content\/uploads\/2025\/06\/D_865821-MLU77892455086_082024-F.jpg",1083,1200,false],"woocommerce_thumbnail":["https:\/\/rms-enlinea.com.ar\/wp-content\/uploads\/2025\/06\/D_865821-MLU77892455086_082024-F-450x450.jpg",450,450,true],"woocommerce_single":["https:\/\/rms-enlinea.com.ar\/wp-content\/uploads\/2025\/06\/D_865821-MLU77892455086_082024-F-600x665.jpg",600,665,true],"woocommerce_gallery_thumbnail":["https:\/\/rms-enlinea.com.ar\/wp-content\/uploads\/2025\/06\/D_865821-MLU77892455086_082024-F-100x100.jpg",100,100,true]},"uagb_author_info":{"display_name":"l0071054","author_link":"https:\/\/rms-enlinea.com.ar\/tienda\/author\/"},"uagb_comment_info":0,"uagb_excerpt":"CONJUNTO DE CHIPS INTEL H610UPC Compatible con procesadores Intel\u00ae Core\u2122 de 14.\u00aa\/13.\u00aa\/12.\u00aa generaci\u00f3n, procesadores Intel\u00ae Pentium\u00ae Gold y Celeron\u00ae LGA 1700MEMORIA 2x DDR5, capacidad m\u00e1xima de memoria 96 GB Compatibilidad con memoria DDR5 5600 MHz (por JEDEC y POR) Admite Intel\u00ae XMP 3.0 OC Admite modo de doble canal y controlador dual Admite memoria sin&hellip;","_links":{"self":[{"href":"https:\/\/rms-enlinea.com.ar\/tienda\/wp-json\/wp\/v2\/product\/2064","targetHints":{"allow":["GET"]}}],"collection":[{"href":"https:\/\/rms-enlinea.com.ar\/tienda\/wp-json\/wp\/v2\/product"}],"about":[{"href":"https:\/\/rms-enlinea.com.ar\/tienda\/wp-json\/wp\/v2\/types\/product"}],"replies":[{"embeddable":true,"href":"https:\/\/rms-enlinea.com.ar\/tienda\/wp-json\/wp\/v2\/comments?post=2064"}],"wp:featuredmedia":[{"embeddable":true,"href":"https:\/\/rms-enlinea.com.ar\/tienda\/wp-json\/wp\/v2\/media\/2065"}],"wp:attachment":[{"href":"https:\/\/rms-enlinea.com.ar\/tienda\/wp-json\/wp\/v2\/media?parent=2064"}],"wp:term":[{"taxonomy":"product_brand","embeddable":true,"href":"https:\/\/rms-enlinea.com.ar\/tienda\/wp-json\/wp\/v2\/product_brand?post=2064"},{"taxonomy":"product_cat","embeddable":true,"href":"https:\/\/rms-enlinea.com.ar\/tienda\/wp-json\/wp\/v2\/product_cat?post=2064"},{"taxonomy":"product_tag","embeddable":true,"href":"https:\/\/rms-enlinea.com.ar\/tienda\/wp-json\/wp\/v2\/product_tag?post=2064"}],"curies":[{"name":"wp","href":"https:\/\/api.w.org\/{rel}","templated":true}]}}