{"id":20666,"date":"2025-06-12T09:03:42","date_gmt":"2025-06-12T12:03:42","guid":{"rendered":"https:\/\/rms-enlinea.com.ar\/tienda\/producto\/bafle-activo-15-500w-rms-ampro-tecshow-bam-pro-15-a\/"},"modified":"2026-04-06T11:21:45","modified_gmt":"2026-04-06T14:21:45","slug":"bafle-activo-15-500w-rms-ampro-tecshow-bam-pro-15-a","status":"publish","type":"product","link":"https:\/\/rms-enlinea.com.ar\/tienda\/producto\/bafle-activo-15-500w-rms-ampro-tecshow-bam-pro-15-a\/","title":{"rendered":"Bafle Activo 15 500w Rms Ampro Tecshow Bam Pro 15-a"},"content":{"rendered":"<p>ALTOPARLANTE MULTIFUNCI\u00d3N AUTOAMPLIFICADO DE 2 V\u00cdAS BLUETOOTH<br \/>\nBAM PRO 15A ES UN ALTAVOZ AUTOAMPLIFICADO DE 1 X 15\u2019\u2019 BF \/ 1 X 1.75\u2019\u2019 AF Y UNA SALIDA DE POTENCIA DE 500W RMS CON UNA RESPUESTA DE FRECUENCIA DE 40HZ -18 KHZ (\u20133 DB). LA UNIDAD EST\u00c1 EQUIPADA CON 3 CONTROLES DE VOLUMEN, UN CONTROL DE VOLUMEN PRINCIPAL, OTRO PARA SU ENTRADA AUXILIAR, Y OTRO PARA LA ENTRADA DE MICR\u00d3FONO. EL ALTAVOZ CUENTA CON ECUALIZACI\u00d3N DE TRES BANDAS A TRAV\u00c9S DE SU DSP Y CONTROL EST\u00c9REO V\u00cdA BLUETOOTH. LA UNIDAD VIENE CON ENTRADAS COMBO DE XLR\/1\/4\u201d Y SALIDA DE XLR. BAM PRO 15A TIENE UN GABINETE DE COPOL\u00cdMERO RESISTENTE AL IMPACTO Y ES IDEAL PARA APLICACIONES M\u00d3VILES O COMERCIALES.<\/p>\n<p>FICHA TECNICA<\/p>\n<p>COMPONENTES<br \/>\nBF: SPEAKER DUAL 15&#8243;<br \/>\nAF: DRIVER DE COMPRESI\u00d3N DE 1.75&#8243;<\/p>\n<p>CARACTER\u00cdSTICAS<br \/>\nSISTEMA AUTO-AMPLIFICADO A DOS V\u00cdAS DE 15\u201d<br \/>\nSALIDA DE POTENCIA: 500W RMS<br \/>\nPICO SPL @ 1M: 118 DB<br \/>\nDISPERSI\u00d3N NOMINAL (HXV): 90\u00baX60\u00ba<\/p>\n<p>AMPLIFICACI\u00d3N Y CONTROL<br \/>\nRESPUESTA DE FRECUENCIA: (-10DB): 40HZ-18KHZ<br \/>\nINDICADOR DE PICO<br \/>\nMASTER VOLUME<br \/>\nMIC<br \/>\nNIVELES DE L\u00cdNEA<br \/>\nEQ VIA DSP<br \/>\nCONECTIVIDAD BLUETOOTH<\/p>\n<p>CONECTORES Y CONECTIVIDAD<br \/>\nCONTROL DSP<br \/>\nPRESETS: M\u00daSICA, DJ \/ DISCO, VIVO, DISCURSO<br \/>\nBLUETOOTH<br \/>\n2 ENTRADAS COMBO XLR<br \/>\n1 ENTRADA RCA AUXILIAR<br \/>\n1 SALIDA XLR<\/p>\n<p>F\u00cdSICO<br \/>\nDIMENSIONES: 475X425X810 MM. \/ 18.7X16.7X5.7 INCH<br \/>\nPESO: 20KG. \/ 44 LBS.<\/p>\n","protected":false},"excerpt":{"rendered":"<p>ALTOPARLANTE MULTIFUNCI\u00d3N AUTOAMPLIFICADO DE 2 V\u00cdAS BLUETOOTH BAM PRO 15A ES UN ALTAVOZ AUTOAMPLIFICADO DE 1 X 15\u2019\u2019 BF \/ 1 X 1.75\u2019\u2019 AF Y UNA SALIDA DE POTENCIA DE 500W RMS CON UNA RESPUESTA DE FRECUENCIA DE 40HZ -18 KHZ (\u20133 DB). LA UNIDAD EST\u00c1 EQUIPADA CON 3 CONTROLES DE VOLUMEN, UN CONTROL DE [&hellip;]<\/p>\n","protected":false},"featured_media":20667,"comment_status":"open","ping_status":"closed","template":"","meta":{"_uag_custom_page_level_css":""},"product_brand":[477],"product_cat":[36],"product_tag":[],"class_list":{"0":"post-20666","1":"product","2":"type-product","3":"status-publish","4":"has-post-thumbnail","6":"product_brand-ampro","7":"product_cat-bafles","9":"first","10":"instock","11":"sale","12":"taxable","13":"shipping-taxable","14":"purchasable","15":"product-type-simple"},"uagb_featured_image_src":{"full":["https:\/\/rms-enlinea.com.ar\/wp-content\/uploads\/2025\/06\/D_801715-MLA48809723782_012022-F.jpg",712,1170,false],"thumbnail":["https:\/\/rms-enlinea.com.ar\/wp-content\/uploads\/2025\/06\/D_801715-MLA48809723782_012022-F-150x150.jpg",150,150,true],"medium":["https:\/\/rms-enlinea.com.ar\/wp-content\/uploads\/2025\/06\/D_801715-MLA48809723782_012022-F-183x300.jpg",183,300,true],"medium_large":["https:\/\/rms-enlinea.com.ar\/wp-content\/uploads\/2025\/06\/D_801715-MLA48809723782_012022-F.jpg",712,1170,false],"large":["https:\/\/rms-enlinea.com.ar\/wp-content\/uploads\/2025\/06\/D_801715-MLA48809723782_012022-F-623x1024.jpg",623,1024,true],"1536x1536":["https:\/\/rms-enlinea.com.ar\/wp-content\/uploads\/2025\/06\/D_801715-MLA48809723782_012022-F.jpg",712,1170,false],"2048x2048":["https:\/\/rms-enlinea.com.ar\/wp-content\/uploads\/2025\/06\/D_801715-MLA48809723782_012022-F.jpg",712,1170,false],"woocommerce_thumbnail":["https:\/\/rms-enlinea.com.ar\/wp-content\/uploads\/2025\/06\/D_801715-MLA48809723782_012022-F-450x450.jpg",450,450,true],"woocommerce_single":["https:\/\/rms-enlinea.com.ar\/wp-content\/uploads\/2025\/06\/D_801715-MLA48809723782_012022-F-600x986.jpg",600,986,true],"woocommerce_gallery_thumbnail":["https:\/\/rms-enlinea.com.ar\/wp-content\/uploads\/2025\/06\/D_801715-MLA48809723782_012022-F-100x100.jpg",100,100,true]},"uagb_author_info":{"display_name":"l0071054","author_link":"https:\/\/rms-enlinea.com.ar\/tienda\/author\/"},"uagb_comment_info":0,"uagb_excerpt":"ALTOPARLANTE MULTIFUNCI\u00d3N AUTOAMPLIFICADO DE 2 V\u00cdAS BLUETOOTH BAM PRO 15A ES UN ALTAVOZ AUTOAMPLIFICADO DE 1 X 15\u2019\u2019 BF \/ 1 X 1.75\u2019\u2019 AF Y UNA SALIDA DE POTENCIA DE 500W RMS CON UNA RESPUESTA DE FRECUENCIA DE 40HZ -18 KHZ (\u20133 DB). LA UNIDAD EST\u00c1 EQUIPADA CON 3 CONTROLES DE VOLUMEN, UN CONTROL DE&hellip;","_links":{"self":[{"href":"https:\/\/rms-enlinea.com.ar\/tienda\/wp-json\/wp\/v2\/product\/20666","targetHints":{"allow":["GET"]}}],"collection":[{"href":"https:\/\/rms-enlinea.com.ar\/tienda\/wp-json\/wp\/v2\/product"}],"about":[{"href":"https:\/\/rms-enlinea.com.ar\/tienda\/wp-json\/wp\/v2\/types\/product"}],"replies":[{"embeddable":true,"href":"https:\/\/rms-enlinea.com.ar\/tienda\/wp-json\/wp\/v2\/comments?post=20666"}],"wp:featuredmedia":[{"embeddable":true,"href":"https:\/\/rms-enlinea.com.ar\/tienda\/wp-json\/wp\/v2\/media\/20667"}],"wp:attachment":[{"href":"https:\/\/rms-enlinea.com.ar\/tienda\/wp-json\/wp\/v2\/media?parent=20666"}],"wp:term":[{"taxonomy":"product_brand","embeddable":true,"href":"https:\/\/rms-enlinea.com.ar\/tienda\/wp-json\/wp\/v2\/product_brand?post=20666"},{"taxonomy":"product_cat","embeddable":true,"href":"https:\/\/rms-enlinea.com.ar\/tienda\/wp-json\/wp\/v2\/product_cat?post=20666"},{"taxonomy":"product_tag","embeddable":true,"href":"https:\/\/rms-enlinea.com.ar\/tienda\/wp-json\/wp\/v2\/product_tag?post=20666"}],"curies":[{"name":"wp","href":"https:\/\/api.w.org\/{rel}","templated":true}]}}