{"id":21121,"date":"2025-06-12T09:15:26","date_gmt":"2025-06-12T12:15:26","guid":{"rendered":"https:\/\/rms-enlinea.com.ar\/tienda\/producto\/mouse-de-juego-inalambrico-logitech-g305-azul-gamer-blue\/"},"modified":"2026-04-02T16:47:29","modified_gmt":"2026-04-02T19:47:29","slug":"mouse-de-juego-inalambrico-logitech-g305-azul-gamer-blue","status":"publish","type":"product","link":"https:\/\/rms-enlinea.com.ar\/tienda\/producto\/mouse-de-juego-inalambrico-logitech-g305-azul-gamer-blue\/","title":{"rendered":"Mouse De Juego Inal\u00e1mbrico Logitech G305 Azul Gamer Blue"},"content":{"rendered":"<p>ESPECIFICACIONES F\u00cdSICAS<br \/>Altura: 116,6 mm<br \/>Anchura: 62,15 mm<br \/>Profundidad: 38,2 mm<br \/>Peso: 99 g<br \/>SEGUIMIENTO<br \/>Sensor: HERO\u2122<br \/>Resoluci\u00f3n: 200 \u2013 12.000 dpi<br \/>Sin suavizado\/aceleraci\u00f3n\/filtros<br \/>Aceleraci\u00f3n m\u00e1x.: > 40 G5Pruebas realizadas sobre alfombrilla de mouse Logitech G240 para juegos<br \/>Velocidad m\u00e1x.: > 400 ips6Pruebas realizadas sobre alfombrilla de mouse Logitech G240 para juegos<br \/>RESPUESTA<br \/>Velocidad de respuesta inal\u00e1mbrica: 1.000 Hz (1 ms)<br \/>Tecnolog\u00eda inal\u00e1mbrica: LIGHTSPEED<br \/>Microprocesador: 32 bits ARM<br \/>DURABILIDAD<br \/>Pies de PTFE: Recorrido de 250 km7Pruebas realizadas sobre alfombrilla de mouse Logitech G240 para juegos<br \/>DURACI\u00d3N DE LAS BATER\u00cdAS8LA DURACI\u00d3N DE LAS BATER\u00cdAS DEPENDE DEL USUARIO, LAS CARACTER\u00cdSTICAS DE DESCARGA Y LOS DISPOSITIVOS<br \/>250 horas<br \/>OTRAS FUNCIONES<br \/>Memoria integrada: 1 perfil<br \/>Sistema mec\u00e1nico de tensi\u00f3n de botones<br \/>REQUISITOS<br \/>Windows\u00ae 7 o posteriores<br \/>macOS\u00ae 10.11 o posteriores<br \/>Chrome OS\u2122<br \/>Puerto USB<br \/>Conexi\u00f3n a Internet para Logitech G HUB (opcional)<\/p>\n","protected":false},"excerpt":{"rendered":"<p>ESPECIFICACIONES F\u00cdSICASAltura: 116,6 mmAnchura: 62,15 mmProfundidad: 38,2 mmPeso: 99 gSEGUIMIENTOSensor: HERO\u2122Resoluci\u00f3n: 200 \u2013 12.000 dpiSin suavizado\/aceleraci\u00f3n\/filtrosAceleraci\u00f3n m\u00e1x.: > 40 G5Pruebas realizadas sobre alfombrilla de mouse Logitech G240 para juegosVelocidad m\u00e1x.: > 400 ips6Pruebas realizadas sobre alfombrilla de mouse Logitech G240 para juegosRESPUESTAVelocidad de respuesta inal\u00e1mbrica: 1.000 Hz (1 ms)Tecnolog\u00eda inal\u00e1mbrica: LIGHTSPEEDMicroprocesador: 32 bits ARMDURABILIDADPies de [&hellip;]<\/p>\n","protected":false},"featured_media":21122,"comment_status":"open","ping_status":"closed","template":"","meta":{"_uag_custom_page_level_css":""},"product_brand":[549],"product_cat":[125],"product_tag":[],"class_list":{"0":"post-21121","1":"product","2":"type-product","3":"status-publish","4":"has-post-thumbnail","6":"product_brand-logitech","7":"product_cat-teclados-y-mouses","9":"first","10":"instock","11":"sale","12":"taxable","13":"shipping-taxable","14":"purchasable","15":"product-type-simple"},"uagb_featured_image_src":{"full":["https:\/\/rms-enlinea.com.ar\/wp-content\/uploads\/2025\/06\/D_838969-MLA85299016401_052025-F.jpg",297,535,false],"thumbnail":["https:\/\/rms-enlinea.com.ar\/wp-content\/uploads\/2025\/06\/D_838969-MLA85299016401_052025-F-150x150.jpg",150,150,true],"medium":["https:\/\/rms-enlinea.com.ar\/wp-content\/uploads\/2025\/06\/D_838969-MLA85299016401_052025-F-167x300.jpg",167,300,true],"medium_large":["https:\/\/rms-enlinea.com.ar\/wp-content\/uploads\/2025\/06\/D_838969-MLA85299016401_052025-F.jpg",297,535,false],"large":["https:\/\/rms-enlinea.com.ar\/wp-content\/uploads\/2025\/06\/D_838969-MLA85299016401_052025-F.jpg",297,535,false],"1536x1536":["https:\/\/rms-enlinea.com.ar\/wp-content\/uploads\/2025\/06\/D_838969-MLA85299016401_052025-F.jpg",297,535,false],"2048x2048":["https:\/\/rms-enlinea.com.ar\/wp-content\/uploads\/2025\/06\/D_838969-MLA85299016401_052025-F.jpg",297,535,false],"woocommerce_thumbnail":["https:\/\/rms-enlinea.com.ar\/wp-content\/uploads\/2025\/06\/D_838969-MLA85299016401_052025-F-297x450.jpg",297,450,true],"woocommerce_single":["https:\/\/rms-enlinea.com.ar\/wp-content\/uploads\/2025\/06\/D_838969-MLA85299016401_052025-F.jpg",297,535,false],"woocommerce_gallery_thumbnail":["https:\/\/rms-enlinea.com.ar\/wp-content\/uploads\/2025\/06\/D_838969-MLA85299016401_052025-F-100x100.jpg",100,100,true]},"uagb_author_info":{"display_name":"l0071054","author_link":"https:\/\/rms-enlinea.com.ar\/tienda\/author\/"},"uagb_comment_info":0,"uagb_excerpt":"ESPECIFICACIONES F\u00cdSICASAltura: 116,6 mmAnchura: 62,15 mmProfundidad: 38,2 mmPeso: 99 gSEGUIMIENTOSensor: HERO\u2122Resoluci\u00f3n: 200 \u2013 12.000 dpiSin suavizado\/aceleraci\u00f3n\/filtrosAceleraci\u00f3n m\u00e1x.: > 40 G5Pruebas realizadas sobre alfombrilla de mouse Logitech G240 para juegosVelocidad m\u00e1x.: > 400 ips6Pruebas realizadas sobre alfombrilla de mouse Logitech G240 para juegosRESPUESTAVelocidad de respuesta inal\u00e1mbrica: 1.000 Hz (1 ms)Tecnolog\u00eda inal\u00e1mbrica: LIGHTSPEEDMicroprocesador: 32 bits ARMDURABILIDADPies de&hellip;","_links":{"self":[{"href":"https:\/\/rms-enlinea.com.ar\/tienda\/wp-json\/wp\/v2\/product\/21121","targetHints":{"allow":["GET"]}}],"collection":[{"href":"https:\/\/rms-enlinea.com.ar\/tienda\/wp-json\/wp\/v2\/product"}],"about":[{"href":"https:\/\/rms-enlinea.com.ar\/tienda\/wp-json\/wp\/v2\/types\/product"}],"replies":[{"embeddable":true,"href":"https:\/\/rms-enlinea.com.ar\/tienda\/wp-json\/wp\/v2\/comments?post=21121"}],"wp:featuredmedia":[{"embeddable":true,"href":"https:\/\/rms-enlinea.com.ar\/tienda\/wp-json\/wp\/v2\/media\/21122"}],"wp:attachment":[{"href":"https:\/\/rms-enlinea.com.ar\/tienda\/wp-json\/wp\/v2\/media?parent=21121"}],"wp:term":[{"taxonomy":"product_brand","embeddable":true,"href":"https:\/\/rms-enlinea.com.ar\/tienda\/wp-json\/wp\/v2\/product_brand?post=21121"},{"taxonomy":"product_cat","embeddable":true,"href":"https:\/\/rms-enlinea.com.ar\/tienda\/wp-json\/wp\/v2\/product_cat?post=21121"},{"taxonomy":"product_tag","embeddable":true,"href":"https:\/\/rms-enlinea.com.ar\/tienda\/wp-json\/wp\/v2\/product_tag?post=21121"}],"curies":[{"name":"wp","href":"https:\/\/api.w.org\/{rel}","templated":true}]}}