{"id":21202,"date":"2025-06-12T09:17:19","date_gmt":"2025-06-12T12:17:19","guid":{"rendered":"https:\/\/rms-enlinea.com.ar\/tienda\/producto\/parlantes-genius-sp-hf2800bt-bluetooth-control-remoto-60w\/"},"modified":"2026-04-06T13:20:35","modified_gmt":"2026-04-06T16:20:35","slug":"parlantes-genius-sp-hf2800bt-bluetooth-control-remoto-60w","status":"publish","type":"product","link":"https:\/\/rms-enlinea.com.ar\/tienda\/producto\/parlantes-genius-sp-hf2800bt-bluetooth-control-remoto-60w\/","title":{"rendered":"Parlantes Genius Sp-hf2800bt Bluetooth Control Remoto 60w"},"content":{"rendered":"<p>HF2800BT es compatible con dispositivos Bluetooth como tel\u00e9fonos m\u00f3viles, iPhone, iPod, iPad, tabletas, computadoras y m\u00e1s. Parlante bluetooth con potencia extraordinaria de 60W y sonido extraordinario con 3 modos de reproducci\u00f3n, llena tu espacio con audio de alta calidad que suena incre\u00edble, disfruta de aut\u00e9ntico sonido envolvente y escuchar las canciones como nunca antes las has escuchado, adapta para cualquier estilo de vida. El conector de audio de 3,5 mm para diversos dispositivos como tabletas, tel\u00e9fonos inteligentes, computadoras port\u00e1tiles, PC, MP3 etc., para cualquier momento y en cualquier lugar que desee.<\/p>\n","protected":false},"excerpt":{"rendered":"<p>HF2800BT es compatible con dispositivos Bluetooth como tel\u00e9fonos m\u00f3viles, iPhone, iPod, iPad, tabletas, computadoras y m\u00e1s. Parlante bluetooth con potencia extraordinaria de 60W y sonido extraordinario con 3 modos de reproducci\u00f3n, llena tu espacio con audio de alta calidad que suena incre\u00edble, disfruta de aut\u00e9ntico sonido envolvente y escuchar las canciones como nunca antes las [&hellip;]<\/p>\n","protected":false},"featured_media":4727,"comment_status":"open","ping_status":"closed","template":"","meta":{"_uag_custom_page_level_css":""},"product_brand":[550],"product_cat":[124],"product_tag":[],"class_list":{"0":"post-21202","1":"product","2":"type-product","3":"status-publish","4":"has-post-thumbnail","6":"product_brand-genius","7":"product_cat-sistemas-de-sonido-parlantes","9":"first","10":"outofstock","11":"sale","12":"taxable","13":"shipping-taxable","14":"purchasable","15":"product-type-simple"},"uagb_featured_image_src":{"full":["https:\/\/rms-enlinea.com.ar\/wp-content\/uploads\/2025\/06\/D_719912-MLU72566177090_112023-F.jpg",624,554,false],"thumbnail":["https:\/\/rms-enlinea.com.ar\/wp-content\/uploads\/2025\/06\/D_719912-MLU72566177090_112023-F-150x150.jpg",150,150,true],"medium":["https:\/\/rms-enlinea.com.ar\/wp-content\/uploads\/2025\/06\/D_719912-MLU72566177090_112023-F-300x266.jpg",300,266,true],"medium_large":["https:\/\/rms-enlinea.com.ar\/wp-content\/uploads\/2025\/06\/D_719912-MLU72566177090_112023-F.jpg",624,554,false],"large":["https:\/\/rms-enlinea.com.ar\/wp-content\/uploads\/2025\/06\/D_719912-MLU72566177090_112023-F.jpg",624,554,false],"1536x1536":["https:\/\/rms-enlinea.com.ar\/wp-content\/uploads\/2025\/06\/D_719912-MLU72566177090_112023-F.jpg",624,554,false],"2048x2048":["https:\/\/rms-enlinea.com.ar\/wp-content\/uploads\/2025\/06\/D_719912-MLU72566177090_112023-F.jpg",624,554,false],"woocommerce_thumbnail":["https:\/\/rms-enlinea.com.ar\/wp-content\/uploads\/2025\/06\/D_719912-MLU72566177090_112023-F-450x450.jpg",450,450,true],"woocommerce_single":["https:\/\/rms-enlinea.com.ar\/wp-content\/uploads\/2025\/06\/D_719912-MLU72566177090_112023-F-600x533.jpg",600,533,true],"woocommerce_gallery_thumbnail":["https:\/\/rms-enlinea.com.ar\/wp-content\/uploads\/2025\/06\/D_719912-MLU72566177090_112023-F-100x100.jpg",100,100,true]},"uagb_author_info":{"display_name":"l0071054","author_link":"https:\/\/rms-enlinea.com.ar\/tienda\/author\/"},"uagb_comment_info":0,"uagb_excerpt":"HF2800BT es compatible con dispositivos Bluetooth como tel\u00e9fonos m\u00f3viles, iPhone, iPod, iPad, tabletas, computadoras y m\u00e1s. Parlante bluetooth con potencia extraordinaria de 60W y sonido extraordinario con 3 modos de reproducci\u00f3n, llena tu espacio con audio de alta calidad que suena incre\u00edble, disfruta de aut\u00e9ntico sonido envolvente y escuchar las canciones como nunca antes las&hellip;","_links":{"self":[{"href":"https:\/\/rms-enlinea.com.ar\/tienda\/wp-json\/wp\/v2\/product\/21202","targetHints":{"allow":["GET"]}}],"collection":[{"href":"https:\/\/rms-enlinea.com.ar\/tienda\/wp-json\/wp\/v2\/product"}],"about":[{"href":"https:\/\/rms-enlinea.com.ar\/tienda\/wp-json\/wp\/v2\/types\/product"}],"replies":[{"embeddable":true,"href":"https:\/\/rms-enlinea.com.ar\/tienda\/wp-json\/wp\/v2\/comments?post=21202"}],"wp:featuredmedia":[{"embeddable":true,"href":"https:\/\/rms-enlinea.com.ar\/tienda\/wp-json\/wp\/v2\/media\/4727"}],"wp:attachment":[{"href":"https:\/\/rms-enlinea.com.ar\/tienda\/wp-json\/wp\/v2\/media?parent=21202"}],"wp:term":[{"taxonomy":"product_brand","embeddable":true,"href":"https:\/\/rms-enlinea.com.ar\/tienda\/wp-json\/wp\/v2\/product_brand?post=21202"},{"taxonomy":"product_cat","embeddable":true,"href":"https:\/\/rms-enlinea.com.ar\/tienda\/wp-json\/wp\/v2\/product_cat?post=21202"},{"taxonomy":"product_tag","embeddable":true,"href":"https:\/\/rms-enlinea.com.ar\/tienda\/wp-json\/wp\/v2\/product_tag?post=21202"}],"curies":[{"name":"wp","href":"https:\/\/api.w.org\/{rel}","templated":true}]}}