{"id":21431,"date":"2025-06-12T09:22:47","date_gmt":"2025-06-12T12:22:47","guid":{"rendered":"https:\/\/rms-enlinea.com.ar\/tienda\/producto\/impresora-multifuncion-epson-m3170-con-wifi-duplex-mono-usb\/"},"modified":"2026-04-21T05:14:37","modified_gmt":"2026-04-21T08:14:37","slug":"impresora-multifuncion-epson-m3170-con-wifi-duplex-mono-usb","status":"publish","type":"product","link":"https:\/\/rms-enlinea.com.ar\/tienda\/producto\/impresora-multifuncion-epson-m3170-con-wifi-duplex-mono-usb\/","title":{"rendered":"Impresora Multifunci\u00f3n Epson M3170 Con Wifi Duplex Mono Usb"},"content":{"rendered":"<p>Imprimir<br \/>\nTecnolog\u00eda de Impresi\u00f3n: Inyecci\u00f3n de tinta PrecisionCore\u00ae monocrom\u00e1tica optimizada<\/p>\n<p>Resoluci\u00f3n M\u00e1xima de Impresi\u00f3n: 1200 dpi x 2400 dpi<\/p>\n<p>Velocidad de Impresi\u00f3n ISO: 20 ppm negro (A4\/carta)<\/p>\n<p>Velocidad de Impresi\u00f3n: 39 ppm negro (borrador\/A4\/carta)<\/p>\n<p>Velocidad de Impresi\u00f3n ISO de doble faz: 9 ppm (A4\/carta)<\/p>\n<p>Tama\u00f1o M\u00ednimo de la Gota de Tinta: 2,8 picolitros con tecnolog\u00eda de gotas de tinta de tama\u00f1o variable<br \/>\nConfiguraci\u00f3n del Cabezal: 800 inyectores negros (2 filas de 400 inyectores)<\/p>\n<p>General<br \/>\nSistemas de Operaci\u00f3n: Windows Vista\u00ae \/ Windows\u00ae7\/Windows\u00ae8 \/8.1\/Windows\u00ae10 (32 bit, 64 bit),Windows Server\u00ae 2003 (SP2) \/ Windows Server\u00ae 20168, Mac OS\u00aeX 10.6.8 \/ MacOS\u00ae 10.14.x9<\/p>\n<p>Temperatura: Funcionamento: 10\u00b0 a 35\u00b0 C.<br \/>\nAlmacenamiento: -20\u00b0 a 40\u00b0 C.<\/p>\n<p>Humedad: Funcionamiento: 20 a 80%.<br \/>\nAlmacenamiento: 5 a 85% (sin condensaci\u00f3n)<\/p>\n<p>Nivel de Sonido: Potencia acustica: 6.9B (A). Presi\u00f3n ac\u00fastica: 56 dB (A).<\/p>\n<p>Dimensiones: 375 mm x 347 mm x 346 mmPeso:7,3 kg (excluye tintas y cables de alimentaci\u00f3n)<\/p>\n<p>Pa\u00eds de Origen: Filipinas<\/p>\n<p>Copiar<br \/>\nVelocidad de Copia: 30 cpm negro (borrador\/A4\/carta<\/p>\n<p>Velocidad de Copiado ISO: 17 cpm negro (A4\/carta)<\/p>\n<p>Calidad de Copia: Texto e imagen hasta 600 dpi x 600 dpi en papel normal<\/p>\n<p>Cantidad de Copias: 1-99 (sin PC)<\/p>\n<p>M\u00e1ximo Tama\u00f1o de Copia: Legal (ADF) y A4\/carta (cama de esc\u00e1ner)<\/p>\n<p>Caracter\u00edsticas de la Copia: Copiado autom\u00e1tico a doble cara, reduce y aumenta (25% &#8211; 400%)<\/p>\n","protected":false},"excerpt":{"rendered":"<p>Imprimir Tecnolog\u00eda de Impresi\u00f3n: Inyecci\u00f3n de tinta PrecisionCore\u00ae monocrom\u00e1tica optimizada Resoluci\u00f3n M\u00e1xima de Impresi\u00f3n: 1200 dpi x 2400 dpi Velocidad de Impresi\u00f3n ISO: 20 ppm negro (A4\/carta) Velocidad de Impresi\u00f3n: 39 ppm negro (borrador\/A4\/carta) Velocidad de Impresi\u00f3n ISO de doble faz: 9 ppm (A4\/carta) Tama\u00f1o M\u00ednimo de la Gota de Tinta: 2,8 picolitros con tecnolog\u00eda [&hellip;]<\/p>\n","protected":false},"featured_media":21432,"comment_status":"open","ping_status":"closed","template":"","meta":{"_uag_custom_page_level_css":""},"product_brand":[553],"product_cat":[110],"product_tag":[],"class_list":{"0":"post-21431","1":"product","2":"type-product","3":"status-publish","4":"has-post-thumbnail","6":"product_brand-epson","7":"product_cat-impresoras","9":"first","10":"outofstock","11":"sale","12":"taxable","13":"shipping-taxable","14":"purchasable","15":"product-type-simple"},"uagb_featured_image_src":{"full":["https:\/\/rms-enlinea.com.ar\/wp-content\/uploads\/2025\/06\/D_905249-MLA85031011433_052025-F.jpg",992,1017,false],"thumbnail":["https:\/\/rms-enlinea.com.ar\/wp-content\/uploads\/2025\/06\/D_905249-MLA85031011433_052025-F-150x150.jpg",150,150,true],"medium":["https:\/\/rms-enlinea.com.ar\/wp-content\/uploads\/2025\/06\/D_905249-MLA85031011433_052025-F-293x300.jpg",293,300,true],"medium_large":["https:\/\/rms-enlinea.com.ar\/wp-content\/uploads\/2025\/06\/D_905249-MLA85031011433_052025-F-768x787.jpg",768,787,true],"large":["https:\/\/rms-enlinea.com.ar\/wp-content\/uploads\/2025\/06\/D_905249-MLA85031011433_052025-F.jpg",992,1017,false],"1536x1536":["https:\/\/rms-enlinea.com.ar\/wp-content\/uploads\/2025\/06\/D_905249-MLA85031011433_052025-F.jpg",992,1017,false],"2048x2048":["https:\/\/rms-enlinea.com.ar\/wp-content\/uploads\/2025\/06\/D_905249-MLA85031011433_052025-F.jpg",992,1017,false],"woocommerce_thumbnail":["https:\/\/rms-enlinea.com.ar\/wp-content\/uploads\/2025\/06\/D_905249-MLA85031011433_052025-F-450x450.jpg",450,450,true],"woocommerce_single":["https:\/\/rms-enlinea.com.ar\/wp-content\/uploads\/2025\/06\/D_905249-MLA85031011433_052025-F-600x615.jpg",600,615,true],"woocommerce_gallery_thumbnail":["https:\/\/rms-enlinea.com.ar\/wp-content\/uploads\/2025\/06\/D_905249-MLA85031011433_052025-F-100x100.jpg",100,100,true]},"uagb_author_info":{"display_name":"l0071054","author_link":"https:\/\/rms-enlinea.com.ar\/tienda\/author\/"},"uagb_comment_info":0,"uagb_excerpt":"Imprimir Tecnolog\u00eda de Impresi\u00f3n: Inyecci\u00f3n de tinta PrecisionCore\u00ae monocrom\u00e1tica optimizada Resoluci\u00f3n M\u00e1xima de Impresi\u00f3n: 1200 dpi x 2400 dpi Velocidad de Impresi\u00f3n ISO: 20 ppm negro (A4\/carta) Velocidad de Impresi\u00f3n: 39 ppm negro (borrador\/A4\/carta) Velocidad de Impresi\u00f3n ISO de doble faz: 9 ppm (A4\/carta) Tama\u00f1o M\u00ednimo de la Gota de Tinta: 2,8 picolitros con tecnolog\u00eda&hellip;","_links":{"self":[{"href":"https:\/\/rms-enlinea.com.ar\/tienda\/wp-json\/wp\/v2\/product\/21431","targetHints":{"allow":["GET"]}}],"collection":[{"href":"https:\/\/rms-enlinea.com.ar\/tienda\/wp-json\/wp\/v2\/product"}],"about":[{"href":"https:\/\/rms-enlinea.com.ar\/tienda\/wp-json\/wp\/v2\/types\/product"}],"replies":[{"embeddable":true,"href":"https:\/\/rms-enlinea.com.ar\/tienda\/wp-json\/wp\/v2\/comments?post=21431"}],"wp:featuredmedia":[{"embeddable":true,"href":"https:\/\/rms-enlinea.com.ar\/tienda\/wp-json\/wp\/v2\/media\/21432"}],"wp:attachment":[{"href":"https:\/\/rms-enlinea.com.ar\/tienda\/wp-json\/wp\/v2\/media?parent=21431"}],"wp:term":[{"taxonomy":"product_brand","embeddable":true,"href":"https:\/\/rms-enlinea.com.ar\/tienda\/wp-json\/wp\/v2\/product_brand?post=21431"},{"taxonomy":"product_cat","embeddable":true,"href":"https:\/\/rms-enlinea.com.ar\/tienda\/wp-json\/wp\/v2\/product_cat?post=21431"},{"taxonomy":"product_tag","embeddable":true,"href":"https:\/\/rms-enlinea.com.ar\/tienda\/wp-json\/wp\/v2\/product_tag?post=21431"}],"curies":[{"name":"wp","href":"https:\/\/api.w.org\/{rel}","templated":true}]}}