{"id":353,"date":"2025-06-12T01:43:12","date_gmt":"2025-06-12T04:43:12","guid":{"rendered":"https:\/\/rms-enlinea.com.ar\/tienda\/producto\/impresora-hp-smart-tank-sm210-sistema-continuo-wifi-3d4l3a\/"},"modified":"2026-04-06T13:45:14","modified_gmt":"2026-04-06T16:45:14","slug":"impresora-hp-smart-tank-sm210-sistema-continuo-wifi-3d4l3a","status":"publish","type":"product","link":"https:\/\/rms-enlinea.com.ar\/tienda\/producto\/impresora-hp-smart-tank-sm210-sistema-continuo-wifi-3d4l3a\/","title":{"rendered":"Impresora Hp Smart Tank Sm210 Sistema Continuo Wifi 3d4l3a"},"content":{"rendered":"<p>Tecnolog\u00eda         <br \/>Tecnolog\u00eda de impresi\u00f3n: Inyecci\u00f3n t\u00e9rmica de tinta HP<br \/>Funciones: Impresi\u00f3n<br \/>Impresi\u00f3n autom\u00e1tica a doble cara: Manual (soporte para controlador suministrado)<br \/>Tipo de soportes admitidos: Papel com\u00fan, Papeles para folletos mate, Papeles para folletos con brillo, Papeles fotogr\u00e1ficos, Sobres, Otros papeles especiales de inyecci\u00f3n de tinta<br \/>Conectividad    <br \/>Conexiones: 1 Wi-Fi 802.11b\/g\/n; 1 Wi-Fi Direct; 1 Hi-Speed USB 2.0 (dispositivo)<br \/>Rendimiento     <br \/>Velocidad b\/n: Negro (ISO): Hasta 12 ppm<br \/>Velocidad color: Color(ISO): Hasta 5 ppm<br \/>Capacidad de hojas: Hasta 100 hojas<br \/>Ciclo mensual (a4): Up to 3,000 pages<br \/>Resoluci\u00f3n de impresi\u00f3n: Hasta 1200 x 1200 ppp de reproducci\u00f3n<br \/>Otros   <br \/>Dimensiones del producto: 434.1 x 360 x 134.5 mm<br \/>Consumibles     <br \/>Botella de tinta original HP GT53 de 90 ml, negro, 1VV22AL<br \/>Botella de tinta original HP GT52, cian, M0H54AL<br \/>Botella de tinta original HP GT52 de 70 ml, magenta, M0H55AL<br \/>Botella de tinta original HP GT52 de 70 ml, amarill, M0H56AL<\/p>\n","protected":false},"excerpt":{"rendered":"<p>Tecnolog\u00eda Tecnolog\u00eda de impresi\u00f3n: Inyecci\u00f3n t\u00e9rmica de tinta HPFunciones: Impresi\u00f3nImpresi\u00f3n autom\u00e1tica a doble cara: Manual (soporte para controlador suministrado)Tipo de soportes admitidos: Papel com\u00fan, Papeles para folletos mate, Papeles para folletos con brillo, Papeles fotogr\u00e1ficos, Sobres, Otros papeles especiales de inyecci\u00f3n de tintaConectividad Conexiones: 1 Wi-Fi 802.11b\/g\/n; 1 Wi-Fi Direct; 1 Hi-Speed USB 2.0 (dispositivo)Rendimiento [&hellip;]<\/p>\n","protected":false},"featured_media":354,"comment_status":"open","ping_status":"closed","template":"","meta":{"_uag_custom_page_level_css":""},"product_brand":[552],"product_cat":[110],"product_tag":[],"class_list":{"0":"post-353","1":"product","2":"type-product","3":"status-publish","4":"has-post-thumbnail","6":"product_brand-hp","7":"product_cat-impresoras","9":"first","10":"outofstock","11":"sale","12":"taxable","13":"shipping-taxable","14":"purchasable","15":"product-type-simple"},"uagb_featured_image_src":{"full":["https:\/\/rms-enlinea.com.ar\/wp-content\/uploads\/2025\/06\/D_906068-MLU75051324082_032024-F.jpg",1057,508,false],"thumbnail":["https:\/\/rms-enlinea.com.ar\/wp-content\/uploads\/2025\/06\/D_906068-MLU75051324082_032024-F-150x150.jpg",150,150,true],"medium":["https:\/\/rms-enlinea.com.ar\/wp-content\/uploads\/2025\/06\/D_906068-MLU75051324082_032024-F-300x144.jpg",300,144,true],"medium_large":["https:\/\/rms-enlinea.com.ar\/wp-content\/uploads\/2025\/06\/D_906068-MLU75051324082_032024-F-768x369.jpg",768,369,true],"large":["https:\/\/rms-enlinea.com.ar\/wp-content\/uploads\/2025\/06\/D_906068-MLU75051324082_032024-F-1024x492.jpg",1024,492,true],"1536x1536":["https:\/\/rms-enlinea.com.ar\/wp-content\/uploads\/2025\/06\/D_906068-MLU75051324082_032024-F.jpg",1057,508,false],"2048x2048":["https:\/\/rms-enlinea.com.ar\/wp-content\/uploads\/2025\/06\/D_906068-MLU75051324082_032024-F.jpg",1057,508,false],"woocommerce_thumbnail":["https:\/\/rms-enlinea.com.ar\/wp-content\/uploads\/2025\/06\/D_906068-MLU75051324082_032024-F-450x450.jpg",450,450,true],"woocommerce_single":["https:\/\/rms-enlinea.com.ar\/wp-content\/uploads\/2025\/06\/D_906068-MLU75051324082_032024-F-600x288.jpg",600,288,true],"woocommerce_gallery_thumbnail":["https:\/\/rms-enlinea.com.ar\/wp-content\/uploads\/2025\/06\/D_906068-MLU75051324082_032024-F-100x100.jpg",100,100,true]},"uagb_author_info":{"display_name":"l0071054","author_link":"https:\/\/rms-enlinea.com.ar\/tienda\/author\/"},"uagb_comment_info":0,"uagb_excerpt":"Tecnolog\u00eda Tecnolog\u00eda de impresi\u00f3n: Inyecci\u00f3n t\u00e9rmica de tinta HPFunciones: Impresi\u00f3nImpresi\u00f3n autom\u00e1tica a doble cara: Manual (soporte para controlador suministrado)Tipo de soportes admitidos: Papel com\u00fan, Papeles para folletos mate, Papeles para folletos con brillo, Papeles fotogr\u00e1ficos, Sobres, Otros papeles especiales de inyecci\u00f3n de tintaConectividad Conexiones: 1 Wi-Fi 802.11b\/g\/n; 1 Wi-Fi Direct; 1 Hi-Speed USB 2.0 (dispositivo)Rendimiento&hellip;","_links":{"self":[{"href":"https:\/\/rms-enlinea.com.ar\/tienda\/wp-json\/wp\/v2\/product\/353","targetHints":{"allow":["GET"]}}],"collection":[{"href":"https:\/\/rms-enlinea.com.ar\/tienda\/wp-json\/wp\/v2\/product"}],"about":[{"href":"https:\/\/rms-enlinea.com.ar\/tienda\/wp-json\/wp\/v2\/types\/product"}],"replies":[{"embeddable":true,"href":"https:\/\/rms-enlinea.com.ar\/tienda\/wp-json\/wp\/v2\/comments?post=353"}],"wp:featuredmedia":[{"embeddable":true,"href":"https:\/\/rms-enlinea.com.ar\/tienda\/wp-json\/wp\/v2\/media\/354"}],"wp:attachment":[{"href":"https:\/\/rms-enlinea.com.ar\/tienda\/wp-json\/wp\/v2\/media?parent=353"}],"wp:term":[{"taxonomy":"product_brand","embeddable":true,"href":"https:\/\/rms-enlinea.com.ar\/tienda\/wp-json\/wp\/v2\/product_brand?post=353"},{"taxonomy":"product_cat","embeddable":true,"href":"https:\/\/rms-enlinea.com.ar\/tienda\/wp-json\/wp\/v2\/product_cat?post=353"},{"taxonomy":"product_tag","embeddable":true,"href":"https:\/\/rms-enlinea.com.ar\/tienda\/wp-json\/wp\/v2\/product_tag?post=353"}],"curies":[{"name":"wp","href":"https:\/\/api.w.org\/{rel}","templated":true}]}}