{"id":5003,"date":"2025-06-12T03:30:16","date_gmt":"2025-06-12T06:30:16","guid":{"rendered":"https:\/\/rms-enlinea.com.ar\/tienda\/producto\/procesador-amd-ryzen-7-7800x3d-am5-c-graficos-s-cooler\/"},"modified":"2026-04-06T15:50:55","modified_gmt":"2026-04-06T18:50:55","slug":"procesador-amd-ryzen-7-7800x3d-am5-c-graficos-s-cooler","status":"publish","type":"product","link":"https:\/\/rms-enlinea.com.ar\/tienda\/producto\/procesador-amd-ryzen-7-7800x3d-am5-c-graficos-s-cooler\/","title":{"rendered":"Procesador Amd Ryzen 7 7800x3d Am5 C\/ Graficos S\/ Cooler"},"content":{"rendered":"<p>Especificaciones generales<br \/>Plataforma  Escritorio<br \/>Familia de productos  Procesadores AMD Ryzen\u2122<br \/>L\u00ednea de producto  Procesadores AMD Ryzen\u2122 7<br \/>Tecnolog\u00edas AMD PRO  No<br \/>Uso del consumidor  Si<br \/>Disponibilidad regional  Global<br \/>N\u00b0 de n\u00facleos de CPU  8<br \/>Subprocesamiento m\u00faltiple (SMT)  Si<br \/>N\u00b0 de los hilos  16<br \/>Cach\u00e9 L1  512KB<br \/>Cach\u00e9 L2  8MB<br \/>Cach\u00e9 L3  96MB<br \/>TDP predeterminado  120W<br \/>Z\u00f3calo de la CPU  AM5<br \/>Conjuntos de chips compatibles  A620\/X670E\/X670\/B650E\/B650<\/p>\n","protected":false},"excerpt":{"rendered":"<p>Especificaciones generalesPlataforma EscritorioFamilia de productos Procesadores AMD Ryzen\u2122L\u00ednea de producto Procesadores AMD Ryzen\u2122 7Tecnolog\u00edas AMD PRO NoUso del consumidor SiDisponibilidad regional GlobalN\u00b0 de n\u00facleos de CPU 8Subprocesamiento m\u00faltiple (SMT) SiN\u00b0 de los hilos 16Cach\u00e9 L1 512KBCach\u00e9 L2 8MBCach\u00e9 L3 96MBTDP predeterminado 120WZ\u00f3calo de la CPU AM5Conjuntos de chips compatibles A620\/X670E\/X670\/B650E\/B650<\/p>\n","protected":false},"featured_media":5004,"comment_status":"open","ping_status":"closed","template":"","meta":{"_uag_custom_page_level_css":""},"product_brand":[531],"product_cat":[15],"product_tag":[],"class_list":{"0":"post-5003","1":"product","2":"type-product","3":"status-publish","4":"has-post-thumbnail","6":"product_brand-amd","7":"product_cat-sin-categorizar","9":"first","10":"outofstock","11":"sale","12":"taxable","13":"shipping-taxable","14":"purchasable","15":"product-type-simple"},"uagb_featured_image_src":{"full":["https:\/\/rms-enlinea.com.ar\/wp-content\/uploads\/2025\/06\/D_670184-MLA54974087756_042023-F.jpg",826,776,false],"thumbnail":["https:\/\/rms-enlinea.com.ar\/wp-content\/uploads\/2025\/06\/D_670184-MLA54974087756_042023-F-150x150.jpg",150,150,true],"medium":["https:\/\/rms-enlinea.com.ar\/wp-content\/uploads\/2025\/06\/D_670184-MLA54974087756_042023-F-300x282.jpg",300,282,true],"medium_large":["https:\/\/rms-enlinea.com.ar\/wp-content\/uploads\/2025\/06\/D_670184-MLA54974087756_042023-F-768x722.jpg",768,722,true],"large":["https:\/\/rms-enlinea.com.ar\/wp-content\/uploads\/2025\/06\/D_670184-MLA54974087756_042023-F.jpg",826,776,false],"1536x1536":["https:\/\/rms-enlinea.com.ar\/wp-content\/uploads\/2025\/06\/D_670184-MLA54974087756_042023-F.jpg",826,776,false],"2048x2048":["https:\/\/rms-enlinea.com.ar\/wp-content\/uploads\/2025\/06\/D_670184-MLA54974087756_042023-F.jpg",826,776,false],"woocommerce_thumbnail":["https:\/\/rms-enlinea.com.ar\/wp-content\/uploads\/2025\/06\/D_670184-MLA54974087756_042023-F-450x450.jpg",450,450,true],"woocommerce_single":["https:\/\/rms-enlinea.com.ar\/wp-content\/uploads\/2025\/06\/D_670184-MLA54974087756_042023-F-600x564.jpg",600,564,true],"woocommerce_gallery_thumbnail":["https:\/\/rms-enlinea.com.ar\/wp-content\/uploads\/2025\/06\/D_670184-MLA54974087756_042023-F-100x100.jpg",100,100,true]},"uagb_author_info":{"display_name":"l0071054","author_link":"https:\/\/rms-enlinea.com.ar\/tienda\/author\/"},"uagb_comment_info":0,"uagb_excerpt":"Especificaciones generalesPlataforma EscritorioFamilia de productos Procesadores AMD Ryzen\u2122L\u00ednea de producto Procesadores AMD Ryzen\u2122 7Tecnolog\u00edas AMD PRO NoUso del consumidor SiDisponibilidad regional GlobalN\u00b0 de n\u00facleos de CPU 8Subprocesamiento m\u00faltiple (SMT) SiN\u00b0 de los hilos 16Cach\u00e9 L1 512KBCach\u00e9 L2 8MBCach\u00e9 L3 96MBTDP predeterminado 120WZ\u00f3calo de la CPU AM5Conjuntos de chips compatibles A620\/X670E\/X670\/B650E\/B650","_links":{"self":[{"href":"https:\/\/rms-enlinea.com.ar\/tienda\/wp-json\/wp\/v2\/product\/5003","targetHints":{"allow":["GET"]}}],"collection":[{"href":"https:\/\/rms-enlinea.com.ar\/tienda\/wp-json\/wp\/v2\/product"}],"about":[{"href":"https:\/\/rms-enlinea.com.ar\/tienda\/wp-json\/wp\/v2\/types\/product"}],"replies":[{"embeddable":true,"href":"https:\/\/rms-enlinea.com.ar\/tienda\/wp-json\/wp\/v2\/comments?post=5003"}],"wp:featuredmedia":[{"embeddable":true,"href":"https:\/\/rms-enlinea.com.ar\/tienda\/wp-json\/wp\/v2\/media\/5004"}],"wp:attachment":[{"href":"https:\/\/rms-enlinea.com.ar\/tienda\/wp-json\/wp\/v2\/media?parent=5003"}],"wp:term":[{"taxonomy":"product_brand","embeddable":true,"href":"https:\/\/rms-enlinea.com.ar\/tienda\/wp-json\/wp\/v2\/product_brand?post=5003"},{"taxonomy":"product_cat","embeddable":true,"href":"https:\/\/rms-enlinea.com.ar\/tienda\/wp-json\/wp\/v2\/product_cat?post=5003"},{"taxonomy":"product_tag","embeddable":true,"href":"https:\/\/rms-enlinea.com.ar\/tienda\/wp-json\/wp\/v2\/product_tag?post=5003"}],"curies":[{"name":"wp","href":"https:\/\/api.w.org\/{rel}","templated":true}]}}