{"id":50287,"date":"2025-07-01T12:22:38","date_gmt":"2025-07-01T15:22:38","guid":{"rendered":"https:\/\/rms-enlinea.com.ar\/tienda\/producto\/subwoofer-activo-proel-s10a-10-pulgadas-350w-rms-119db\/"},"modified":"2026-04-21T04:35:28","modified_gmt":"2026-04-21T07:35:28","slug":"subwoofer-activo-proel-s10a-10-pulgadas-350w-rms-119db","status":"publish","type":"product","link":"https:\/\/rms-enlinea.com.ar\/tienda\/producto\/subwoofer-activo-proel-s10a-10-pulgadas-350w-rms-119db\/","title":{"rendered":"Subwoofer Activo Proel S10a 10 Pulgadas 350w Rms 119db"},"content":{"rendered":"<p>PROEL presenta la Serie S, una nueva gama de subwoofers compactos y potentes dise\u00f1ados para complementar los altavoces de rango completo PROEL. La variedad de tama\u00f1o, potencia y SPL que ofrecen los cuatro modelos S activos proporciona, a un precio inmejorable, la soluci\u00f3n perfecta para la extensi\u00f3n de graves de cualquier modelo de altavoz de la gama PROEL.<br \/>Todos los modelos S incorporan woofers de alta excursi\u00f3n en configuraci\u00f3n H\u00edbrida de Paso de Banda (HBP). Este innovador dise\u00f1o proporciona una mayor eficiencia en comparaci\u00f3n con los subwoofers de radiaci\u00f3n directa y, adem\u00e1s, garantiza un acoplamiento mucho mejor de los conductos de sintonizaci\u00f3n con el aire exterior, reduciendo la distorsi\u00f3n y la turbulencia del aire, para un sonido m\u00e1s definido y graves profundos y contundentes.<br \/>Los nuevos m\u00f3dulos amplificadores de CLASE D con SMPS (Fuente de Alimentaci\u00f3n Conmutada) pueden generar una gran cantidad de potencia continua en un formato compacto, ligero y fiable. Todos los m\u00f3dulos incluyen una secci\u00f3n de preamplificador EST\u00c9REO, filtros de cruce de 24 dB\/oct. con frecuencia seleccionable e interruptor de inversi\u00f3n de FASE.<br \/>Los armarios est\u00e1n fabricados con madera contrachapada de 15\/18 mm y acabados con pintura de poliuretano extraduradera. Cuentan con dos tiradores empotrados y cuatro ruedas robustas de 75 mm para facilitar su transporte (solo modelos S15 y S18).<\/p>\n<p>Subwoofer activo compacto HBP<br \/>Woofer de 10\u201d con VC de 2\u201d para una respuesta profunda y extendida<br \/>Potencia m\u00e1xima de 700 W<br \/>Entrada, enlace y salida EST\u00c9REO<br \/>SPL M\u00c1XIMO 119 dB<br \/>Respuesta de frecuencia 46 Hz &#8211; 160 Hz<\/p>\n","protected":false},"excerpt":{"rendered":"<p>PROEL presenta la Serie S, una nueva gama de subwoofers compactos y potentes dise\u00f1ados para complementar los altavoces de rango completo PROEL. La variedad de tama\u00f1o, potencia y SPL que ofrecen los cuatro modelos S activos proporciona, a un precio inmejorable, la soluci\u00f3n perfecta para la extensi\u00f3n de graves de cualquier modelo de altavoz de [&hellip;]<\/p>\n","protected":false},"featured_media":50288,"comment_status":"open","ping_status":"closed","template":"","meta":{"_uag_custom_page_level_css":""},"product_brand":[501],"product_cat":[15],"product_tag":[],"class_list":{"0":"post-50287","1":"product","2":"type-product","3":"status-publish","4":"has-post-thumbnail","6":"product_brand-proel","7":"product_cat-sin-categorizar","9":"first","10":"outofstock","11":"sale","12":"taxable","13":"shipping-taxable","14":"purchasable","15":"product-type-simple"},"uagb_featured_image_src":{"full":["https:\/\/rms-enlinea.com.ar\/wp-content\/uploads\/2025\/07\/D_602074-MLA86734335016_072025-F.jpg",898,950,false],"thumbnail":["https:\/\/rms-enlinea.com.ar\/wp-content\/uploads\/2025\/07\/D_602074-MLA86734335016_072025-F-150x150.jpg",150,150,true],"medium":["https:\/\/rms-enlinea.com.ar\/wp-content\/uploads\/2025\/07\/D_602074-MLA86734335016_072025-F-284x300.jpg",284,300,true],"medium_large":["https:\/\/rms-enlinea.com.ar\/wp-content\/uploads\/2025\/07\/D_602074-MLA86734335016_072025-F-768x812.jpg",768,812,true],"large":["https:\/\/rms-enlinea.com.ar\/wp-content\/uploads\/2025\/07\/D_602074-MLA86734335016_072025-F.jpg",898,950,false],"1536x1536":["https:\/\/rms-enlinea.com.ar\/wp-content\/uploads\/2025\/07\/D_602074-MLA86734335016_072025-F.jpg",898,950,false],"2048x2048":["https:\/\/rms-enlinea.com.ar\/wp-content\/uploads\/2025\/07\/D_602074-MLA86734335016_072025-F.jpg",898,950,false],"woocommerce_thumbnail":["https:\/\/rms-enlinea.com.ar\/wp-content\/uploads\/2025\/07\/D_602074-MLA86734335016_072025-F-450x450.jpg",450,450,true],"woocommerce_single":["https:\/\/rms-enlinea.com.ar\/wp-content\/uploads\/2025\/07\/D_602074-MLA86734335016_072025-F-600x635.jpg",600,635,true],"woocommerce_gallery_thumbnail":["https:\/\/rms-enlinea.com.ar\/wp-content\/uploads\/2025\/07\/D_602074-MLA86734335016_072025-F-100x100.jpg",100,100,true]},"uagb_author_info":{"display_name":"mario","author_link":"https:\/\/rms-enlinea.com.ar\/tienda\/author\/"},"uagb_comment_info":0,"uagb_excerpt":"PROEL presenta la Serie S, una nueva gama de subwoofers compactos y potentes dise\u00f1ados para complementar los altavoces de rango completo PROEL. La variedad de tama\u00f1o, potencia y SPL que ofrecen los cuatro modelos S activos proporciona, a un precio inmejorable, la soluci\u00f3n perfecta para la extensi\u00f3n de graves de cualquier modelo de altavoz de&hellip;","_links":{"self":[{"href":"https:\/\/rms-enlinea.com.ar\/tienda\/wp-json\/wp\/v2\/product\/50287","targetHints":{"allow":["GET"]}}],"collection":[{"href":"https:\/\/rms-enlinea.com.ar\/tienda\/wp-json\/wp\/v2\/product"}],"about":[{"href":"https:\/\/rms-enlinea.com.ar\/tienda\/wp-json\/wp\/v2\/types\/product"}],"replies":[{"embeddable":true,"href":"https:\/\/rms-enlinea.com.ar\/tienda\/wp-json\/wp\/v2\/comments?post=50287"}],"wp:featuredmedia":[{"embeddable":true,"href":"https:\/\/rms-enlinea.com.ar\/tienda\/wp-json\/wp\/v2\/media\/50288"}],"wp:attachment":[{"href":"https:\/\/rms-enlinea.com.ar\/tienda\/wp-json\/wp\/v2\/media?parent=50287"}],"wp:term":[{"taxonomy":"product_brand","embeddable":true,"href":"https:\/\/rms-enlinea.com.ar\/tienda\/wp-json\/wp\/v2\/product_brand?post=50287"},{"taxonomy":"product_cat","embeddable":true,"href":"https:\/\/rms-enlinea.com.ar\/tienda\/wp-json\/wp\/v2\/product_cat?post=50287"},{"taxonomy":"product_tag","embeddable":true,"href":"https:\/\/rms-enlinea.com.ar\/tienda\/wp-json\/wp\/v2\/product_tag?post=50287"}],"curies":[{"name":"wp","href":"https:\/\/api.w.org\/{rel}","templated":true}]}}