{"id":50308,"date":"2025-07-01T12:50:11","date_gmt":"2025-07-01T15:50:11","guid":{"rendered":"https:\/\/rms-enlinea.com.ar\/tienda\/producto\/monitores-de-estudio-amplificados-6-eikon-by-proel-ek6nf\/"},"modified":"2026-03-31T19:56:26","modified_gmt":"2026-03-31T22:56:26","slug":"monitores-de-estudio-amplificados-6-eikon-by-proel-ek6nf","status":"publish","type":"product","link":"https:\/\/rms-enlinea.com.ar\/tienda\/producto\/monitores-de-estudio-amplificados-6-eikon-by-proel-ek6nf\/","title":{"rendered":"Monitores De Estudio Amplificados 6 Eikon By Proel Ek6nf"},"content":{"rendered":"<p>Tipo de sistema\tRecinto ventilado de 2 v\u00edas<br \/>Dispositivo de alta frecuencia\tTweeter de c\u00fapula de 1&#8243; sobre gu\u00eda de ondas el\u00edptica<br \/>Dispositivo de baja frecuencia\tWoofer de 6,5\u201d con cono reforzado con fibra de vidrio<br \/>Cobertura angular\t90\u00b0 de alto x 60\u00b0 de ancho<br \/>Potencia continua del amplificador de alta frecuencia\tClase AB de 35 W<br \/>Potencia continua del amplificador LF\tClase AB de 60 W<br \/>Tratamiento\tCosa an\u00e1loga<br \/>Respuesta de frecuencia\t50 Hz &#8211; 20 kHz<br \/>Presi\u00f3n sonora m\u00e1xima\t106 dB<br \/>Conectores\tConector de 1\/4\u201d, XLR-H, RCA<br \/>Controles\tNIVEL, AJUSTE HF<br \/>Construcci\u00f3n\tGabinete de MDF laminado en vinilo con frente de ABS<br \/>Color del gabinete\tNegro<br \/>Fuente de alimentaci\u00f3n\t230 VCA o 120 VCA 50\/60 Hz con selector de VOLTAJE DE L\u00cdNEA<br \/>Dimensiones (An x Al x Pr)\t225 x 320 x 270 mm<br \/>Peso\t8 kilos<\/p>\n","protected":false},"excerpt":{"rendered":"<p>Tipo de sistema Recinto ventilado de 2 v\u00edasDispositivo de alta frecuencia Tweeter de c\u00fapula de 1&#8243; sobre gu\u00eda de ondas el\u00edpticaDispositivo de baja frecuencia Woofer de 6,5\u201d con cono reforzado con fibra de vidrioCobertura angular 90\u00b0 de alto x 60\u00b0 de anchoPotencia continua del amplificador de alta frecuencia Clase AB de 35 WPotencia continua del [&hellip;]<\/p>\n","protected":false},"featured_media":50309,"comment_status":"open","ping_status":"closed","template":"","meta":{"_uag_custom_page_level_css":""},"product_brand":[501],"product_cat":[15],"product_tag":[],"class_list":{"0":"post-50308","1":"product","2":"type-product","3":"status-publish","4":"has-post-thumbnail","6":"product_brand-proel","7":"product_cat-sin-categorizar","9":"first","10":"outofstock","11":"sale","12":"taxable","13":"shipping-taxable","14":"purchasable","15":"product-type-simple"},"uagb_featured_image_src":{"full":["https:\/\/rms-enlinea.com.ar\/wp-content\/uploads\/2025\/07\/D_804969-MLA86734494448_072025-F.jpg",1200,719,false],"thumbnail":["https:\/\/rms-enlinea.com.ar\/wp-content\/uploads\/2025\/07\/D_804969-MLA86734494448_072025-F-150x150.jpg",150,150,true],"medium":["https:\/\/rms-enlinea.com.ar\/wp-content\/uploads\/2025\/07\/D_804969-MLA86734494448_072025-F-300x180.jpg",300,180,true],"medium_large":["https:\/\/rms-enlinea.com.ar\/wp-content\/uploads\/2025\/07\/D_804969-MLA86734494448_072025-F-768x460.jpg",768,460,true],"large":["https:\/\/rms-enlinea.com.ar\/wp-content\/uploads\/2025\/07\/D_804969-MLA86734494448_072025-F-1024x614.jpg",1024,614,true],"1536x1536":["https:\/\/rms-enlinea.com.ar\/wp-content\/uploads\/2025\/07\/D_804969-MLA86734494448_072025-F.jpg",1200,719,false],"2048x2048":["https:\/\/rms-enlinea.com.ar\/wp-content\/uploads\/2025\/07\/D_804969-MLA86734494448_072025-F.jpg",1200,719,false],"woocommerce_thumbnail":["https:\/\/rms-enlinea.com.ar\/wp-content\/uploads\/2025\/07\/D_804969-MLA86734494448_072025-F-450x450.jpg",450,450,true],"woocommerce_single":["https:\/\/rms-enlinea.com.ar\/wp-content\/uploads\/2025\/07\/D_804969-MLA86734494448_072025-F-600x360.jpg",600,360,true],"woocommerce_gallery_thumbnail":["https:\/\/rms-enlinea.com.ar\/wp-content\/uploads\/2025\/07\/D_804969-MLA86734494448_072025-F-100x100.jpg",100,100,true]},"uagb_author_info":{"display_name":"mario","author_link":"https:\/\/rms-enlinea.com.ar\/tienda\/author\/"},"uagb_comment_info":0,"uagb_excerpt":"Tipo de sistema Recinto ventilado de 2 v\u00edasDispositivo de alta frecuencia Tweeter de c\u00fapula de 1&#8243; sobre gu\u00eda de ondas el\u00edpticaDispositivo de baja frecuencia Woofer de 6,5\u201d con cono reforzado con fibra de vidrioCobertura angular 90\u00b0 de alto x 60\u00b0 de anchoPotencia continua del amplificador de alta frecuencia Clase AB de 35 WPotencia continua del&hellip;","_links":{"self":[{"href":"https:\/\/rms-enlinea.com.ar\/tienda\/wp-json\/wp\/v2\/product\/50308","targetHints":{"allow":["GET"]}}],"collection":[{"href":"https:\/\/rms-enlinea.com.ar\/tienda\/wp-json\/wp\/v2\/product"}],"about":[{"href":"https:\/\/rms-enlinea.com.ar\/tienda\/wp-json\/wp\/v2\/types\/product"}],"replies":[{"embeddable":true,"href":"https:\/\/rms-enlinea.com.ar\/tienda\/wp-json\/wp\/v2\/comments?post=50308"}],"wp:featuredmedia":[{"embeddable":true,"href":"https:\/\/rms-enlinea.com.ar\/tienda\/wp-json\/wp\/v2\/media\/50309"}],"wp:attachment":[{"href":"https:\/\/rms-enlinea.com.ar\/tienda\/wp-json\/wp\/v2\/media?parent=50308"}],"wp:term":[{"taxonomy":"product_brand","embeddable":true,"href":"https:\/\/rms-enlinea.com.ar\/tienda\/wp-json\/wp\/v2\/product_brand?post=50308"},{"taxonomy":"product_cat","embeddable":true,"href":"https:\/\/rms-enlinea.com.ar\/tienda\/wp-json\/wp\/v2\/product_cat?post=50308"},{"taxonomy":"product_tag","embeddable":true,"href":"https:\/\/rms-enlinea.com.ar\/tienda\/wp-json\/wp\/v2\/product_tag?post=50308"}],"curies":[{"name":"wp","href":"https:\/\/api.w.org\/{rel}","templated":true}]}}