{"id":50341,"date":"2025-07-01T13:30:23","date_gmt":"2025-07-01T16:30:23","guid":{"rendered":"https:\/\/rms-enlinea.com.ar\/tienda\/producto\/bafle-activo-2-vias-10-pulgadas-600w-123db-proel-v10plus\/"},"modified":"2026-02-20T20:38:34","modified_gmt":"2026-02-20T23:38:34","slug":"bafle-activo-2-vias-10-pulgadas-600w-123db-proel-v10plus","status":"publish","type":"product","link":"https:\/\/rms-enlinea.com.ar\/tienda\/producto\/bafle-activo-2-vias-10-pulgadas-600w-123db-proel-v10plus\/","title":{"rendered":"Bafle Activo 2 Vias 10 Pulgadas 600w 123db Proel V10plus"},"content":{"rendered":"<p>La serie V PLUS es la evoluci\u00f3n de la aclamada serie V de altavoces autoamplificados PROEL, que ofrece un valor absoluto en t\u00e9rminos de rendimiento, ingenier\u00eda y dise\u00f1o a un precio m\u00e1s asequible. Estos altavoces ultraport\u00e1tiles combinan, en cajas ligeras y cuidadosamente dise\u00f1adas, el sonido PROEL m\u00e1s n\u00edtido y preciso con tecnolog\u00eda de amplificaci\u00f3n de clase D y fuente de alimentaci\u00f3n conmutada (SPA), ofreciendo una soluci\u00f3n de PA insuperable a su precio.<br \/>Los tres modelos, V10PLUS, V12PLUS y V15PLUS, incorporan un m\u00f3dulo amplificador extremadamente eficiente capaz de entregar 600 W de potencia robusta a los transductores. Gracias al uso de la tecnolog\u00eda SMPS, esta potencia se presenta en un paquete ultraligero, convirtiendo a los V PLUS en los altavoces PROEL m\u00e1s port\u00e1tiles hasta la fecha. El m\u00f3dulo de potencia se encuentra en una caja de aluminio completamente sellada, que proporciona protecci\u00f3n, un aislamiento perfecto de la caja del exterior y una refrigeraci\u00f3n extremadamente eficiente.<br \/>Gracias a los altavoces cuidadosamente seleccionados y a la sofisticada electr\u00f3nica activa, que incluye dos limitadores de clip para un sonido sin distorsi\u00f3n incluso al m\u00e1ximo volumen, el sonido del V PLUS se ha optimizado al m\u00e1ximo para ofrecer un rendimiento excepcional en este rango de precio.<br \/>Los altavoces del V PLUS, expresi\u00f3n del dise\u00f1o italiano m\u00e1s avanzado, incluyen un asa superior tipo maleta superc\u00f3moda para transportarlos f\u00e1cilmente. Su forma inclinada permite colocarlos de lado y usarlos tambi\u00e9n como monitores de escenario.<\/p>\n<p>Sistema de altavoces biamplificados de 2 v\u00edas<br \/>Controlador de compresi\u00f3n de NEODIMIO de 1\u201d<br \/>Bocina de cobertura constante de 90\u00b0 x 60\u00b0<br \/>Woofer de 10\u201d de alta excursi\u00f3n con VC de 2\u201d<br \/>Amplificador de potencia de 600 W Clase D + AB con SMPS<br \/>Procesador activo integrado con circuito LIMITADOR dual <br \/>Entrada MIC\/LINE con ecualizador de 2 bandas<br \/>LED frontal con selecci\u00f3n de ENCENDIDO o SE\u00d1AL\/CLIP <br \/>SPL M\u00c1XIMO: 123 dB<br \/>Respuesta de frecuencia: 60 Hz &#8211; 20 kHz<br \/>Gabinete ultraligero de polipropileno reforzado<br \/>Asa superior para un transporte sin esfuerzo<br \/>Forma inclinada para su uso como monitor de escenario.<br \/>Cuatro puntos de vuelo M10<br \/>10 kg de peso total<\/p>\n","protected":false},"excerpt":{"rendered":"<p>La serie V PLUS es la evoluci\u00f3n de la aclamada serie V de altavoces autoamplificados PROEL, que ofrece un valor absoluto en t\u00e9rminos de rendimiento, ingenier\u00eda y dise\u00f1o a un precio m\u00e1s asequible. Estos altavoces ultraport\u00e1tiles combinan, en cajas ligeras y cuidadosamente dise\u00f1adas, el sonido PROEL m\u00e1s n\u00edtido y preciso con tecnolog\u00eda de amplificaci\u00f3n de [&hellip;]<\/p>\n","protected":false},"featured_media":50342,"comment_status":"open","ping_status":"closed","template":"","meta":{"_uag_custom_page_level_css":""},"product_brand":[501],"product_cat":[36],"product_tag":[],"class_list":{"0":"post-50341","1":"product","2":"type-product","3":"status-publish","4":"has-post-thumbnail","6":"product_brand-proel","7":"product_cat-bafles","9":"first","10":"instock","11":"sale","12":"taxable","13":"shipping-taxable","14":"purchasable","15":"product-type-simple"},"uagb_featured_image_src":{"full":["https:\/\/rms-enlinea.com.ar\/wp-content\/uploads\/2025\/07\/D_777840-MLA86736283742_072025-F.jpg",641,974,false],"thumbnail":["https:\/\/rms-enlinea.com.ar\/wp-content\/uploads\/2025\/07\/D_777840-MLA86736283742_072025-F-150x150.jpg",150,150,true],"medium":["https:\/\/rms-enlinea.com.ar\/wp-content\/uploads\/2025\/07\/D_777840-MLA86736283742_072025-F-197x300.jpg",197,300,true],"medium_large":["https:\/\/rms-enlinea.com.ar\/wp-content\/uploads\/2025\/07\/D_777840-MLA86736283742_072025-F.jpg",641,974,false],"large":["https:\/\/rms-enlinea.com.ar\/wp-content\/uploads\/2025\/07\/D_777840-MLA86736283742_072025-F.jpg",641,974,false],"1536x1536":["https:\/\/rms-enlinea.com.ar\/wp-content\/uploads\/2025\/07\/D_777840-MLA86736283742_072025-F.jpg",641,974,false],"2048x2048":["https:\/\/rms-enlinea.com.ar\/wp-content\/uploads\/2025\/07\/D_777840-MLA86736283742_072025-F.jpg",641,974,false],"woocommerce_thumbnail":["https:\/\/rms-enlinea.com.ar\/wp-content\/uploads\/2025\/07\/D_777840-MLA86736283742_072025-F-450x450.jpg",450,450,true],"woocommerce_single":["https:\/\/rms-enlinea.com.ar\/wp-content\/uploads\/2025\/07\/D_777840-MLA86736283742_072025-F-600x912.jpg",600,912,true],"woocommerce_gallery_thumbnail":["https:\/\/rms-enlinea.com.ar\/wp-content\/uploads\/2025\/07\/D_777840-MLA86736283742_072025-F-100x100.jpg",100,100,true]},"uagb_author_info":{"display_name":"mario","author_link":"https:\/\/rms-enlinea.com.ar\/tienda\/author\/"},"uagb_comment_info":0,"uagb_excerpt":"La serie V PLUS es la evoluci\u00f3n de la aclamada serie V de altavoces autoamplificados PROEL, que ofrece un valor absoluto en t\u00e9rminos de rendimiento, ingenier\u00eda y dise\u00f1o a un precio m\u00e1s asequible. Estos altavoces ultraport\u00e1tiles combinan, en cajas ligeras y cuidadosamente dise\u00f1adas, el sonido PROEL m\u00e1s n\u00edtido y preciso con tecnolog\u00eda de amplificaci\u00f3n de&hellip;","_links":{"self":[{"href":"https:\/\/rms-enlinea.com.ar\/tienda\/wp-json\/wp\/v2\/product\/50341","targetHints":{"allow":["GET"]}}],"collection":[{"href":"https:\/\/rms-enlinea.com.ar\/tienda\/wp-json\/wp\/v2\/product"}],"about":[{"href":"https:\/\/rms-enlinea.com.ar\/tienda\/wp-json\/wp\/v2\/types\/product"}],"replies":[{"embeddable":true,"href":"https:\/\/rms-enlinea.com.ar\/tienda\/wp-json\/wp\/v2\/comments?post=50341"}],"wp:featuredmedia":[{"embeddable":true,"href":"https:\/\/rms-enlinea.com.ar\/tienda\/wp-json\/wp\/v2\/media\/50342"}],"wp:attachment":[{"href":"https:\/\/rms-enlinea.com.ar\/tienda\/wp-json\/wp\/v2\/media?parent=50341"}],"wp:term":[{"taxonomy":"product_brand","embeddable":true,"href":"https:\/\/rms-enlinea.com.ar\/tienda\/wp-json\/wp\/v2\/product_brand?post=50341"},{"taxonomy":"product_cat","embeddable":true,"href":"https:\/\/rms-enlinea.com.ar\/tienda\/wp-json\/wp\/v2\/product_cat?post=50341"},{"taxonomy":"product_tag","embeddable":true,"href":"https:\/\/rms-enlinea.com.ar\/tienda\/wp-json\/wp\/v2\/product_tag?post=50341"}],"curies":[{"name":"wp","href":"https:\/\/api.w.org\/{rel}","templated":true}]}}