{"id":50415,"date":"2025-07-03T00:10:36","date_gmt":"2025-07-03T03:10:36","guid":{"rendered":"https:\/\/rms-enlinea.com.ar\/tienda\/producto\/water-cooling-corsair-nautilus-2x-argb-negro-240mm-rs\/"},"modified":"2026-04-21T05:01:27","modified_gmt":"2026-04-21T08:01:27","slug":"water-cooling-corsair-nautilus-2x-argb-negro-240mm-rs","status":"publish","type":"product","link":"https:\/\/rms-enlinea.com.ar\/tienda\/producto\/water-cooling-corsair-nautilus-2x-argb-negro-240mm-rs\/","title":{"rendered":"Water Cooling Corsair Nautilus 2x Argb Negro 240mm Rs"},"content":{"rendered":"<p>Longitud 275<br \/>\nAncho 125<br \/>\nAltura 125<br \/>\nIluminaci\u00f3n RGB<br \/>\nN\u00famero de fans 2<br \/>\nMaterial de la placa fr\u00eda Cobre<br \/>\nMaterial del radiador Aluminio<br \/>\nSoporte de z\u00f3calo de refrigeraci\u00f3n Intel 1851, Intel 1700, AMD AM5,<\/p>\n","protected":false},"excerpt":{"rendered":"<p>Longitud 275 Ancho 125 Altura 125 Iluminaci\u00f3n RGB N\u00famero de fans 2 Material de la placa fr\u00eda Cobre Material del radiador Aluminio Soporte de z\u00f3calo de refrigeraci\u00f3n Intel 1851, Intel 1700, AMD AM5,<\/p>\n","protected":false},"featured_media":50416,"comment_status":"open","ping_status":"closed","template":"","meta":{"_uag_custom_page_level_css":""},"product_brand":[555],"product_cat":[105],"product_tag":[],"class_list":{"0":"post-50415","1":"product","2":"type-product","3":"status-publish","4":"has-post-thumbnail","6":"product_brand-corsair","7":"product_cat-cooler-y-sistemas-de-refrigeracion","9":"first","10":"outofstock","11":"sale","12":"taxable","13":"shipping-taxable","14":"purchasable","15":"product-type-simple"},"uagb_featured_image_src":{"full":["https:\/\/rms-enlinea.com.ar\/wp-content\/uploads\/2025\/07\/D_765289-MLA86836845688_072025-F.jpg",547,298,false],"thumbnail":["https:\/\/rms-enlinea.com.ar\/wp-content\/uploads\/2025\/07\/D_765289-MLA86836845688_072025-F-150x150.jpg",150,150,true],"medium":["https:\/\/rms-enlinea.com.ar\/wp-content\/uploads\/2025\/07\/D_765289-MLA86836845688_072025-F-300x163.jpg",300,163,true],"medium_large":["https:\/\/rms-enlinea.com.ar\/wp-content\/uploads\/2025\/07\/D_765289-MLA86836845688_072025-F.jpg",547,298,false],"large":["https:\/\/rms-enlinea.com.ar\/wp-content\/uploads\/2025\/07\/D_765289-MLA86836845688_072025-F.jpg",547,298,false],"1536x1536":["https:\/\/rms-enlinea.com.ar\/wp-content\/uploads\/2025\/07\/D_765289-MLA86836845688_072025-F.jpg",547,298,false],"2048x2048":["https:\/\/rms-enlinea.com.ar\/wp-content\/uploads\/2025\/07\/D_765289-MLA86836845688_072025-F.jpg",547,298,false],"woocommerce_thumbnail":["https:\/\/rms-enlinea.com.ar\/wp-content\/uploads\/2025\/07\/D_765289-MLA86836845688_072025-F-450x298.jpg",450,298,true],"woocommerce_single":["https:\/\/rms-enlinea.com.ar\/wp-content\/uploads\/2025\/07\/D_765289-MLA86836845688_072025-F.jpg",547,298,false],"woocommerce_gallery_thumbnail":["https:\/\/rms-enlinea.com.ar\/wp-content\/uploads\/2025\/07\/D_765289-MLA86836845688_072025-F-100x100.jpg",100,100,true]},"uagb_author_info":{"display_name":"mario","author_link":"https:\/\/rms-enlinea.com.ar\/tienda\/author\/"},"uagb_comment_info":0,"uagb_excerpt":"Longitud 275 Ancho 125 Altura 125 Iluminaci\u00f3n RGB N\u00famero de fans 2 Material de la placa fr\u00eda Cobre Material del radiador Aluminio Soporte de z\u00f3calo de refrigeraci\u00f3n Intel 1851, Intel 1700, AMD AM5,","_links":{"self":[{"href":"https:\/\/rms-enlinea.com.ar\/tienda\/wp-json\/wp\/v2\/product\/50415","targetHints":{"allow":["GET"]}}],"collection":[{"href":"https:\/\/rms-enlinea.com.ar\/tienda\/wp-json\/wp\/v2\/product"}],"about":[{"href":"https:\/\/rms-enlinea.com.ar\/tienda\/wp-json\/wp\/v2\/types\/product"}],"replies":[{"embeddable":true,"href":"https:\/\/rms-enlinea.com.ar\/tienda\/wp-json\/wp\/v2\/comments?post=50415"}],"wp:featuredmedia":[{"embeddable":true,"href":"https:\/\/rms-enlinea.com.ar\/tienda\/wp-json\/wp\/v2\/media\/50416"}],"wp:attachment":[{"href":"https:\/\/rms-enlinea.com.ar\/tienda\/wp-json\/wp\/v2\/media?parent=50415"}],"wp:term":[{"taxonomy":"product_brand","embeddable":true,"href":"https:\/\/rms-enlinea.com.ar\/tienda\/wp-json\/wp\/v2\/product_brand?post=50415"},{"taxonomy":"product_cat","embeddable":true,"href":"https:\/\/rms-enlinea.com.ar\/tienda\/wp-json\/wp\/v2\/product_cat?post=50415"},{"taxonomy":"product_tag","embeddable":true,"href":"https:\/\/rms-enlinea.com.ar\/tienda\/wp-json\/wp\/v2\/product_tag?post=50415"}],"curies":[{"name":"wp","href":"https:\/\/api.w.org\/{rel}","templated":true}]}}