{"id":50673,"date":"2025-07-08T13:28:20","date_gmt":"2025-07-08T16:28:20","guid":{"rendered":"https:\/\/rms-enlinea.com.ar\/tienda\/producto\/microfono-inalambrico-mano-ikon-by-proel-ekjma-sistema-ekjm\/"},"modified":"2026-04-21T06:46:21","modified_gmt":"2026-04-21T09:46:21","slug":"microfono-inalambrico-mano-ikon-by-proel-ekjma-sistema-ekjm","status":"publish","type":"product","link":"https:\/\/rms-enlinea.com.ar\/tienda\/producto\/microfono-inalambrico-mano-ikon-by-proel-ekjma-sistema-ekjm\/","title":{"rendered":"Microfono Inalambrico Mano Ikon By Proel Ekjma Sistema Ekj&#038;m"},"content":{"rendered":"<p>El  EKJ&amp;M  es un  sistema de micr\u00f3fono inal\u00e1mbrico controlado  por bloqueo de cuarzo UHF  que proporciona una  transmisi\u00f3n de se\u00f1al confiable y de alta calidad .<\/p>\n<p>EKJ&amp;M cuenta con 3 unidades: transmisor port\u00e1til EKJ&amp;M, receptor  compacto \u201cdel tama\u00f1o de un conector\u201d  EKJ&amp;M  y cable de carga USB a USB-mini .<\/p>\n<p>Se encuentran disponibles 16 frecuencias de canales  (modelo EKJ y MA de 50 canales), lo que permite la posibilidad de utilizar el aparato con otros equipos inal\u00e1mbricos.<\/p>\n<p>El  EKJ&amp;M  es un  sistema de micr\u00f3fono inal\u00e1mbrico controlado  por bloqueo de cuarzo UHF  que proporciona una  transmisi\u00f3n de se\u00f1al confiable y de alta calidad .<\/p>\n<p>EKJ&amp;M cuenta con 3 unidades: transmisor port\u00e1til EKJ&amp;M, receptor  compacto \u201cdel tama\u00f1o de un conector\u201d  EKJ&amp;M  y cable de carga USB a USB-mini .<\/p>\n<p>Se encuentran disponibles 16 frecuencias de canales  (modelo EKJ y MA de 50 canales), lo que permite la posibilidad de utilizar el aparato con otros equipos inal\u00e1mbricos.<br \/>Banda de frecuencia UHF 512 \u2013 541,7 MHz<br \/>Modo de modulaci\u00f3n bloqueada por cuarzo  <br \/>Alcance de hasta  30  metros<br \/>Bater\u00eda de litio incorporada  de 3,7 V\/500 mA  <br \/>Cable de carga USB de 5 V  incluido  <br \/>Hasta  5 horas de  autonom\u00eda<br \/>Hasta  6 sistemas  utilizables  en la  misma  ubicaci\u00f3n<\/p>\n","protected":false},"excerpt":{"rendered":"<p>El EKJ&amp;M es un sistema de micr\u00f3fono inal\u00e1mbrico controlado por bloqueo de cuarzo UHF que proporciona una transmisi\u00f3n de se\u00f1al confiable y de alta calidad . EKJ&amp;M cuenta con 3 unidades: transmisor port\u00e1til EKJ&amp;M, receptor compacto \u201cdel tama\u00f1o de un conector\u201d EKJ&amp;M y cable de carga USB a USB-mini . Se encuentran disponibles 16 frecuencias [&hellip;]<\/p>\n","protected":false},"featured_media":50674,"comment_status":"open","ping_status":"closed","template":"","meta":{"_uag_custom_page_level_css":""},"product_brand":[501],"product_cat":[75],"product_tag":[],"class_list":{"0":"post-50673","1":"product","2":"type-product","3":"status-publish","4":"has-post-thumbnail","6":"product_brand-proel","7":"product_cat-microfonos","9":"first","10":"outofstock","11":"sale","12":"taxable","13":"shipping-taxable","14":"purchasable","15":"product-type-simple"},"uagb_featured_image_src":{"full":["https:\/\/rms-enlinea.com.ar\/wp-content\/uploads\/2025\/07\/D_990902-MLA87069309844_072025-F.jpg",985,640,false],"thumbnail":["https:\/\/rms-enlinea.com.ar\/wp-content\/uploads\/2025\/07\/D_990902-MLA87069309844_072025-F-150x150.jpg",150,150,true],"medium":["https:\/\/rms-enlinea.com.ar\/wp-content\/uploads\/2025\/07\/D_990902-MLA87069309844_072025-F-300x195.jpg",300,195,true],"medium_large":["https:\/\/rms-enlinea.com.ar\/wp-content\/uploads\/2025\/07\/D_990902-MLA87069309844_072025-F-768x499.jpg",768,499,true],"large":["https:\/\/rms-enlinea.com.ar\/wp-content\/uploads\/2025\/07\/D_990902-MLA87069309844_072025-F.jpg",985,640,false],"1536x1536":["https:\/\/rms-enlinea.com.ar\/wp-content\/uploads\/2025\/07\/D_990902-MLA87069309844_072025-F.jpg",985,640,false],"2048x2048":["https:\/\/rms-enlinea.com.ar\/wp-content\/uploads\/2025\/07\/D_990902-MLA87069309844_072025-F.jpg",985,640,false],"woocommerce_thumbnail":["https:\/\/rms-enlinea.com.ar\/wp-content\/uploads\/2025\/07\/D_990902-MLA87069309844_072025-F-450x450.jpg",450,450,true],"woocommerce_single":["https:\/\/rms-enlinea.com.ar\/wp-content\/uploads\/2025\/07\/D_990902-MLA87069309844_072025-F-600x390.jpg",600,390,true],"woocommerce_gallery_thumbnail":["https:\/\/rms-enlinea.com.ar\/wp-content\/uploads\/2025\/07\/D_990902-MLA87069309844_072025-F-100x100.jpg",100,100,true]},"uagb_author_info":{"display_name":"mario","author_link":"https:\/\/rms-enlinea.com.ar\/tienda\/author\/"},"uagb_comment_info":0,"uagb_excerpt":"El EKJ&amp;M es un sistema de micr\u00f3fono inal\u00e1mbrico controlado por bloqueo de cuarzo UHF que proporciona una transmisi\u00f3n de se\u00f1al confiable y de alta calidad . EKJ&amp;M cuenta con 3 unidades: transmisor port\u00e1til EKJ&amp;M, receptor compacto \u201cdel tama\u00f1o de un conector\u201d EKJ&amp;M y cable de carga USB a USB-mini . Se encuentran disponibles 16 frecuencias&hellip;","_links":{"self":[{"href":"https:\/\/rms-enlinea.com.ar\/tienda\/wp-json\/wp\/v2\/product\/50673","targetHints":{"allow":["GET"]}}],"collection":[{"href":"https:\/\/rms-enlinea.com.ar\/tienda\/wp-json\/wp\/v2\/product"}],"about":[{"href":"https:\/\/rms-enlinea.com.ar\/tienda\/wp-json\/wp\/v2\/types\/product"}],"replies":[{"embeddable":true,"href":"https:\/\/rms-enlinea.com.ar\/tienda\/wp-json\/wp\/v2\/comments?post=50673"}],"wp:featuredmedia":[{"embeddable":true,"href":"https:\/\/rms-enlinea.com.ar\/tienda\/wp-json\/wp\/v2\/media\/50674"}],"wp:attachment":[{"href":"https:\/\/rms-enlinea.com.ar\/tienda\/wp-json\/wp\/v2\/media?parent=50673"}],"wp:term":[{"taxonomy":"product_brand","embeddable":true,"href":"https:\/\/rms-enlinea.com.ar\/tienda\/wp-json\/wp\/v2\/product_brand?post=50673"},{"taxonomy":"product_cat","embeddable":true,"href":"https:\/\/rms-enlinea.com.ar\/tienda\/wp-json\/wp\/v2\/product_cat?post=50673"},{"taxonomy":"product_tag","embeddable":true,"href":"https:\/\/rms-enlinea.com.ar\/tienda\/wp-json\/wp\/v2\/product_tag?post=50673"}],"curies":[{"name":"wp","href":"https:\/\/api.w.org\/{rel}","templated":true}]}}