{"id":50735,"date":"2025-07-08T13:29:39","date_gmt":"2025-07-08T16:29:39","guid":{"rendered":"https:\/\/rms-enlinea.com.ar\/tienda\/producto\/interfaz-de-audio-usb-eikon-by-proel-eksbipro-2ch-xlr-trs\/"},"modified":"2026-04-06T11:52:12","modified_gmt":"2026-04-06T14:52:12","slug":"interfaz-de-audio-usb-eikon-by-proel-eksbipro-2ch-xlr-trs","status":"publish","type":"product","link":"https:\/\/rms-enlinea.com.ar\/tienda\/producto\/interfaz-de-audio-usb-eikon-by-proel-eksbipro-2ch-xlr-trs\/","title":{"rendered":"Interfaz De Audio Usb Eikon By Proel Eksbipro 2ch Xlr Trs"},"content":{"rendered":"<p>SBi-PRO es una interfaz de audio USB dise\u00f1ada para ofrecer calidad de estudio para grabaciones dom\u00e9sticas o m\u00f3viles, transmisiones en vivo o podcasts. Con componentes de alta gama, circuitos premium y un dise\u00f1o compacto y robusto, ofrece un conjunto completo de funciones y un rendimiento excepcional para m\u00fasicos, compositores, creadores de contenido y podcasters.<\/p>\n<p>Dos entradas XLR\/TRS con interruptor HI-Z para grabar voces e instrumentos juntos o fuentes est\u00e9reo<br \/>Preamplificadores de micr\u00f3fono de alta definici\u00f3n con rango din\u00e1mico extendido y alimentaci\u00f3n fantasma de 48 V<br \/>Interfaz USB 2.0 de alta resoluci\u00f3n de 24 bits\/192 KHz con 2 entradas y 2 salidas para una calidad de audio impecable<br \/>MONITOREO DIRECTO de latencia cero con selector EST\u00c9REO\/MONO y control de mezcla entre se\u00f1ales de entrada y reproducci\u00f3n DAW<br \/>Salidas anal\u00f3gicas para conectar monitores de estudio<br \/>Salida de auriculares con control de nivel independiente<br \/>Entrada\/salida auxiliar minijack para grabar o hacer podcasts directamente en la tableta o el tel\u00e9fono inteligente<br \/>Alimentaci\u00f3n por bus USB para una f\u00e1cil grabaci\u00f3n m\u00f3vil<br \/>Chasis de aluminio robusto y resistente para m\u00e1xima protecci\u00f3n.<\/p>\n","protected":false},"excerpt":{"rendered":"<p>SBi-PRO es una interfaz de audio USB dise\u00f1ada para ofrecer calidad de estudio para grabaciones dom\u00e9sticas o m\u00f3viles, transmisiones en vivo o podcasts. Con componentes de alta gama, circuitos premium y un dise\u00f1o compacto y robusto, ofrece un conjunto completo de funciones y un rendimiento excepcional para m\u00fasicos, compositores, creadores de contenido y podcasters. Dos [&hellip;]<\/p>\n","protected":false},"featured_media":50736,"comment_status":"open","ping_status":"closed","template":"","meta":{"_uag_custom_page_level_css":""},"product_brand":[501],"product_cat":[15],"product_tag":[],"class_list":{"0":"post-50735","1":"product","2":"type-product","3":"status-publish","4":"has-post-thumbnail","6":"product_brand-proel","7":"product_cat-sin-categorizar","9":"first","10":"instock","11":"sale","12":"taxable","13":"shipping-taxable","14":"purchasable","15":"product-type-simple"},"uagb_featured_image_src":{"full":["https:\/\/rms-enlinea.com.ar\/wp-content\/uploads\/2025\/07\/D_887623-MLU77900492885_072024-F.jpg",1200,584,false],"thumbnail":["https:\/\/rms-enlinea.com.ar\/wp-content\/uploads\/2025\/07\/D_887623-MLU77900492885_072024-F-150x150.jpg",150,150,true],"medium":["https:\/\/rms-enlinea.com.ar\/wp-content\/uploads\/2025\/07\/D_887623-MLU77900492885_072024-F-300x146.jpg",300,146,true],"medium_large":["https:\/\/rms-enlinea.com.ar\/wp-content\/uploads\/2025\/07\/D_887623-MLU77900492885_072024-F-768x374.jpg",768,374,true],"large":["https:\/\/rms-enlinea.com.ar\/wp-content\/uploads\/2025\/07\/D_887623-MLU77900492885_072024-F-1024x498.jpg",1024,498,true],"1536x1536":["https:\/\/rms-enlinea.com.ar\/wp-content\/uploads\/2025\/07\/D_887623-MLU77900492885_072024-F.jpg",1200,584,false],"2048x2048":["https:\/\/rms-enlinea.com.ar\/wp-content\/uploads\/2025\/07\/D_887623-MLU77900492885_072024-F.jpg",1200,584,false],"woocommerce_thumbnail":["https:\/\/rms-enlinea.com.ar\/wp-content\/uploads\/2025\/07\/D_887623-MLU77900492885_072024-F-450x450.jpg",450,450,true],"woocommerce_single":["https:\/\/rms-enlinea.com.ar\/wp-content\/uploads\/2025\/07\/D_887623-MLU77900492885_072024-F-600x292.jpg",600,292,true],"woocommerce_gallery_thumbnail":["https:\/\/rms-enlinea.com.ar\/wp-content\/uploads\/2025\/07\/D_887623-MLU77900492885_072024-F-100x100.jpg",100,100,true]},"uagb_author_info":{"display_name":"mario","author_link":"https:\/\/rms-enlinea.com.ar\/tienda\/author\/"},"uagb_comment_info":0,"uagb_excerpt":"SBi-PRO es una interfaz de audio USB dise\u00f1ada para ofrecer calidad de estudio para grabaciones dom\u00e9sticas o m\u00f3viles, transmisiones en vivo o podcasts. Con componentes de alta gama, circuitos premium y un dise\u00f1o compacto y robusto, ofrece un conjunto completo de funciones y un rendimiento excepcional para m\u00fasicos, compositores, creadores de contenido y podcasters. Dos&hellip;","_links":{"self":[{"href":"https:\/\/rms-enlinea.com.ar\/tienda\/wp-json\/wp\/v2\/product\/50735","targetHints":{"allow":["GET"]}}],"collection":[{"href":"https:\/\/rms-enlinea.com.ar\/tienda\/wp-json\/wp\/v2\/product"}],"about":[{"href":"https:\/\/rms-enlinea.com.ar\/tienda\/wp-json\/wp\/v2\/types\/product"}],"replies":[{"embeddable":true,"href":"https:\/\/rms-enlinea.com.ar\/tienda\/wp-json\/wp\/v2\/comments?post=50735"}],"wp:featuredmedia":[{"embeddable":true,"href":"https:\/\/rms-enlinea.com.ar\/tienda\/wp-json\/wp\/v2\/media\/50736"}],"wp:attachment":[{"href":"https:\/\/rms-enlinea.com.ar\/tienda\/wp-json\/wp\/v2\/media?parent=50735"}],"wp:term":[{"taxonomy":"product_brand","embeddable":true,"href":"https:\/\/rms-enlinea.com.ar\/tienda\/wp-json\/wp\/v2\/product_brand?post=50735"},{"taxonomy":"product_cat","embeddable":true,"href":"https:\/\/rms-enlinea.com.ar\/tienda\/wp-json\/wp\/v2\/product_cat?post=50735"},{"taxonomy":"product_tag","embeddable":true,"href":"https:\/\/rms-enlinea.com.ar\/tienda\/wp-json\/wp\/v2\/product_tag?post=50735"}],"curies":[{"name":"wp","href":"https:\/\/api.w.org\/{rel}","templated":true}]}}