{"id":50777,"date":"2025-07-09T14:00:18","date_gmt":"2025-07-09T17:00:18","guid":{"rendered":"https:\/\/rms-enlinea.com.ar\/tienda\/producto\/microfono-profesional-para-percusion-eikon-by-proel-dm1\/"},"modified":"2026-04-05T15:20:24","modified_gmt":"2026-04-05T18:20:24","slug":"microfono-profesional-para-percusion-eikon-by-proel-dm1","status":"publish","type":"product","link":"https:\/\/rms-enlinea.com.ar\/tienda\/producto\/microfono-profesional-para-percusion-eikon-by-proel-dm1\/","title":{"rendered":"Microfono Profesional Para Percusion Eikon By Proel Dm1"},"content":{"rendered":"<p>Elemento\tDin\u00e1mica de bobina m\u00f3vil<br \/>Patr\u00f3n polar\tCardioide<br \/>Respuesta de frecuencia\t50 &#8211; 16000 Hz<br \/>Sensibilidad\t-52dB 3dB(0dB=1V\/Pa a 1kHz)<br \/>Presi\u00f3n m\u00e1xima para 1 % THD\t135 dB<br \/>Impedancia\t500 Ohms<br \/>Conector\tXLR<br \/>Peso\t145 gramos<br \/>Dimensiones\tLargo 85 x  45 mm<br \/>Color\tNegro<br \/>Accesorios\tSoporte de bater\u00eda<\/p>\n","protected":false},"excerpt":{"rendered":"<p>Elemento Din\u00e1mica de bobina m\u00f3vilPatr\u00f3n polar CardioideRespuesta de frecuencia 50 &#8211; 16000 HzSensibilidad -52dB 3dB(0dB=1V\/Pa a 1kHz)Presi\u00f3n m\u00e1xima para 1 % THD 135 dBImpedancia 500 OhmsConector XLRPeso 145 gramosDimensiones Largo 85 x 45 mmColor NegroAccesorios Soporte de bater\u00eda<\/p>\n","protected":false},"featured_media":50778,"comment_status":"open","ping_status":"closed","template":"","meta":{"_uag_custom_page_level_css":""},"product_brand":[501],"product_cat":[75],"product_tag":[],"class_list":{"0":"post-50777","1":"product","2":"type-product","3":"status-publish","4":"has-post-thumbnail","6":"product_brand-proel","7":"product_cat-microfonos","9":"first","10":"instock","11":"sale","12":"taxable","13":"shipping-taxable","14":"purchasable","15":"product-type-simple"},"uagb_featured_image_src":{"full":["https:\/\/rms-enlinea.com.ar\/wp-content\/uploads\/2025\/07\/D_615490-MLA87565247585_072025-F.jpg",776,960,false],"thumbnail":["https:\/\/rms-enlinea.com.ar\/wp-content\/uploads\/2025\/07\/D_615490-MLA87565247585_072025-F-150x150.jpg",150,150,true],"medium":["https:\/\/rms-enlinea.com.ar\/wp-content\/uploads\/2025\/07\/D_615490-MLA87565247585_072025-F-243x300.jpg",243,300,true],"medium_large":["https:\/\/rms-enlinea.com.ar\/wp-content\/uploads\/2025\/07\/D_615490-MLA87565247585_072025-F-768x950.jpg",768,950,true],"large":["https:\/\/rms-enlinea.com.ar\/wp-content\/uploads\/2025\/07\/D_615490-MLA87565247585_072025-F.jpg",776,960,false],"1536x1536":["https:\/\/rms-enlinea.com.ar\/wp-content\/uploads\/2025\/07\/D_615490-MLA87565247585_072025-F.jpg",776,960,false],"2048x2048":["https:\/\/rms-enlinea.com.ar\/wp-content\/uploads\/2025\/07\/D_615490-MLA87565247585_072025-F.jpg",776,960,false],"woocommerce_thumbnail":["https:\/\/rms-enlinea.com.ar\/wp-content\/uploads\/2025\/07\/D_615490-MLA87565247585_072025-F-450x450.jpg",450,450,true],"woocommerce_single":["https:\/\/rms-enlinea.com.ar\/wp-content\/uploads\/2025\/07\/D_615490-MLA87565247585_072025-F-600x742.jpg",600,742,true],"woocommerce_gallery_thumbnail":["https:\/\/rms-enlinea.com.ar\/wp-content\/uploads\/2025\/07\/D_615490-MLA87565247585_072025-F-100x100.jpg",100,100,true]},"uagb_author_info":{"display_name":"mario","author_link":"https:\/\/rms-enlinea.com.ar\/tienda\/author\/"},"uagb_comment_info":0,"uagb_excerpt":"Elemento Din\u00e1mica de bobina m\u00f3vilPatr\u00f3n polar CardioideRespuesta de frecuencia 50 &#8211; 16000 HzSensibilidad -52dB 3dB(0dB=1V\/Pa a 1kHz)Presi\u00f3n m\u00e1xima para 1 % THD 135 dBImpedancia 500 OhmsConector XLRPeso 145 gramosDimensiones Largo 85 x 45 mmColor NegroAccesorios Soporte de bater\u00eda","_links":{"self":[{"href":"https:\/\/rms-enlinea.com.ar\/tienda\/wp-json\/wp\/v2\/product\/50777","targetHints":{"allow":["GET"]}}],"collection":[{"href":"https:\/\/rms-enlinea.com.ar\/tienda\/wp-json\/wp\/v2\/product"}],"about":[{"href":"https:\/\/rms-enlinea.com.ar\/tienda\/wp-json\/wp\/v2\/types\/product"}],"replies":[{"embeddable":true,"href":"https:\/\/rms-enlinea.com.ar\/tienda\/wp-json\/wp\/v2\/comments?post=50777"}],"wp:featuredmedia":[{"embeddable":true,"href":"https:\/\/rms-enlinea.com.ar\/tienda\/wp-json\/wp\/v2\/media\/50778"}],"wp:attachment":[{"href":"https:\/\/rms-enlinea.com.ar\/tienda\/wp-json\/wp\/v2\/media?parent=50777"}],"wp:term":[{"taxonomy":"product_brand","embeddable":true,"href":"https:\/\/rms-enlinea.com.ar\/tienda\/wp-json\/wp\/v2\/product_brand?post=50777"},{"taxonomy":"product_cat","embeddable":true,"href":"https:\/\/rms-enlinea.com.ar\/tienda\/wp-json\/wp\/v2\/product_cat?post=50777"},{"taxonomy":"product_tag","embeddable":true,"href":"https:\/\/rms-enlinea.com.ar\/tienda\/wp-json\/wp\/v2\/product_tag?post=50777"}],"curies":[{"name":"wp","href":"https:\/\/api.w.org\/{rel}","templated":true}]}}