{"id":50782,"date":"2025-07-09T14:10:07","date_gmt":"2025-07-09T17:10:07","guid":{"rendered":"https:\/\/rms-enlinea.com.ar\/tienda\/producto\/microfono-profesional-de-mano-eikon-by-proel-dm220\/"},"modified":"2026-04-21T07:10:47","modified_gmt":"2026-04-21T10:10:47","slug":"microfono-profesional-de-mano-eikon-by-proel-dm220","status":"publish","type":"product","link":"https:\/\/rms-enlinea.com.ar\/tienda\/producto\/microfono-profesional-de-mano-eikon-by-proel-dm220\/","title":{"rendered":"Microfono Profesional De Mano Eikon By Proel Dm220"},"content":{"rendered":"<p>Con su nuevo dise\u00f1o de cuerpo ergon\u00f3mico, espec\u00edficamente dise\u00f1ado para aplicaciones en el escenario, este micr\u00f3fono ofrece una respuesta de frecuencia plana y amplia. <\/p>\n<p>El patr\u00f3n polar cardioide a\u00edsla las voces del ruido de fondo en el escenario o en el estudio.<\/p>\n<p>Utilizado en aplicaciones en vivo o en estudio, el micr\u00f3fono cardioide DM220 es la elecci\u00f3n correcta por su transparencia, resistencia a la retroalimentaci\u00f3n y capacidad de manejar SPL sin distorsi\u00f3n.<\/p>\n<p>Micr\u00f3fono vocal con c\u00e1psula din\u00e1mica <br \/>Patr\u00f3n polar cardioide <br \/>Respuesta de frecuencia plana y extendida <br \/>Interruptor de encendido\/apagado<br \/>Transparencia excepcional en frecuencias medias-bajas <br \/>Dise\u00f1o ergon\u00f3mico del ca\u00f1\u00f3n <br \/>Soporte para micr\u00f3fono incluido<\/p>\n<p>Tipo\tDin\u00e1mica<br \/>Patr\u00f3n polar\tCardioide<br \/>Respuesta de frecuencia\t50 &#8211; 15000 Hz<br \/>Sensibilidad\t-53 dB<br \/>Presi\u00f3n m\u00e1xima para 1 % THD\t135 dB<br \/>Impedancia\t600 ohms<br \/>Conector\tXLR macho de 3 pines<br \/>Peso\t360 gramos<br \/>Dimensiones\tAlto 180 x 45 mm<\/p>\n","protected":false},"excerpt":{"rendered":"<p>Con su nuevo dise\u00f1o de cuerpo ergon\u00f3mico, espec\u00edficamente dise\u00f1ado para aplicaciones en el escenario, este micr\u00f3fono ofrece una respuesta de frecuencia plana y amplia. El patr\u00f3n polar cardioide a\u00edsla las voces del ruido de fondo en el escenario o en el estudio. Utilizado en aplicaciones en vivo o en estudio, el micr\u00f3fono cardioide DM220 es [&hellip;]<\/p>\n","protected":false},"featured_media":50783,"comment_status":"open","ping_status":"closed","template":"","meta":{"_uag_custom_page_level_css":""},"product_brand":[501],"product_cat":[75],"product_tag":[],"class_list":{"0":"post-50782","1":"product","2":"type-product","3":"status-publish","4":"has-post-thumbnail","6":"product_brand-proel","7":"product_cat-microfonos","9":"first","10":"outofstock","11":"sale","12":"taxable","13":"shipping-taxable","14":"purchasable","15":"product-type-simple"},"uagb_featured_image_src":{"full":["https:\/\/rms-enlinea.com.ar\/wp-content\/uploads\/2025\/07\/D_800134-MLA87565740675_072025-F.jpg",276,1018,false],"thumbnail":["https:\/\/rms-enlinea.com.ar\/wp-content\/uploads\/2025\/07\/D_800134-MLA87565740675_072025-F-150x150.jpg",150,150,true],"medium":["https:\/\/rms-enlinea.com.ar\/wp-content\/uploads\/2025\/07\/D_800134-MLA87565740675_072025-F-81x300.jpg",81,300,true],"medium_large":["https:\/\/rms-enlinea.com.ar\/wp-content\/uploads\/2025\/07\/D_800134-MLA87565740675_072025-F.jpg",276,1018,false],"large":["https:\/\/rms-enlinea.com.ar\/wp-content\/uploads\/2025\/07\/D_800134-MLA87565740675_072025-F.jpg",276,1018,false],"1536x1536":["https:\/\/rms-enlinea.com.ar\/wp-content\/uploads\/2025\/07\/D_800134-MLA87565740675_072025-F.jpg",276,1018,false],"2048x2048":["https:\/\/rms-enlinea.com.ar\/wp-content\/uploads\/2025\/07\/D_800134-MLA87565740675_072025-F.jpg",276,1018,false],"woocommerce_thumbnail":["https:\/\/rms-enlinea.com.ar\/wp-content\/uploads\/2025\/07\/D_800134-MLA87565740675_072025-F-276x450.jpg",276,450,true],"woocommerce_single":["https:\/\/rms-enlinea.com.ar\/wp-content\/uploads\/2025\/07\/D_800134-MLA87565740675_072025-F.jpg",276,1018,false],"woocommerce_gallery_thumbnail":["https:\/\/rms-enlinea.com.ar\/wp-content\/uploads\/2025\/07\/D_800134-MLA87565740675_072025-F-100x100.jpg",100,100,true]},"uagb_author_info":{"display_name":"mario","author_link":"https:\/\/rms-enlinea.com.ar\/tienda\/author\/"},"uagb_comment_info":0,"uagb_excerpt":"Con su nuevo dise\u00f1o de cuerpo ergon\u00f3mico, espec\u00edficamente dise\u00f1ado para aplicaciones en el escenario, este micr\u00f3fono ofrece una respuesta de frecuencia plana y amplia. El patr\u00f3n polar cardioide a\u00edsla las voces del ruido de fondo en el escenario o en el estudio. Utilizado en aplicaciones en vivo o en estudio, el micr\u00f3fono cardioide DM220 es&hellip;","_links":{"self":[{"href":"https:\/\/rms-enlinea.com.ar\/tienda\/wp-json\/wp\/v2\/product\/50782","targetHints":{"allow":["GET"]}}],"collection":[{"href":"https:\/\/rms-enlinea.com.ar\/tienda\/wp-json\/wp\/v2\/product"}],"about":[{"href":"https:\/\/rms-enlinea.com.ar\/tienda\/wp-json\/wp\/v2\/types\/product"}],"replies":[{"embeddable":true,"href":"https:\/\/rms-enlinea.com.ar\/tienda\/wp-json\/wp\/v2\/comments?post=50782"}],"wp:featuredmedia":[{"embeddable":true,"href":"https:\/\/rms-enlinea.com.ar\/tienda\/wp-json\/wp\/v2\/media\/50783"}],"wp:attachment":[{"href":"https:\/\/rms-enlinea.com.ar\/tienda\/wp-json\/wp\/v2\/media?parent=50782"}],"wp:term":[{"taxonomy":"product_brand","embeddable":true,"href":"https:\/\/rms-enlinea.com.ar\/tienda\/wp-json\/wp\/v2\/product_brand?post=50782"},{"taxonomy":"product_cat","embeddable":true,"href":"https:\/\/rms-enlinea.com.ar\/tienda\/wp-json\/wp\/v2\/product_cat?post=50782"},{"taxonomy":"product_tag","embeddable":true,"href":"https:\/\/rms-enlinea.com.ar\/tienda\/wp-json\/wp\/v2\/product_tag?post=50782"}],"curies":[{"name":"wp","href":"https:\/\/api.w.org\/{rel}","templated":true}]}}