{"id":50844,"date":"2025-07-09T19:10:06","date_gmt":"2025-07-09T22:10:06","guid":{"rendered":"https:\/\/rms-enlinea.com.ar\/tienda\/producto\/camara-de-vigilancia-bullet-2mp-hilook-hiksemi-thc-b123-m\/"},"modified":"2026-02-18T20:52:08","modified_gmt":"2026-02-18T23:52:08","slug":"camara-de-vigilancia-bullet-2mp-hilook-hiksemi-thc-b123-m","status":"publish","type":"product","link":"https:\/\/rms-enlinea.com.ar\/tienda\/producto\/camara-de-vigilancia-bullet-2mp-hilook-hiksemi-thc-b123-m\/","title":{"rendered":"Camara De Vigilancia Bullet 2mp Hilook Hiksemi Thc-b123-m"},"content":{"rendered":"<p>C\u00e1mara<br \/>Sensor de imagen<br \/>2 MP CMOS<br \/>Max. Resoluci\u00f3n<br \/>1920 (H) \u00d7 1080 (V)<br \/>Iluminaci\u00f3n m\u00ednima<br \/>Color: 0.005 Lux@(F2.0, AGC ON), B\/W: 0 Lux with IR<br \/>Tiempo de obturaci\u00f3n<br \/>PAL: 1\/25 s to 1\/50,000 s;NTSC: 1\/30 s to 1\/50,000 s<br \/>D\u00eda y Noche<br \/>IR Cut Filter<br \/>Ajuste de \u00e1ngulo<br \/>Pan: 0\u00b0 to 360\u00b0, Tilt: 0\u00b0 to 180\u00b0, Rotation: 0\u00b0 to 360\u00b0<br \/>Se\u00f1al del sistema<br \/>PAL\/NTSC<br \/>Lente<br \/>Lente<br \/>2.8 mm, 3.6 mm, 6 mm<br \/>Focal Length &amp; FOV<br \/>Horizontal FOV 106\u00b0 (2.8 mm), 82\u00b0 (3.6 mm), 51\u00b0 (6 mm)<br \/>Montura del lente<br \/>M12<\/p>\n","protected":false},"excerpt":{"rendered":"<p>C\u00e1maraSensor de imagen2 MP CMOSMax. Resoluci\u00f3n1920 (H) \u00d7 1080 (V)Iluminaci\u00f3n m\u00ednimaColor: 0.005 Lux@(F2.0, AGC ON), B\/W: 0 Lux with IRTiempo de obturaci\u00f3nPAL: 1\/25 s to 1\/50,000 s;NTSC: 1\/30 s to 1\/50,000 sD\u00eda y NocheIR Cut FilterAjuste de \u00e1nguloPan: 0\u00b0 to 360\u00b0, Tilt: 0\u00b0 to 180\u00b0, Rotation: 0\u00b0 to 360\u00b0Se\u00f1al del sistemaPAL\/NTSCLenteLente2.8 mm, 3.6 mm, 6 [&hellip;]<\/p>\n","protected":false},"featured_media":50845,"comment_status":"open","ping_status":"closed","template":"","meta":{"_uag_custom_page_level_css":""},"product_brand":[473],"product_cat":[32],"product_tag":[],"class_list":{"0":"post-50844","1":"product","2":"type-product","3":"status-publish","4":"has-post-thumbnail","6":"product_brand-hikvision","7":"product_cat-seguridad","9":"first","10":"outofstock","11":"sale","12":"taxable","13":"shipping-taxable","14":"purchasable","15":"product-type-simple"},"uagb_featured_image_src":{"full":["https:\/\/rms-enlinea.com.ar\/wp-content\/uploads\/2025\/07\/D_650078-MLA87249276650_072025-F.jpg",569,362,false],"thumbnail":["https:\/\/rms-enlinea.com.ar\/wp-content\/uploads\/2025\/07\/D_650078-MLA87249276650_072025-F-150x150.jpg",150,150,true],"medium":["https:\/\/rms-enlinea.com.ar\/wp-content\/uploads\/2025\/07\/D_650078-MLA87249276650_072025-F-300x191.jpg",300,191,true],"medium_large":["https:\/\/rms-enlinea.com.ar\/wp-content\/uploads\/2025\/07\/D_650078-MLA87249276650_072025-F.jpg",569,362,false],"large":["https:\/\/rms-enlinea.com.ar\/wp-content\/uploads\/2025\/07\/D_650078-MLA87249276650_072025-F.jpg",569,362,false],"1536x1536":["https:\/\/rms-enlinea.com.ar\/wp-content\/uploads\/2025\/07\/D_650078-MLA87249276650_072025-F.jpg",569,362,false],"2048x2048":["https:\/\/rms-enlinea.com.ar\/wp-content\/uploads\/2025\/07\/D_650078-MLA87249276650_072025-F.jpg",569,362,false],"woocommerce_thumbnail":["https:\/\/rms-enlinea.com.ar\/wp-content\/uploads\/2025\/07\/D_650078-MLA87249276650_072025-F-450x362.jpg",450,362,true],"woocommerce_single":["https:\/\/rms-enlinea.com.ar\/wp-content\/uploads\/2025\/07\/D_650078-MLA87249276650_072025-F.jpg",569,362,false],"woocommerce_gallery_thumbnail":["https:\/\/rms-enlinea.com.ar\/wp-content\/uploads\/2025\/07\/D_650078-MLA87249276650_072025-F-100x100.jpg",100,100,true]},"uagb_author_info":{"display_name":"nelson","author_link":"https:\/\/rms-enlinea.com.ar\/tienda\/author\/"},"uagb_comment_info":0,"uagb_excerpt":"C\u00e1maraSensor de imagen2 MP CMOSMax. Resoluci\u00f3n1920 (H) \u00d7 1080 (V)Iluminaci\u00f3n m\u00ednimaColor: 0.005 Lux@(F2.0, AGC ON), B\/W: 0 Lux with IRTiempo de obturaci\u00f3nPAL: 1\/25 s to 1\/50,000 s;NTSC: 1\/30 s to 1\/50,000 sD\u00eda y NocheIR Cut FilterAjuste de \u00e1nguloPan: 0\u00b0 to 360\u00b0, Tilt: 0\u00b0 to 180\u00b0, Rotation: 0\u00b0 to 360\u00b0Se\u00f1al del sistemaPAL\/NTSCLenteLente2.8 mm, 3.6 mm, 6&hellip;","_links":{"self":[{"href":"https:\/\/rms-enlinea.com.ar\/tienda\/wp-json\/wp\/v2\/product\/50844","targetHints":{"allow":["GET"]}}],"collection":[{"href":"https:\/\/rms-enlinea.com.ar\/tienda\/wp-json\/wp\/v2\/product"}],"about":[{"href":"https:\/\/rms-enlinea.com.ar\/tienda\/wp-json\/wp\/v2\/types\/product"}],"replies":[{"embeddable":true,"href":"https:\/\/rms-enlinea.com.ar\/tienda\/wp-json\/wp\/v2\/comments?post=50844"}],"wp:featuredmedia":[{"embeddable":true,"href":"https:\/\/rms-enlinea.com.ar\/tienda\/wp-json\/wp\/v2\/media\/50845"}],"wp:attachment":[{"href":"https:\/\/rms-enlinea.com.ar\/tienda\/wp-json\/wp\/v2\/media?parent=50844"}],"wp:term":[{"taxonomy":"product_brand","embeddable":true,"href":"https:\/\/rms-enlinea.com.ar\/tienda\/wp-json\/wp\/v2\/product_brand?post=50844"},{"taxonomy":"product_cat","embeddable":true,"href":"https:\/\/rms-enlinea.com.ar\/tienda\/wp-json\/wp\/v2\/product_cat?post=50844"},{"taxonomy":"product_tag","embeddable":true,"href":"https:\/\/rms-enlinea.com.ar\/tienda\/wp-json\/wp\/v2\/product_tag?post=50844"}],"curies":[{"name":"wp","href":"https:\/\/api.w.org\/{rel}","templated":true}]}}