{"id":50888,"date":"2025-07-09T22:40:06","date_gmt":"2025-07-10T01:40:06","guid":{"rendered":"https:\/\/rms-enlinea.com.ar\/tienda\/producto\/camara-ip-bullet-ir-30m-4mp-2k-2-8mm-hilook-ipc-b140h\/"},"modified":"2026-02-20T21:29:03","modified_gmt":"2026-02-21T00:29:03","slug":"camara-ip-bullet-ir-30m-4mp-2k-2-8mm-hilook-ipc-b140h","status":"publish","type":"product","link":"https:\/\/rms-enlinea.com.ar\/tienda\/producto\/camara-ip-bullet-ir-30m-4mp-2k-2-8mm-hilook-ipc-b140h\/","title":{"rendered":"Camara Ip Bullet Ir 30m 4mp 2k 2.8mm Hilook Ipc-b140h"},"content":{"rendered":"<p>C\u00e1mara<br \/>Sensor de imagen<br \/>1\/3&#8243; progressive scan CMOS<br \/>Max. Resoluci\u00f3n<br \/>2560 \u00d7 1440<br \/>Iluminaci\u00f3n m\u00ednima<br \/>Color: 0.01 Lux @(F2.0, AGC ON), B\/W: 0 Lux with IR<br \/>Tiempo de obturaci\u00f3n<br \/>1\/3 s to 1\/100, 000 s<br \/>D\u00eda y Noche<br \/>IR cut filter<br \/>Ajuste de \u00e1ngulo<br \/>Pan: 0\u00b0 to 360\u00b0, tilt: 0\u00b0 to 180\u00b0, rotate: 0\u00b0 to 360\u00b0<\/p>\n","protected":false},"excerpt":{"rendered":"<p>C\u00e1maraSensor de imagen1\/3&#8243; progressive scan CMOSMax. Resoluci\u00f3n2560 \u00d7 1440Iluminaci\u00f3n m\u00ednimaColor: 0.01 Lux @(F2.0, AGC ON), B\/W: 0 Lux with IRTiempo de obturaci\u00f3n1\/3 s to 1\/100, 000 sD\u00eda y NocheIR cut filterAjuste de \u00e1nguloPan: 0\u00b0 to 360\u00b0, tilt: 0\u00b0 to 180\u00b0, rotate: 0\u00b0 to 360\u00b0<\/p>\n","protected":false},"featured_media":50889,"comment_status":"open","ping_status":"closed","template":"","meta":{"_uag_custom_page_level_css":""},"product_brand":[473],"product_cat":[32],"product_tag":[],"class_list":{"0":"post-50888","1":"product","2":"type-product","3":"status-publish","4":"has-post-thumbnail","6":"product_brand-hikvision","7":"product_cat-seguridad","9":"first","10":"outofstock","11":"sale","12":"taxable","13":"shipping-taxable","14":"purchasable","15":"product-type-simple"},"uagb_featured_image_src":{"full":["https:\/\/rms-enlinea.com.ar\/wp-content\/uploads\/2025\/07\/D_983136-MLA79591922673_092024-F.jpg",1137,456,false],"thumbnail":["https:\/\/rms-enlinea.com.ar\/wp-content\/uploads\/2025\/07\/D_983136-MLA79591922673_092024-F-150x150.jpg",150,150,true],"medium":["https:\/\/rms-enlinea.com.ar\/wp-content\/uploads\/2025\/07\/D_983136-MLA79591922673_092024-F-300x120.jpg",300,120,true],"medium_large":["https:\/\/rms-enlinea.com.ar\/wp-content\/uploads\/2025\/07\/D_983136-MLA79591922673_092024-F-768x308.jpg",768,308,true],"large":["https:\/\/rms-enlinea.com.ar\/wp-content\/uploads\/2025\/07\/D_983136-MLA79591922673_092024-F-1024x411.jpg",1024,411,true],"1536x1536":["https:\/\/rms-enlinea.com.ar\/wp-content\/uploads\/2025\/07\/D_983136-MLA79591922673_092024-F.jpg",1137,456,false],"2048x2048":["https:\/\/rms-enlinea.com.ar\/wp-content\/uploads\/2025\/07\/D_983136-MLA79591922673_092024-F.jpg",1137,456,false],"woocommerce_thumbnail":["https:\/\/rms-enlinea.com.ar\/wp-content\/uploads\/2025\/07\/D_983136-MLA79591922673_092024-F-450x450.jpg",450,450,true],"woocommerce_single":["https:\/\/rms-enlinea.com.ar\/wp-content\/uploads\/2025\/07\/D_983136-MLA79591922673_092024-F-600x241.jpg",600,241,true],"woocommerce_gallery_thumbnail":["https:\/\/rms-enlinea.com.ar\/wp-content\/uploads\/2025\/07\/D_983136-MLA79591922673_092024-F-100x100.jpg",100,100,true]},"uagb_author_info":{"display_name":"nelson","author_link":"https:\/\/rms-enlinea.com.ar\/tienda\/author\/"},"uagb_comment_info":0,"uagb_excerpt":"C\u00e1maraSensor de imagen1\/3&#8243; progressive scan CMOSMax. Resoluci\u00f3n2560 \u00d7 1440Iluminaci\u00f3n m\u00ednimaColor: 0.01 Lux @(F2.0, AGC ON), B\/W: 0 Lux with IRTiempo de obturaci\u00f3n1\/3 s to 1\/100, 000 sD\u00eda y NocheIR cut filterAjuste de \u00e1nguloPan: 0\u00b0 to 360\u00b0, tilt: 0\u00b0 to 180\u00b0, rotate: 0\u00b0 to 360\u00b0","_links":{"self":[{"href":"https:\/\/rms-enlinea.com.ar\/tienda\/wp-json\/wp\/v2\/product\/50888","targetHints":{"allow":["GET"]}}],"collection":[{"href":"https:\/\/rms-enlinea.com.ar\/tienda\/wp-json\/wp\/v2\/product"}],"about":[{"href":"https:\/\/rms-enlinea.com.ar\/tienda\/wp-json\/wp\/v2\/types\/product"}],"replies":[{"embeddable":true,"href":"https:\/\/rms-enlinea.com.ar\/tienda\/wp-json\/wp\/v2\/comments?post=50888"}],"wp:featuredmedia":[{"embeddable":true,"href":"https:\/\/rms-enlinea.com.ar\/tienda\/wp-json\/wp\/v2\/media\/50889"}],"wp:attachment":[{"href":"https:\/\/rms-enlinea.com.ar\/tienda\/wp-json\/wp\/v2\/media?parent=50888"}],"wp:term":[{"taxonomy":"product_brand","embeddable":true,"href":"https:\/\/rms-enlinea.com.ar\/tienda\/wp-json\/wp\/v2\/product_brand?post=50888"},{"taxonomy":"product_cat","embeddable":true,"href":"https:\/\/rms-enlinea.com.ar\/tienda\/wp-json\/wp\/v2\/product_cat?post=50888"},{"taxonomy":"product_tag","embeddable":true,"href":"https:\/\/rms-enlinea.com.ar\/tienda\/wp-json\/wp\/v2\/product_tag?post=50888"}],"curies":[{"name":"wp","href":"https:\/\/api.w.org\/{rel}","templated":true}]}}