{"id":50912,"date":"2025-07-09T23:40:05","date_gmt":"2025-07-10T02:40:05","guid":{"rendered":"https:\/\/rms-enlinea.com.ar\/tienda\/producto\/camara-ip-bullet-2mp-varifocal-fhd-ir-50m-hilook-ipc-b620h-z\/"},"modified":"2026-02-18T03:22:47","modified_gmt":"2026-02-18T06:22:47","slug":"camara-ip-bullet-2mp-varifocal-fhd-ir-50m-hilook-ipc-b620h-z","status":"publish","type":"product","link":"https:\/\/rms-enlinea.com.ar\/tienda\/producto\/camara-ip-bullet-2mp-varifocal-fhd-ir-50m-hilook-ipc-b620h-z\/","title":{"rendered":"Camara Ip Bullet 2mp Varifocal Fhd Ir 50m Hilook Ipc-b620h-z"},"content":{"rendered":"<p>C\u00e1mara<br \/>Sensor de imagen<br \/>1\/2.7&#8243; Progressive Scan CMOS<br \/>Max. Resoluci\u00f3n<br \/>1920 \u00d7 1080<br \/>Iluminaci\u00f3n m\u00ednima<br \/>Color: 0.005 Lux @(F1.6, AGC ON), B\/W: 0 Lux with IR<br \/>Tiempo de obturaci\u00f3n<br \/>1\/3 s to 1\/100,000 s<br \/>D\u00eda y Noche<br \/>IR Cut Filter<br \/>Ajuste de \u00e1ngulo<br \/>Pan: 0\u00b0 to 360\u00b0, tilt: 0\u00b0 to 90\u00b0, rotation: 0\u00b0 to 360\u00b0<br \/>Lente<br \/>Lente<br \/>Varifocal Lens, motorized lens, 2.8 to 12 mm<br \/>Focal Length &amp; FOV<br \/>2.8 to 12 mm: horizontal FOV 96\u00b0 to 36\u00b0, vertical FOV 51\u00b0 to 20\u00b0, diagonal FOV 113\u00b0 to 42\u00b0<br \/>Montura del lente<br \/>\u00d814<br \/>Iris Type<br \/>Fixed<br \/>Apertura<br \/>F1.6<\/p>\n","protected":false},"excerpt":{"rendered":"<p>C\u00e1maraSensor de imagen1\/2.7&#8243; Progressive Scan CMOSMax. Resoluci\u00f3n1920 \u00d7 1080Iluminaci\u00f3n m\u00ednimaColor: 0.005 Lux @(F1.6, AGC ON), B\/W: 0 Lux with IRTiempo de obturaci\u00f3n1\/3 s to 1\/100,000 sD\u00eda y NocheIR Cut FilterAjuste de \u00e1nguloPan: 0\u00b0 to 360\u00b0, tilt: 0\u00b0 to 90\u00b0, rotation: 0\u00b0 to 360\u00b0LenteLenteVarifocal Lens, motorized lens, 2.8 to 12 mmFocal Length &amp; FOV2.8 to 12 [&hellip;]<\/p>\n","protected":false},"featured_media":50913,"comment_status":"open","ping_status":"closed","template":"","meta":{"_uag_custom_page_level_css":""},"product_brand":[473],"product_cat":[32],"product_tag":[],"class_list":{"0":"post-50912","1":"product","2":"type-product","3":"status-publish","4":"has-post-thumbnail","6":"product_brand-hikvision","7":"product_cat-seguridad","9":"first","10":"outofstock","11":"sale","12":"taxable","13":"shipping-taxable","14":"purchasable","15":"product-type-simple"},"uagb_featured_image_src":{"full":["https:\/\/rms-enlinea.com.ar\/wp-content\/uploads\/2025\/07\/D_902034-MLA87257717040_072025-F.jpg",1200,536,false],"thumbnail":["https:\/\/rms-enlinea.com.ar\/wp-content\/uploads\/2025\/07\/D_902034-MLA87257717040_072025-F-150x150.jpg",150,150,true],"medium":["https:\/\/rms-enlinea.com.ar\/wp-content\/uploads\/2025\/07\/D_902034-MLA87257717040_072025-F-300x134.jpg",300,134,true],"medium_large":["https:\/\/rms-enlinea.com.ar\/wp-content\/uploads\/2025\/07\/D_902034-MLA87257717040_072025-F-768x343.jpg",768,343,true],"large":["https:\/\/rms-enlinea.com.ar\/wp-content\/uploads\/2025\/07\/D_902034-MLA87257717040_072025-F-1024x457.jpg",1024,457,true],"1536x1536":["https:\/\/rms-enlinea.com.ar\/wp-content\/uploads\/2025\/07\/D_902034-MLA87257717040_072025-F.jpg",1200,536,false],"2048x2048":["https:\/\/rms-enlinea.com.ar\/wp-content\/uploads\/2025\/07\/D_902034-MLA87257717040_072025-F.jpg",1200,536,false],"woocommerce_thumbnail":["https:\/\/rms-enlinea.com.ar\/wp-content\/uploads\/2025\/07\/D_902034-MLA87257717040_072025-F-450x450.jpg",450,450,true],"woocommerce_single":["https:\/\/rms-enlinea.com.ar\/wp-content\/uploads\/2025\/07\/D_902034-MLA87257717040_072025-F-600x268.jpg",600,268,true],"woocommerce_gallery_thumbnail":["https:\/\/rms-enlinea.com.ar\/wp-content\/uploads\/2025\/07\/D_902034-MLA87257717040_072025-F-100x100.jpg",100,100,true]},"uagb_author_info":{"display_name":"nelson","author_link":"https:\/\/rms-enlinea.com.ar\/tienda\/author\/"},"uagb_comment_info":0,"uagb_excerpt":"C\u00e1maraSensor de imagen1\/2.7&#8243; Progressive Scan CMOSMax. Resoluci\u00f3n1920 \u00d7 1080Iluminaci\u00f3n m\u00ednimaColor: 0.005 Lux @(F1.6, AGC ON), B\/W: 0 Lux with IRTiempo de obturaci\u00f3n1\/3 s to 1\/100,000 sD\u00eda y NocheIR Cut FilterAjuste de \u00e1nguloPan: 0\u00b0 to 360\u00b0, tilt: 0\u00b0 to 90\u00b0, rotation: 0\u00b0 to 360\u00b0LenteLenteVarifocal Lens, motorized lens, 2.8 to 12 mmFocal Length &amp; FOV2.8 to 12&hellip;","_links":{"self":[{"href":"https:\/\/rms-enlinea.com.ar\/tienda\/wp-json\/wp\/v2\/product\/50912","targetHints":{"allow":["GET"]}}],"collection":[{"href":"https:\/\/rms-enlinea.com.ar\/tienda\/wp-json\/wp\/v2\/product"}],"about":[{"href":"https:\/\/rms-enlinea.com.ar\/tienda\/wp-json\/wp\/v2\/types\/product"}],"replies":[{"embeddable":true,"href":"https:\/\/rms-enlinea.com.ar\/tienda\/wp-json\/wp\/v2\/comments?post=50912"}],"wp:featuredmedia":[{"embeddable":true,"href":"https:\/\/rms-enlinea.com.ar\/tienda\/wp-json\/wp\/v2\/media\/50913"}],"wp:attachment":[{"href":"https:\/\/rms-enlinea.com.ar\/tienda\/wp-json\/wp\/v2\/media?parent=50912"}],"wp:term":[{"taxonomy":"product_brand","embeddable":true,"href":"https:\/\/rms-enlinea.com.ar\/tienda\/wp-json\/wp\/v2\/product_brand?post=50912"},{"taxonomy":"product_cat","embeddable":true,"href":"https:\/\/rms-enlinea.com.ar\/tienda\/wp-json\/wp\/v2\/product_cat?post=50912"},{"taxonomy":"product_tag","embeddable":true,"href":"https:\/\/rms-enlinea.com.ar\/tienda\/wp-json\/wp\/v2\/product_tag?post=50912"}],"curies":[{"name":"wp","href":"https:\/\/api.w.org\/{rel}","templated":true}]}}