{"id":50922,"date":"2025-07-09T23:50:22","date_gmt":"2025-07-10T02:50:22","guid":{"rendered":"https:\/\/rms-enlinea.com.ar\/tienda\/producto\/camara-domo-2mp-fhd-ir-20m-2-8mm-hilook-thc-t120-pc\/"},"modified":"2026-02-18T21:46:50","modified_gmt":"2026-02-19T00:46:50","slug":"camara-domo-2mp-fhd-ir-20m-2-8mm-hilook-thc-t120-pc","status":"publish","type":"product","link":"https:\/\/rms-enlinea.com.ar\/tienda\/producto\/camara-domo-2mp-fhd-ir-20m-2-8mm-hilook-thc-t120-pc\/","title":{"rendered":"Camara Domo 2mp Fhd Ir 20m 2.8mm Hilook Thc-t120-pc"},"content":{"rendered":"<p>La c\u00e1mara de vigilancia Domo 2MP FHD IR de HiLook, modelo THC-T120-PC, es una soluci\u00f3n eficiente para la seguridad de su hogar o negocio. Su dise\u00f1o discreto en color blanco integra perfectamente con diferentes estilos de decoraci\u00f3n, proporcionando una vigilancia ininterrumpida y efectiva. Con una calidad de resoluci\u00f3n de 2MP, permite capturar im\u00e1genes n\u00edtidas y claras, asegurando que no se pierdan detalles cr\u00edticos.<\/p>\n<p>La conectividad al\u00e1mbrica y su tipo de conexi\u00f3n BNC aseguran una instalaci\u00f3n sencilla y fiable. Su capacidad de visi\u00f3n nocturna, con un alcance de hasta 20 metros, permite monitorear incluso en condiciones de poca luz, garantizando que su propiedad est\u00e9 siempre protegida. La camara cuenta con un zoom digital de 4x que facilita la observaci\u00f3n de distancias mayores.<\/p>\n<p>Ideal para exteriores e interiores, esta c\u00e1mara de seguridad soporta temperaturas que van desde 0 \u00b0C hasta 60 \u00b0C, lo que la convierte en una opci\u00f3n vers\u00e1til para cualquier ambiente. Con un tama\u00f1o compacto y un peso ligero de 130 g, se adapta f\u00e1cilmente a diferentes ubicaciones sin ocupar demasiado espacio. La c\u00e1mara Domo THC-T120-PC es la elecci\u00f3n perfecta para quienes buscan seguridad y tranquilidad.<\/p>\n","protected":false},"excerpt":{"rendered":"<p>La c\u00e1mara de vigilancia Domo 2MP FHD IR de HiLook, modelo THC-T120-PC, es una soluci\u00f3n eficiente para la seguridad de su hogar o negocio. Su dise\u00f1o discreto en color blanco integra perfectamente con diferentes estilos de decoraci\u00f3n, proporcionando una vigilancia ininterrumpida y efectiva. Con una calidad de resoluci\u00f3n de 2MP, permite capturar im\u00e1genes n\u00edtidas y [&hellip;]<\/p>\n","protected":false},"featured_media":50923,"comment_status":"open","ping_status":"closed","template":"","meta":{"_uag_custom_page_level_css":""},"product_brand":[473],"product_cat":[32],"product_tag":[],"class_list":{"0":"post-50922","1":"product","2":"type-product","3":"status-publish","4":"has-post-thumbnail","6":"product_brand-hikvision","7":"product_cat-seguridad","9":"first","10":"outofstock","11":"sale","12":"taxable","13":"shipping-taxable","14":"purchasable","15":"product-type-simple"},"uagb_featured_image_src":{"full":["https:\/\/rms-enlinea.com.ar\/wp-content\/uploads\/2025\/07\/D_745369-MLA87585352981_072025-F.jpg",1200,1044,false],"thumbnail":["https:\/\/rms-enlinea.com.ar\/wp-content\/uploads\/2025\/07\/D_745369-MLA87585352981_072025-F-150x150.jpg",150,150,true],"medium":["https:\/\/rms-enlinea.com.ar\/wp-content\/uploads\/2025\/07\/D_745369-MLA87585352981_072025-F-300x261.jpg",300,261,true],"medium_large":["https:\/\/rms-enlinea.com.ar\/wp-content\/uploads\/2025\/07\/D_745369-MLA87585352981_072025-F-768x668.jpg",768,668,true],"large":["https:\/\/rms-enlinea.com.ar\/wp-content\/uploads\/2025\/07\/D_745369-MLA87585352981_072025-F-1024x891.jpg",1024,891,true],"1536x1536":["https:\/\/rms-enlinea.com.ar\/wp-content\/uploads\/2025\/07\/D_745369-MLA87585352981_072025-F.jpg",1200,1044,false],"2048x2048":["https:\/\/rms-enlinea.com.ar\/wp-content\/uploads\/2025\/07\/D_745369-MLA87585352981_072025-F.jpg",1200,1044,false],"woocommerce_thumbnail":["https:\/\/rms-enlinea.com.ar\/wp-content\/uploads\/2025\/07\/D_745369-MLA87585352981_072025-F-450x450.jpg",450,450,true],"woocommerce_single":["https:\/\/rms-enlinea.com.ar\/wp-content\/uploads\/2025\/07\/D_745369-MLA87585352981_072025-F-600x522.jpg",600,522,true],"woocommerce_gallery_thumbnail":["https:\/\/rms-enlinea.com.ar\/wp-content\/uploads\/2025\/07\/D_745369-MLA87585352981_072025-F-100x100.jpg",100,100,true]},"uagb_author_info":{"display_name":"nelson","author_link":"https:\/\/rms-enlinea.com.ar\/tienda\/author\/"},"uagb_comment_info":0,"uagb_excerpt":"La c\u00e1mara de vigilancia Domo 2MP FHD IR de HiLook, modelo THC-T120-PC, es una soluci\u00f3n eficiente para la seguridad de su hogar o negocio. Su dise\u00f1o discreto en color blanco integra perfectamente con diferentes estilos de decoraci\u00f3n, proporcionando una vigilancia ininterrumpida y efectiva. Con una calidad de resoluci\u00f3n de 2MP, permite capturar im\u00e1genes n\u00edtidas y&hellip;","_links":{"self":[{"href":"https:\/\/rms-enlinea.com.ar\/tienda\/wp-json\/wp\/v2\/product\/50922","targetHints":{"allow":["GET"]}}],"collection":[{"href":"https:\/\/rms-enlinea.com.ar\/tienda\/wp-json\/wp\/v2\/product"}],"about":[{"href":"https:\/\/rms-enlinea.com.ar\/tienda\/wp-json\/wp\/v2\/types\/product"}],"replies":[{"embeddable":true,"href":"https:\/\/rms-enlinea.com.ar\/tienda\/wp-json\/wp\/v2\/comments?post=50922"}],"wp:featuredmedia":[{"embeddable":true,"href":"https:\/\/rms-enlinea.com.ar\/tienda\/wp-json\/wp\/v2\/media\/50923"}],"wp:attachment":[{"href":"https:\/\/rms-enlinea.com.ar\/tienda\/wp-json\/wp\/v2\/media?parent=50922"}],"wp:term":[{"taxonomy":"product_brand","embeddable":true,"href":"https:\/\/rms-enlinea.com.ar\/tienda\/wp-json\/wp\/v2\/product_brand?post=50922"},{"taxonomy":"product_cat","embeddable":true,"href":"https:\/\/rms-enlinea.com.ar\/tienda\/wp-json\/wp\/v2\/product_cat?post=50922"},{"taxonomy":"product_tag","embeddable":true,"href":"https:\/\/rms-enlinea.com.ar\/tienda\/wp-json\/wp\/v2\/product_tag?post=50922"}],"curies":[{"name":"wp","href":"https:\/\/api.w.org\/{rel}","templated":true}]}}