{"id":51016,"date":"2025-07-10T19:50:15","date_gmt":"2025-07-10T22:50:15","guid":{"rendered":"https:\/\/rms-enlinea.com.ar\/tienda\/producto\/mouse-inalambrico-genius-nx-8080s-2-4ghz-bluetooth-2\/"},"modified":"2026-04-21T06:13:30","modified_gmt":"2026-04-21T09:13:30","slug":"mouse-inalambrico-genius-nx-8080s-2-4ghz-bluetooth-2","status":"publish","type":"product","link":"https:\/\/rms-enlinea.com.ar\/tienda\/producto\/mouse-inalambrico-genius-nx-8080s-2-4ghz-bluetooth-2\/","title":{"rendered":"Mouse Inalambrico Genius Nx-8080s 2.4ghz Bluetooth"},"content":{"rendered":"<p>Especificaci\u00f3n<br \/>Frecuencia RF<br \/>Modo dual Bluetooth + 2.4GHz<br \/>Nota: El modo Bluetooth y el modo 2.4G no pueden usarse al mismo tiempo.<br \/>Interfaz<br \/>Bluetooth y receptor USB<br \/>Motor del sensor<br \/>\u00d3ptico<br \/>Resoluci\u00f3n (DPI)<br \/>800 \/ 1200 \/ 1600 (predeterminado)<br \/>N\u00famero de botones<br \/>7 (Bot\u00f3n izquierdo, derecho, bot\u00f3n central con desplazamiento, adelante, atr\u00e1s, interruptor DPI y tecla de activaci\u00f3n AI Copilot)<br \/>Distancia de trabajo<br \/>Hasta 10 metros<br \/>Tipo de bater\u00eda<br \/>AA<\/p>\n","protected":false},"excerpt":{"rendered":"<p>Especificaci\u00f3nFrecuencia RFModo dual Bluetooth + 2.4GHzNota: El modo Bluetooth y el modo 2.4G no pueden usarse al mismo tiempo.InterfazBluetooth y receptor USBMotor del sensor\u00d3pticoResoluci\u00f3n (DPI)800 \/ 1200 \/ 1600 (predeterminado)N\u00famero de botones7 (Bot\u00f3n izquierdo, derecho, bot\u00f3n central con desplazamiento, adelante, atr\u00e1s, interruptor DPI y tecla de activaci\u00f3n AI Copilot)Distancia de trabajoHasta 10 metrosTipo de bater\u00edaAA<\/p>\n","protected":false},"featured_media":51017,"comment_status":"open","ping_status":"closed","template":"","meta":{"_uag_custom_page_level_css":""},"product_brand":[550],"product_cat":[125],"product_tag":[],"class_list":{"0":"post-51016","1":"product","2":"type-product","3":"status-publish","4":"has-post-thumbnail","6":"product_brand-genius","7":"product_cat-teclados-y-mouses","9":"first","10":"outofstock","11":"sale","12":"taxable","13":"shipping-taxable","14":"purchasable","15":"product-type-simple"},"uagb_featured_image_src":{"full":["https:\/\/rms-enlinea.com.ar\/wp-content\/uploads\/2025\/07\/D_662319-MLA87649647893_072025-F.jpg",920,1175,false],"thumbnail":["https:\/\/rms-enlinea.com.ar\/wp-content\/uploads\/2025\/07\/D_662319-MLA87649647893_072025-F-150x150.jpg",150,150,true],"medium":["https:\/\/rms-enlinea.com.ar\/wp-content\/uploads\/2025\/07\/D_662319-MLA87649647893_072025-F-235x300.jpg",235,300,true],"medium_large":["https:\/\/rms-enlinea.com.ar\/wp-content\/uploads\/2025\/07\/D_662319-MLA87649647893_072025-F-768x981.jpg",768,981,true],"large":["https:\/\/rms-enlinea.com.ar\/wp-content\/uploads\/2025\/07\/D_662319-MLA87649647893_072025-F-802x1024.jpg",802,1024,true],"1536x1536":["https:\/\/rms-enlinea.com.ar\/wp-content\/uploads\/2025\/07\/D_662319-MLA87649647893_072025-F.jpg",920,1175,false],"2048x2048":["https:\/\/rms-enlinea.com.ar\/wp-content\/uploads\/2025\/07\/D_662319-MLA87649647893_072025-F.jpg",920,1175,false],"woocommerce_thumbnail":["https:\/\/rms-enlinea.com.ar\/wp-content\/uploads\/2025\/07\/D_662319-MLA87649647893_072025-F-450x450.jpg",450,450,true],"woocommerce_single":["https:\/\/rms-enlinea.com.ar\/wp-content\/uploads\/2025\/07\/D_662319-MLA87649647893_072025-F-600x766.jpg",600,766,true],"woocommerce_gallery_thumbnail":["https:\/\/rms-enlinea.com.ar\/wp-content\/uploads\/2025\/07\/D_662319-MLA87649647893_072025-F-100x100.jpg",100,100,true]},"uagb_author_info":{"display_name":"nelson","author_link":"https:\/\/rms-enlinea.com.ar\/tienda\/author\/"},"uagb_comment_info":0,"uagb_excerpt":"Especificaci\u00f3nFrecuencia RFModo dual Bluetooth + 2.4GHzNota: El modo Bluetooth y el modo 2.4G no pueden usarse al mismo tiempo.InterfazBluetooth y receptor USBMotor del sensor\u00d3pticoResoluci\u00f3n (DPI)800 \/ 1200 \/ 1600 (predeterminado)N\u00famero de botones7 (Bot\u00f3n izquierdo, derecho, bot\u00f3n central con desplazamiento, adelante, atr\u00e1s, interruptor DPI y tecla de activaci\u00f3n AI Copilot)Distancia de trabajoHasta 10 metrosTipo de bater\u00edaAA","_links":{"self":[{"href":"https:\/\/rms-enlinea.com.ar\/tienda\/wp-json\/wp\/v2\/product\/51016","targetHints":{"allow":["GET"]}}],"collection":[{"href":"https:\/\/rms-enlinea.com.ar\/tienda\/wp-json\/wp\/v2\/product"}],"about":[{"href":"https:\/\/rms-enlinea.com.ar\/tienda\/wp-json\/wp\/v2\/types\/product"}],"replies":[{"embeddable":true,"href":"https:\/\/rms-enlinea.com.ar\/tienda\/wp-json\/wp\/v2\/comments?post=51016"}],"wp:featuredmedia":[{"embeddable":true,"href":"https:\/\/rms-enlinea.com.ar\/tienda\/wp-json\/wp\/v2\/media\/51017"}],"wp:attachment":[{"href":"https:\/\/rms-enlinea.com.ar\/tienda\/wp-json\/wp\/v2\/media?parent=51016"}],"wp:term":[{"taxonomy":"product_brand","embeddable":true,"href":"https:\/\/rms-enlinea.com.ar\/tienda\/wp-json\/wp\/v2\/product_brand?post=51016"},{"taxonomy":"product_cat","embeddable":true,"href":"https:\/\/rms-enlinea.com.ar\/tienda\/wp-json\/wp\/v2\/product_cat?post=51016"},{"taxonomy":"product_tag","embeddable":true,"href":"https:\/\/rms-enlinea.com.ar\/tienda\/wp-json\/wp\/v2\/product_tag?post=51016"}],"curies":[{"name":"wp","href":"https:\/\/api.w.org\/{rel}","templated":true}]}}