{"id":51055,"date":"2025-07-11T00:30:07","date_gmt":"2025-07-11T03:30:07","guid":{"rendered":"https:\/\/rms-enlinea.com.ar\/tienda\/producto\/parlantes-genius-sw-2-1-350-subwoofer-15w-pc-notebook-madera\/"},"modified":"2026-04-21T06:43:16","modified_gmt":"2026-04-21T09:43:16","slug":"parlantes-genius-sw-2-1-350-subwoofer-15w-pc-notebook-madera","status":"publish","type":"product","link":"https:\/\/rms-enlinea.com.ar\/tienda\/producto\/parlantes-genius-sw-2-1-350-subwoofer-15w-pc-notebook-madera\/","title":{"rendered":"Parlantes Genius Sw 2.1 350 Subwoofer 15w Pc Notebook Madera"},"content":{"rendered":"<p>Los parlantes Genius SW 2.1 350 son la opci\u00f3n ideal para quienes buscan mejorar su experiencia de sonido en el hogar o la oficina. Con una potencia de salida de 10 W, este sistema de altavoces 2.1 te ofrece un sonido claro y potente que transforma cualquier entorno en un espacio de entretenimiento envolvente. El dise\u00f1o elegante en color negro se adapta perfectamente a cualquier estilo de decoraci\u00f3n, haciendo que estos parlantes no solo sean funcionales, sino tambi\u00e9n una adici\u00f3n est\u00e9tica a tu espacio.<\/p>\n<p>Con dos altavoces sat\u00e9lites y un subwoofer de 15 W, disfrutar\u00e1s de un rango sonoro completo que realza tanto la m\u00fasica como el sonido de tus juegos o pel\u00edculas favoritas. Su configuraci\u00f3n de canales 2.1 garantiza un balance perfecto entre los sonidos agudos y graves, permiti\u00e9ndote sumergirte en cada experiencia auditiva. Adem\u00e1s, son f\u00e1ciles de conectar a tu notebook o PC de escritorio, ofreci\u00e9ndote conveniencia y calidad al instante.<\/p>\n<p>La alimentaci\u00f3n del sistema se realiza a trav\u00e9s de una toma de corriente de 220v, lo que asegura un rendimiento constante sin compromisos. Su tama\u00f1o compacto hace que sean f\u00e1ciles de ubicar y de integrar en cualquier espacio de trabajo o de entretenimiento. Si buscas un sistema de sonido que combine potencia, dise\u00f1o y facilidad de uso, los parlantes Genius SW 2.1 350 son la elecci\u00f3n que elevar\u00e1 tu experiencia auditiva.<\/p>\n","protected":false},"excerpt":{"rendered":"<p>Los parlantes Genius SW 2.1 350 son la opci\u00f3n ideal para quienes buscan mejorar su experiencia de sonido en el hogar o la oficina. Con una potencia de salida de 10 W, este sistema de altavoces 2.1 te ofrece un sonido claro y potente que transforma cualquier entorno en un espacio de entretenimiento envolvente. El [&hellip;]<\/p>\n","protected":false},"featured_media":949,"comment_status":"open","ping_status":"closed","template":"","meta":{"_uag_custom_page_level_css":""},"product_brand":[550],"product_cat":[124],"product_tag":[],"class_list":{"0":"post-51055","1":"product","2":"type-product","3":"status-publish","4":"has-post-thumbnail","6":"product_brand-genius","7":"product_cat-sistemas-de-sonido-parlantes","9":"first","10":"outofstock","11":"sale","12":"taxable","13":"shipping-taxable","14":"purchasable","15":"product-type-simple"},"uagb_featured_image_src":{"full":["https:\/\/rms-enlinea.com.ar\/wp-content\/uploads\/2025\/06\/D_863987-MLA74117439530_012024-F-1.jpg",914,356,false],"thumbnail":["https:\/\/rms-enlinea.com.ar\/wp-content\/uploads\/2025\/06\/D_863987-MLA74117439530_012024-F-1-150x150.jpg",150,150,true],"medium":["https:\/\/rms-enlinea.com.ar\/wp-content\/uploads\/2025\/06\/D_863987-MLA74117439530_012024-F-1-300x117.jpg",300,117,true],"medium_large":["https:\/\/rms-enlinea.com.ar\/wp-content\/uploads\/2025\/06\/D_863987-MLA74117439530_012024-F-1-768x299.jpg",768,299,true],"large":["https:\/\/rms-enlinea.com.ar\/wp-content\/uploads\/2025\/06\/D_863987-MLA74117439530_012024-F-1.jpg",914,356,false],"1536x1536":["https:\/\/rms-enlinea.com.ar\/wp-content\/uploads\/2025\/06\/D_863987-MLA74117439530_012024-F-1.jpg",914,356,false],"2048x2048":["https:\/\/rms-enlinea.com.ar\/wp-content\/uploads\/2025\/06\/D_863987-MLA74117439530_012024-F-1.jpg",914,356,false],"woocommerce_thumbnail":["https:\/\/rms-enlinea.com.ar\/wp-content\/uploads\/2025\/06\/D_863987-MLA74117439530_012024-F-1-450x356.jpg",450,356,true],"woocommerce_single":["https:\/\/rms-enlinea.com.ar\/wp-content\/uploads\/2025\/06\/D_863987-MLA74117439530_012024-F-1-600x234.jpg",600,234,true],"woocommerce_gallery_thumbnail":["https:\/\/rms-enlinea.com.ar\/wp-content\/uploads\/2025\/06\/D_863987-MLA74117439530_012024-F-1-100x100.jpg",100,100,true]},"uagb_author_info":{"display_name":"nelson","author_link":"https:\/\/rms-enlinea.com.ar\/tienda\/author\/"},"uagb_comment_info":0,"uagb_excerpt":"Los parlantes Genius SW 2.1 350 son la opci\u00f3n ideal para quienes buscan mejorar su experiencia de sonido en el hogar o la oficina. Con una potencia de salida de 10 W, este sistema de altavoces 2.1 te ofrece un sonido claro y potente que transforma cualquier entorno en un espacio de entretenimiento envolvente. El&hellip;","_links":{"self":[{"href":"https:\/\/rms-enlinea.com.ar\/tienda\/wp-json\/wp\/v2\/product\/51055","targetHints":{"allow":["GET"]}}],"collection":[{"href":"https:\/\/rms-enlinea.com.ar\/tienda\/wp-json\/wp\/v2\/product"}],"about":[{"href":"https:\/\/rms-enlinea.com.ar\/tienda\/wp-json\/wp\/v2\/types\/product"}],"replies":[{"embeddable":true,"href":"https:\/\/rms-enlinea.com.ar\/tienda\/wp-json\/wp\/v2\/comments?post=51055"}],"wp:featuredmedia":[{"embeddable":true,"href":"https:\/\/rms-enlinea.com.ar\/tienda\/wp-json\/wp\/v2\/media\/949"}],"wp:attachment":[{"href":"https:\/\/rms-enlinea.com.ar\/tienda\/wp-json\/wp\/v2\/media?parent=51055"}],"wp:term":[{"taxonomy":"product_brand","embeddable":true,"href":"https:\/\/rms-enlinea.com.ar\/tienda\/wp-json\/wp\/v2\/product_brand?post=51055"},{"taxonomy":"product_cat","embeddable":true,"href":"https:\/\/rms-enlinea.com.ar\/tienda\/wp-json\/wp\/v2\/product_cat?post=51055"},{"taxonomy":"product_tag","embeddable":true,"href":"https:\/\/rms-enlinea.com.ar\/tienda\/wp-json\/wp\/v2\/product_tag?post=51055"}],"curies":[{"name":"wp","href":"https:\/\/api.w.org\/{rel}","templated":true}]}}