{"id":51393,"date":"2025-07-13T00:41:01","date_gmt":"2025-07-13T03:41:01","guid":{"rendered":"https:\/\/rms-enlinea.com.ar\/tienda\/producto\/microfono-lavalier-mini-xlr-3-pines-eikon-by-proel-lch100ak\/"},"modified":"2026-04-06T12:04:38","modified_gmt":"2026-04-06T15:04:38","slug":"microfono-lavalier-mini-xlr-3-pines-eikon-by-proel-lch100ak","status":"publish","type":"product","link":"https:\/\/rms-enlinea.com.ar\/tienda\/producto\/microfono-lavalier-mini-xlr-3-pines-eikon-by-proel-lch100ak\/","title":{"rendered":"Microfono Corbatero Repuesto Proel Eikon Lch100ak Mini Xlr 3"},"content":{"rendered":"<p>Tipo\tCondensador electret trasero<br \/>Patr\u00f3n polar\tOmnidireccional<br \/>Respuesta de frecuencia\t80 Hz &#8211; 16 kHz<br \/>Sensibilidad\t-52 + 3db<br \/>Impedancia\t680 Ohms<br \/>Presi\u00f3n sonora de entrada m\u00e1xima\t128 dB<br \/>Requisito de energ\u00eda\t1,5 &#8211; 10 VCC<br \/>Longitud del cable\t1 metro<br \/>Peso\t5 gramos<br \/>Di\u00e1metro de la c\u00e1psula\t 9<br \/>Accesorios\tParabrisas<br \/>Conectores disponibles\tMini XLR de 3 pines<\/p>\n","protected":false},"excerpt":{"rendered":"<p>Tipo Condensador electret traseroPatr\u00f3n polar OmnidireccionalRespuesta de frecuencia 80 Hz &#8211; 16 kHzSensibilidad -52 + 3dbImpedancia 680 OhmsPresi\u00f3n sonora de entrada m\u00e1xima 128 dBRequisito de energ\u00eda 1,5 &#8211; 10 VCCLongitud del cable 1 metroPeso 5 gramosDi\u00e1metro de la c\u00e1psula 9Accesorios ParabrisasConectores disponibles Mini XLR de 3 pines<\/p>\n","protected":false},"featured_media":51394,"comment_status":"open","ping_status":"closed","template":"","meta":{"_uag_custom_page_level_css":""},"product_brand":[501],"product_cat":[75],"product_tag":[],"class_list":{"0":"post-51393","1":"product","2":"type-product","3":"status-publish","4":"has-post-thumbnail","6":"product_brand-proel","7":"product_cat-microfonos","9":"first","10":"instock","11":"sale","12":"taxable","13":"shipping-taxable","14":"purchasable","15":"product-type-simple"},"uagb_featured_image_src":{"full":["https:\/\/rms-enlinea.com.ar\/wp-content\/uploads\/2025\/07\/D_914913-MLA87809956285_072025-F.jpg",677,985,false],"thumbnail":["https:\/\/rms-enlinea.com.ar\/wp-content\/uploads\/2025\/07\/D_914913-MLA87809956285_072025-F-150x150.jpg",150,150,true],"medium":["https:\/\/rms-enlinea.com.ar\/wp-content\/uploads\/2025\/07\/D_914913-MLA87809956285_072025-F-206x300.jpg",206,300,true],"medium_large":["https:\/\/rms-enlinea.com.ar\/wp-content\/uploads\/2025\/07\/D_914913-MLA87809956285_072025-F.jpg",677,985,false],"large":["https:\/\/rms-enlinea.com.ar\/wp-content\/uploads\/2025\/07\/D_914913-MLA87809956285_072025-F.jpg",677,985,false],"1536x1536":["https:\/\/rms-enlinea.com.ar\/wp-content\/uploads\/2025\/07\/D_914913-MLA87809956285_072025-F.jpg",677,985,false],"2048x2048":["https:\/\/rms-enlinea.com.ar\/wp-content\/uploads\/2025\/07\/D_914913-MLA87809956285_072025-F.jpg",677,985,false],"woocommerce_thumbnail":["https:\/\/rms-enlinea.com.ar\/wp-content\/uploads\/2025\/07\/D_914913-MLA87809956285_072025-F-450x450.jpg",450,450,true],"woocommerce_single":["https:\/\/rms-enlinea.com.ar\/wp-content\/uploads\/2025\/07\/D_914913-MLA87809956285_072025-F-600x873.jpg",600,873,true],"woocommerce_gallery_thumbnail":["https:\/\/rms-enlinea.com.ar\/wp-content\/uploads\/2025\/07\/D_914913-MLA87809956285_072025-F-100x100.jpg",100,100,true]},"uagb_author_info":{"display_name":"mario","author_link":"https:\/\/rms-enlinea.com.ar\/tienda\/author\/"},"uagb_comment_info":0,"uagb_excerpt":"Tipo Condensador electret traseroPatr\u00f3n polar OmnidireccionalRespuesta de frecuencia 80 Hz &#8211; 16 kHzSensibilidad -52 + 3dbImpedancia 680 OhmsPresi\u00f3n sonora de entrada m\u00e1xima 128 dBRequisito de energ\u00eda 1,5 &#8211; 10 VCCLongitud del cable 1 metroPeso 5 gramosDi\u00e1metro de la c\u00e1psula 9Accesorios ParabrisasConectores disponibles Mini XLR de 3 pines","_links":{"self":[{"href":"https:\/\/rms-enlinea.com.ar\/tienda\/wp-json\/wp\/v2\/product\/51393","targetHints":{"allow":["GET"]}}],"collection":[{"href":"https:\/\/rms-enlinea.com.ar\/tienda\/wp-json\/wp\/v2\/product"}],"about":[{"href":"https:\/\/rms-enlinea.com.ar\/tienda\/wp-json\/wp\/v2\/types\/product"}],"replies":[{"embeddable":true,"href":"https:\/\/rms-enlinea.com.ar\/tienda\/wp-json\/wp\/v2\/comments?post=51393"}],"wp:featuredmedia":[{"embeddable":true,"href":"https:\/\/rms-enlinea.com.ar\/tienda\/wp-json\/wp\/v2\/media\/51394"}],"wp:attachment":[{"href":"https:\/\/rms-enlinea.com.ar\/tienda\/wp-json\/wp\/v2\/media?parent=51393"}],"wp:term":[{"taxonomy":"product_brand","embeddable":true,"href":"https:\/\/rms-enlinea.com.ar\/tienda\/wp-json\/wp\/v2\/product_brand?post=51393"},{"taxonomy":"product_cat","embeddable":true,"href":"https:\/\/rms-enlinea.com.ar\/tienda\/wp-json\/wp\/v2\/product_cat?post=51393"},{"taxonomy":"product_tag","embeddable":true,"href":"https:\/\/rms-enlinea.com.ar\/tienda\/wp-json\/wp\/v2\/product_tag?post=51393"}],"curies":[{"name":"wp","href":"https:\/\/api.w.org\/{rel}","templated":true}]}}