{"id":51793,"date":"2025-07-18T16:51:28","date_gmt":"2025-07-18T19:51:28","guid":{"rendered":"https:\/\/rms-enlinea.com.ar\/tienda\/producto\/flap-medium-accesorio-para-cajon-schlagwerk-cfl10\/"},"modified":"2026-04-21T04:14:48","modified_gmt":"2026-04-21T07:14:48","slug":"flap-medium-accesorio-para-cajon-schlagwerk-cfl10","status":"publish","type":"product","link":"https:\/\/rms-enlinea.com.ar\/tienda\/producto\/flap-medium-accesorio-para-cajon-schlagwerk-cfl10\/","title":{"rendered":"Flap Medium Accesorio Para Cajon Schlagwerk Cfl10"},"content":{"rendered":"<p>Flap M. Los flaps ofrecen el sonido de unas casta\u00f1uelas y se pueden colocar en cualquier sitio, puesto que est\u00e1n dotados de velcro para su montaje. Posibilidad de ajustar el sonido mediante tornillos regulables. Tama\u00f1o: 15 x 7,5 cm.<\/p>\n","protected":false},"excerpt":{"rendered":"<p>Flap M. Los flaps ofrecen el sonido de unas casta\u00f1uelas y se pueden colocar en cualquier sitio, puesto que est\u00e1n dotados de velcro para su montaje. Posibilidad de ajustar el sonido mediante tornillos regulables. Tama\u00f1o: 15 x 7,5 cm.<\/p>\n","protected":false},"featured_media":51794,"comment_status":"open","ping_status":"closed","template":"","meta":{"_uag_custom_page_level_css":""},"product_brand":[601],"product_cat":[603],"product_tag":[],"class_list":{"0":"post-51793","1":"product","2":"type-product","3":"status-publish","4":"has-post-thumbnail","6":"product_brand-schlagwerk","7":"product_cat-cajones","9":"first","10":"outofstock","11":"sale","12":"taxable","13":"shipping-taxable","14":"purchasable","15":"product-type-simple"},"uagb_featured_image_src":{"full":["https:\/\/rms-enlinea.com.ar\/wp-content\/uploads\/2025\/07\/D_901756-MLA87861118172_072025-F.jpg",1200,836,false],"thumbnail":["https:\/\/rms-enlinea.com.ar\/wp-content\/uploads\/2025\/07\/D_901756-MLA87861118172_072025-F-150x150.jpg",150,150,true],"medium":["https:\/\/rms-enlinea.com.ar\/wp-content\/uploads\/2025\/07\/D_901756-MLA87861118172_072025-F-300x209.jpg",300,209,true],"medium_large":["https:\/\/rms-enlinea.com.ar\/wp-content\/uploads\/2025\/07\/D_901756-MLA87861118172_072025-F-768x535.jpg",768,535,true],"large":["https:\/\/rms-enlinea.com.ar\/wp-content\/uploads\/2025\/07\/D_901756-MLA87861118172_072025-F-1024x713.jpg",1024,713,true],"1536x1536":["https:\/\/rms-enlinea.com.ar\/wp-content\/uploads\/2025\/07\/D_901756-MLA87861118172_072025-F.jpg",1200,836,false],"2048x2048":["https:\/\/rms-enlinea.com.ar\/wp-content\/uploads\/2025\/07\/D_901756-MLA87861118172_072025-F.jpg",1200,836,false],"woocommerce_thumbnail":["https:\/\/rms-enlinea.com.ar\/wp-content\/uploads\/2025\/07\/D_901756-MLA87861118172_072025-F-450x450.jpg",450,450,true],"woocommerce_single":["https:\/\/rms-enlinea.com.ar\/wp-content\/uploads\/2025\/07\/D_901756-MLA87861118172_072025-F-600x418.jpg",600,418,true],"woocommerce_gallery_thumbnail":["https:\/\/rms-enlinea.com.ar\/wp-content\/uploads\/2025\/07\/D_901756-MLA87861118172_072025-F-100x100.jpg",100,100,true]},"uagb_author_info":{"display_name":"mario","author_link":"https:\/\/rms-enlinea.com.ar\/tienda\/author\/"},"uagb_comment_info":0,"uagb_excerpt":"Flap M. Los flaps ofrecen el sonido de unas casta\u00f1uelas y se pueden colocar en cualquier sitio, puesto que est\u00e1n dotados de velcro para su montaje. Posibilidad de ajustar el sonido mediante tornillos regulables. Tama\u00f1o: 15 x 7,5 cm.","_links":{"self":[{"href":"https:\/\/rms-enlinea.com.ar\/tienda\/wp-json\/wp\/v2\/product\/51793","targetHints":{"allow":["GET"]}}],"collection":[{"href":"https:\/\/rms-enlinea.com.ar\/tienda\/wp-json\/wp\/v2\/product"}],"about":[{"href":"https:\/\/rms-enlinea.com.ar\/tienda\/wp-json\/wp\/v2\/types\/product"}],"replies":[{"embeddable":true,"href":"https:\/\/rms-enlinea.com.ar\/tienda\/wp-json\/wp\/v2\/comments?post=51793"}],"wp:featuredmedia":[{"embeddable":true,"href":"https:\/\/rms-enlinea.com.ar\/tienda\/wp-json\/wp\/v2\/media\/51794"}],"wp:attachment":[{"href":"https:\/\/rms-enlinea.com.ar\/tienda\/wp-json\/wp\/v2\/media?parent=51793"}],"wp:term":[{"taxonomy":"product_brand","embeddable":true,"href":"https:\/\/rms-enlinea.com.ar\/tienda\/wp-json\/wp\/v2\/product_brand?post=51793"},{"taxonomy":"product_cat","embeddable":true,"href":"https:\/\/rms-enlinea.com.ar\/tienda\/wp-json\/wp\/v2\/product_cat?post=51793"},{"taxonomy":"product_tag","embeddable":true,"href":"https:\/\/rms-enlinea.com.ar\/tienda\/wp-json\/wp\/v2\/product_tag?post=51793"}],"curies":[{"name":"wp","href":"https:\/\/api.w.org\/{rel}","templated":true}]}}