{"id":51936,"date":"2025-07-22T17:00:16","date_gmt":"2025-07-22T20:00:16","guid":{"rendered":"https:\/\/rms-enlinea.com.ar\/tienda\/producto\/monitor-daihatsu-led-22-ofisu-lm23150-hd-hdmi-vga\/"},"modified":"2026-05-06T09:40:54","modified_gmt":"2026-05-06T12:40:54","slug":"monitor-daihatsu-led-22-ofisu-lm23150-hd-hdmi-vga","status":"publish","type":"product","link":"https:\/\/rms-enlinea.com.ar\/tienda\/producto\/monitor-daihatsu-led-22-ofisu-lm23150-hd-hdmi-vga\/","title":{"rendered":"Monitor Daihatsu Led 22 Ofisu Lm23150 Hd Hdmi Vga"},"content":{"rendered":"<p>Descubre el monitor Daihatsu LED 22 OFISU LM2150, un dispositivo ideal para quienes buscan calidad de imagen y versatilidad en su espacio de trabajo. Con una pantalla de 22 pulgadas y una resoluci\u00f3n Full HD de 1920 x 1080 px, podr\u00e1s disfrutar de im\u00e1genes n\u00edtidas y detalladas que mejoran tu experiencia visual, ya sea para trabajar o analizar contenido multimedia.<\/p>\n<p>Este monitor cuenta con un tama\u00f1o compacto y un dise\u00f1o que se adapta a cualquier estaci\u00f3n de trabajo. Su relaci\u00f3n de aspecto 16:9 y su brillo de 200 cd\/m2 proporcionan una visualizaci\u00f3n \u00f3ptima en diferentes condiciones de iluminaci\u00f3n. Adem\u00e1s, los \u00e1ngulos de visi\u00f3n horizontal y vertical de 170\u00b0 y 160\u00b0 respectivamente, garantizan que la calidad de imagen permanezca constante desde cualquier perspectiva.<\/p>\n<p>Las conexiones disponibles, VGA y HDMI, hacen que la configuraci\u00f3n sea sencilla, permiti\u00e9ndote conectar m\u00faltiples dispositivos sin complicaciones. El tipo de panel VA ofrece un excelente contraste de 1000:1, ideal para ver im\u00e1genes con gran profundidad y claridad, lo que resulta ideal para tareas detalladas.<\/p>\n<p>Por \u00faltimo, este monitor es compatible con montaje VESA, permitiendo una mayor flexibilidad en su instalaci\u00f3n y optimizando el espacio en tu oficina. Con una frecuencia de actualizaci\u00f3n recomendada de 75 Hz, disfrutar\u00e1s de una experiencia fluida, ya sea al trabajar o al consumir contenido multimedia.<\/p>\n","protected":false},"excerpt":{"rendered":"<p>Descubre el monitor Daihatsu LED 22 OFISU LM2150, un dispositivo ideal para quienes buscan calidad de imagen y versatilidad en su espacio de trabajo. Con una pantalla de 22 pulgadas y una resoluci\u00f3n Full HD de 1920 x 1080 px, podr\u00e1s disfrutar de im\u00e1genes n\u00edtidas y detalladas que mejoran tu experiencia visual, ya sea para [&hellip;]<\/p>\n","protected":false},"featured_media":51933,"comment_status":"open","ping_status":"closed","template":"","meta":{"_uag_custom_page_level_css":""},"product_brand":[600],"product_cat":[114],"product_tag":[],"class_list":{"0":"post-51936","1":"product","2":"type-product","3":"status-publish","4":"has-post-thumbnail","6":"product_brand-daihatsu","7":"product_cat-monitores","9":"first","10":"instock","11":"sale","12":"taxable","13":"shipping-taxable","14":"purchasable","15":"product-type-simple"},"uagb_featured_image_src":{"full":["https:\/\/rms-enlinea.com.ar\/wp-content\/uploads\/2025\/07\/D_932230-MLA88097212780_072025-F.jpg",1200,972,false],"thumbnail":["https:\/\/rms-enlinea.com.ar\/wp-content\/uploads\/2025\/07\/D_932230-MLA88097212780_072025-F-150x150.jpg",150,150,true],"medium":["https:\/\/rms-enlinea.com.ar\/wp-content\/uploads\/2025\/07\/D_932230-MLA88097212780_072025-F-300x243.jpg",300,243,true],"medium_large":["https:\/\/rms-enlinea.com.ar\/wp-content\/uploads\/2025\/07\/D_932230-MLA88097212780_072025-F-768x622.jpg",768,622,true],"large":["https:\/\/rms-enlinea.com.ar\/wp-content\/uploads\/2025\/07\/D_932230-MLA88097212780_072025-F-1024x829.jpg",1024,829,true],"1536x1536":["https:\/\/rms-enlinea.com.ar\/wp-content\/uploads\/2025\/07\/D_932230-MLA88097212780_072025-F.jpg",1200,972,false],"2048x2048":["https:\/\/rms-enlinea.com.ar\/wp-content\/uploads\/2025\/07\/D_932230-MLA88097212780_072025-F.jpg",1200,972,false],"woocommerce_thumbnail":["https:\/\/rms-enlinea.com.ar\/wp-content\/uploads\/2025\/07\/D_932230-MLA88097212780_072025-F-450x450.jpg",450,450,true],"woocommerce_single":["https:\/\/rms-enlinea.com.ar\/wp-content\/uploads\/2025\/07\/D_932230-MLA88097212780_072025-F-600x486.jpg",600,486,true],"woocommerce_gallery_thumbnail":["https:\/\/rms-enlinea.com.ar\/wp-content\/uploads\/2025\/07\/D_932230-MLA88097212780_072025-F-100x100.jpg",100,100,true]},"uagb_author_info":{"display_name":"nelson","author_link":"https:\/\/rms-enlinea.com.ar\/tienda\/author\/"},"uagb_comment_info":0,"uagb_excerpt":"Descubre el monitor Daihatsu LED 22 OFISU LM2150, un dispositivo ideal para quienes buscan calidad de imagen y versatilidad en su espacio de trabajo. Con una pantalla de 22 pulgadas y una resoluci\u00f3n Full HD de 1920 x 1080 px, podr\u00e1s disfrutar de im\u00e1genes n\u00edtidas y detalladas que mejoran tu experiencia visual, ya sea para&hellip;","_links":{"self":[{"href":"https:\/\/rms-enlinea.com.ar\/tienda\/wp-json\/wp\/v2\/product\/51936","targetHints":{"allow":["GET"]}}],"collection":[{"href":"https:\/\/rms-enlinea.com.ar\/tienda\/wp-json\/wp\/v2\/product"}],"about":[{"href":"https:\/\/rms-enlinea.com.ar\/tienda\/wp-json\/wp\/v2\/types\/product"}],"replies":[{"embeddable":true,"href":"https:\/\/rms-enlinea.com.ar\/tienda\/wp-json\/wp\/v2\/comments?post=51936"}],"wp:featuredmedia":[{"embeddable":true,"href":"https:\/\/rms-enlinea.com.ar\/tienda\/wp-json\/wp\/v2\/media\/51933"}],"wp:attachment":[{"href":"https:\/\/rms-enlinea.com.ar\/tienda\/wp-json\/wp\/v2\/media?parent=51936"}],"wp:term":[{"taxonomy":"product_brand","embeddable":true,"href":"https:\/\/rms-enlinea.com.ar\/tienda\/wp-json\/wp\/v2\/product_brand?post=51936"},{"taxonomy":"product_cat","embeddable":true,"href":"https:\/\/rms-enlinea.com.ar\/tienda\/wp-json\/wp\/v2\/product_cat?post=51936"},{"taxonomy":"product_tag","embeddable":true,"href":"https:\/\/rms-enlinea.com.ar\/tienda\/wp-json\/wp\/v2\/product_tag?post=51936"}],"curies":[{"name":"wp","href":"https:\/\/api.w.org\/{rel}","templated":true}]}}