{"id":52000,"date":"2025-07-25T01:51:24","date_gmt":"2025-07-25T04:51:24","guid":{"rendered":"https:\/\/rms-enlinea.com.ar\/tienda\/producto\/camara-bullet-hilook-hikvision-thcb120pc-2mp-2-8mm\/"},"modified":"2026-05-04T10:31:40","modified_gmt":"2026-05-04T13:31:40","slug":"camara-bullet-hilook-hikvision-thcb120pc-2mp-2-8mm","status":"publish","type":"product","link":"https:\/\/rms-enlinea.com.ar\/tienda\/producto\/camara-bullet-hilook-hikvision-thcb120pc-2mp-2-8mm\/","title":{"rendered":"Camara Bullet Hilook Hikvision Thcb120pc 2mp 2.8mm"},"content":{"rendered":"<p>La marca Hikvision empresa l\u00edder en video vigilancia, cre\u00f3 la serie HiLook para ofrecer soluciones para el hogares y peque\u00f1as empresas. En resumen, HiLook es una l\u00ednea de productos de Hikvision orientada a un determinado segmento del mercado donde se quiere mantener la calidad a un precio mas accesible. <\/p>\n<p>Tipos de conexiones<\/p>\n<p>Con cable<br \/>MODELO<\/p>\n<p>THC-B120-PC<br \/>Locaciones de la c\u00e1mara<\/p>\n<p>Exterior<br \/>\u00c1ngulo de visi\u00f3n<\/p>\n<p>103\u00b0<br \/>Con infrarrojo<\/p>\n<p>S\u00ed<br \/>Marca<\/p>\n<p>Hikvision<br \/>Con visi\u00f3n nocturna<\/p>\n<p>S\u00ed<br \/>Ambiente de uso<\/p>\n<p>Interno\/Externo<br \/>Con micr\u00f3fono<\/p>\n<p>No<br \/>Calidad de resoluci\u00f3n<\/p>\n<p>2MP<br \/>Tipo de conexi\u00f3n<\/p>\n<p>Cable bnc<br \/>Alcance de visi\u00f3n infrarroja<\/p>\n<p>20 m<br \/>Tipo de resoluci\u00f3n<\/p>\n<p>Full HD<br \/>Embalaje del env\u00edo<\/p>\n<p>Bolsa<br \/>Formato de la c\u00e1mara esp\u00eda<\/p>\n<p>bullet<br \/>Tipo de c\u00e1mara de vigilancia<\/p>\n<p>Bullet<br \/>Campo visual<\/p>\n<p>2.8 \u00b0<br \/>Lugares de montaje<\/p>\n<p>Techo<br \/>Tipo de movimiento<\/p>\n<p>fija<br \/>Zoom \u00f3ptico<\/p>\n<p>2x<br \/>Potencia<\/p>\n<p>4 W<br \/>Conectividad<\/p>\n<p>BNC<br \/>Zoom digital<\/p>\n<p>1x<br \/>Es motorizada<\/p>\n<p>S\u00ed<br \/>Condici\u00f3n del \u00edtem<\/p>\n<p>Nuevo<br \/>L\u00ednea<\/p>\n<p>HiLook<br \/>Cantidad m\u00e1xima de FPS<\/p>\n<p>30<br \/>Temperatura m\u00e1xima soportada<\/p>\n<p>60 \u00b0C<br \/>Temperatura m\u00ednima soportada<\/p>\n<p>30 \u00b0C<\/p>\n","protected":false},"excerpt":{"rendered":"<p>La marca Hikvision empresa l\u00edder en video vigilancia, cre\u00f3 la serie HiLook para ofrecer soluciones para el hogares y peque\u00f1as empresas. En resumen, HiLook es una l\u00ednea de productos de Hikvision orientada a un determinado segmento del mercado donde se quiere mantener la calidad a un precio mas accesible. Tipos de conexiones Con cableMODELO THC-B120-PCLocaciones [&hellip;]<\/p>\n","protected":false},"featured_media":23498,"comment_status":"open","ping_status":"closed","template":"","meta":{"_uag_custom_page_level_css":""},"product_brand":[473],"product_cat":[32],"product_tag":[],"class_list":{"0":"post-52000","1":"product","2":"type-product","3":"status-publish","4":"has-post-thumbnail","6":"product_brand-hikvision","7":"product_cat-seguridad","9":"first","10":"outofstock","11":"sale","12":"taxable","13":"shipping-taxable","14":"purchasable","15":"product-type-simple"},"uagb_featured_image_src":{"full":["https:\/\/rms-enlinea.com.ar\/wp-content\/uploads\/2025\/06\/D_653034-MLU72761382480_112023-F.jpg",798,509,false],"thumbnail":["https:\/\/rms-enlinea.com.ar\/wp-content\/uploads\/2025\/06\/D_653034-MLU72761382480_112023-F-150x150.jpg",150,150,true],"medium":["https:\/\/rms-enlinea.com.ar\/wp-content\/uploads\/2025\/06\/D_653034-MLU72761382480_112023-F-300x191.jpg",300,191,true],"medium_large":["https:\/\/rms-enlinea.com.ar\/wp-content\/uploads\/2025\/06\/D_653034-MLU72761382480_112023-F-768x490.jpg",768,490,true],"large":["https:\/\/rms-enlinea.com.ar\/wp-content\/uploads\/2025\/06\/D_653034-MLU72761382480_112023-F.jpg",798,509,false],"1536x1536":["https:\/\/rms-enlinea.com.ar\/wp-content\/uploads\/2025\/06\/D_653034-MLU72761382480_112023-F.jpg",798,509,false],"2048x2048":["https:\/\/rms-enlinea.com.ar\/wp-content\/uploads\/2025\/06\/D_653034-MLU72761382480_112023-F.jpg",798,509,false],"woocommerce_thumbnail":["https:\/\/rms-enlinea.com.ar\/wp-content\/uploads\/2025\/06\/D_653034-MLU72761382480_112023-F-450x450.jpg",450,450,true],"woocommerce_single":["https:\/\/rms-enlinea.com.ar\/wp-content\/uploads\/2025\/06\/D_653034-MLU72761382480_112023-F-600x383.jpg",600,383,true],"woocommerce_gallery_thumbnail":["https:\/\/rms-enlinea.com.ar\/wp-content\/uploads\/2025\/06\/D_653034-MLU72761382480_112023-F-100x100.jpg",100,100,true]},"uagb_author_info":{"display_name":"mario","author_link":"https:\/\/rms-enlinea.com.ar\/tienda\/author\/"},"uagb_comment_info":0,"uagb_excerpt":"La marca Hikvision empresa l\u00edder en video vigilancia, cre\u00f3 la serie HiLook para ofrecer soluciones para el hogares y peque\u00f1as empresas. En resumen, HiLook es una l\u00ednea de productos de Hikvision orientada a un determinado segmento del mercado donde se quiere mantener la calidad a un precio mas accesible. Tipos de conexiones Con cableMODELO THC-B120-PCLocaciones&hellip;","_links":{"self":[{"href":"https:\/\/rms-enlinea.com.ar\/tienda\/wp-json\/wp\/v2\/product\/52000","targetHints":{"allow":["GET"]}}],"collection":[{"href":"https:\/\/rms-enlinea.com.ar\/tienda\/wp-json\/wp\/v2\/product"}],"about":[{"href":"https:\/\/rms-enlinea.com.ar\/tienda\/wp-json\/wp\/v2\/types\/product"}],"replies":[{"embeddable":true,"href":"https:\/\/rms-enlinea.com.ar\/tienda\/wp-json\/wp\/v2\/comments?post=52000"}],"wp:featuredmedia":[{"embeddable":true,"href":"https:\/\/rms-enlinea.com.ar\/tienda\/wp-json\/wp\/v2\/media\/23498"}],"wp:attachment":[{"href":"https:\/\/rms-enlinea.com.ar\/tienda\/wp-json\/wp\/v2\/media?parent=52000"}],"wp:term":[{"taxonomy":"product_brand","embeddable":true,"href":"https:\/\/rms-enlinea.com.ar\/tienda\/wp-json\/wp\/v2\/product_brand?post=52000"},{"taxonomy":"product_cat","embeddable":true,"href":"https:\/\/rms-enlinea.com.ar\/tienda\/wp-json\/wp\/v2\/product_cat?post=52000"},{"taxonomy":"product_tag","embeddable":true,"href":"https:\/\/rms-enlinea.com.ar\/tienda\/wp-json\/wp\/v2\/product_tag?post=52000"}],"curies":[{"name":"wp","href":"https:\/\/api.w.org\/{rel}","templated":true}]}}