{"id":52019,"date":"2025-07-25T13:50:10","date_gmt":"2025-07-25T16:50:10","guid":{"rendered":"https:\/\/rms-enlinea.com.ar\/tienda\/producto\/efecto-de-percusion-p-colocar-en-zapatilla-schlagwerk-krix10\/"},"modified":"2026-04-21T04:19:52","modified_gmt":"2026-04-21T07:19:52","slug":"efecto-de-percusion-p-colocar-en-zapatilla-schlagwerk-krix10","status":"publish","type":"product","link":"https:\/\/rms-enlinea.com.ar\/tienda\/producto\/efecto-de-percusion-p-colocar-en-zapatilla-schlagwerk-krix10\/","title":{"rendered":"Efecto De Percusion P\/colocar En Zapatilla Schlagwerk Krix10"},"content":{"rendered":"<p>KRIX10 KRIX &#8211; El paso r\u00edtmico<\/p>\n<p>\u00a1Incre\u00edble! Simplemente coloca el Krix bajo el cord\u00f3n de tu zapato, eng\u00e1nchalo y listo. El Krix es probablemente el instrumento de percusi\u00f3n m\u00e1s efectivo y f\u00e1cil de tocar del mundo.<\/p>\n<p>Longitud: 16 cm<br \/>Adecuado para todos los tama\u00f1os de calzado.<br \/>2 x 2 sonajas de acero inoxidable<br \/>F\u00e1cil colocaci\u00f3n en el cord\u00f3n del zapato.<\/p>\n","protected":false},"excerpt":{"rendered":"<p>KRIX10 KRIX &#8211; El paso r\u00edtmico \u00a1Incre\u00edble! Simplemente coloca el Krix bajo el cord\u00f3n de tu zapato, eng\u00e1nchalo y listo. El Krix es probablemente el instrumento de percusi\u00f3n m\u00e1s efectivo y f\u00e1cil de tocar del mundo. Longitud: 16 cmAdecuado para todos los tama\u00f1os de calzado.2 x 2 sonajas de acero inoxidableF\u00e1cil colocaci\u00f3n en el cord\u00f3n [&hellip;]<\/p>\n","protected":false},"featured_media":52020,"comment_status":"open","ping_status":"closed","template":"","meta":{"_uag_custom_page_level_css":""},"product_brand":[601],"product_cat":[603],"product_tag":[],"class_list":{"0":"post-52019","1":"product","2":"type-product","3":"status-publish","4":"has-post-thumbnail","6":"product_brand-schlagwerk","7":"product_cat-cajones","9":"first","10":"outofstock","11":"sale","12":"taxable","13":"shipping-taxable","14":"purchasable","15":"product-type-simple"},"uagb_featured_image_src":{"full":["https:\/\/rms-enlinea.com.ar\/wp-content\/uploads\/2025\/07\/D_837337-MLA88637321475_072025-F.jpg",320,1200,false],"thumbnail":["https:\/\/rms-enlinea.com.ar\/wp-content\/uploads\/2025\/07\/D_837337-MLA88637321475_072025-F-150x150.jpg",150,150,true],"medium":["https:\/\/rms-enlinea.com.ar\/wp-content\/uploads\/2025\/07\/D_837337-MLA88637321475_072025-F-80x300.jpg",80,300,true],"medium_large":["https:\/\/rms-enlinea.com.ar\/wp-content\/uploads\/2025\/07\/D_837337-MLA88637321475_072025-F.jpg",320,1200,false],"large":["https:\/\/rms-enlinea.com.ar\/wp-content\/uploads\/2025\/07\/D_837337-MLA88637321475_072025-F-273x1024.jpg",273,1024,true],"1536x1536":["https:\/\/rms-enlinea.com.ar\/wp-content\/uploads\/2025\/07\/D_837337-MLA88637321475_072025-F.jpg",320,1200,false],"2048x2048":["https:\/\/rms-enlinea.com.ar\/wp-content\/uploads\/2025\/07\/D_837337-MLA88637321475_072025-F.jpg",320,1200,false],"woocommerce_thumbnail":["https:\/\/rms-enlinea.com.ar\/wp-content\/uploads\/2025\/07\/D_837337-MLA88637321475_072025-F-320x450.jpg",320,450,true],"woocommerce_single":["https:\/\/rms-enlinea.com.ar\/wp-content\/uploads\/2025\/07\/D_837337-MLA88637321475_072025-F.jpg",320,1200,false],"woocommerce_gallery_thumbnail":["https:\/\/rms-enlinea.com.ar\/wp-content\/uploads\/2025\/07\/D_837337-MLA88637321475_072025-F-100x100.jpg",100,100,true]},"uagb_author_info":{"display_name":"nelson","author_link":"https:\/\/rms-enlinea.com.ar\/tienda\/author\/"},"uagb_comment_info":0,"uagb_excerpt":"KRIX10 KRIX &#8211; El paso r\u00edtmico \u00a1Incre\u00edble! Simplemente coloca el Krix bajo el cord\u00f3n de tu zapato, eng\u00e1nchalo y listo. El Krix es probablemente el instrumento de percusi\u00f3n m\u00e1s efectivo y f\u00e1cil de tocar del mundo. Longitud: 16 cmAdecuado para todos los tama\u00f1os de calzado.2 x 2 sonajas de acero inoxidableF\u00e1cil colocaci\u00f3n en el cord\u00f3n&hellip;","_links":{"self":[{"href":"https:\/\/rms-enlinea.com.ar\/tienda\/wp-json\/wp\/v2\/product\/52019","targetHints":{"allow":["GET"]}}],"collection":[{"href":"https:\/\/rms-enlinea.com.ar\/tienda\/wp-json\/wp\/v2\/product"}],"about":[{"href":"https:\/\/rms-enlinea.com.ar\/tienda\/wp-json\/wp\/v2\/types\/product"}],"replies":[{"embeddable":true,"href":"https:\/\/rms-enlinea.com.ar\/tienda\/wp-json\/wp\/v2\/comments?post=52019"}],"wp:featuredmedia":[{"embeddable":true,"href":"https:\/\/rms-enlinea.com.ar\/tienda\/wp-json\/wp\/v2\/media\/52020"}],"wp:attachment":[{"href":"https:\/\/rms-enlinea.com.ar\/tienda\/wp-json\/wp\/v2\/media?parent=52019"}],"wp:term":[{"taxonomy":"product_brand","embeddable":true,"href":"https:\/\/rms-enlinea.com.ar\/tienda\/wp-json\/wp\/v2\/product_brand?post=52019"},{"taxonomy":"product_cat","embeddable":true,"href":"https:\/\/rms-enlinea.com.ar\/tienda\/wp-json\/wp\/v2\/product_cat?post=52019"},{"taxonomy":"product_tag","embeddable":true,"href":"https:\/\/rms-enlinea.com.ar\/tienda\/wp-json\/wp\/v2\/product_tag?post=52019"}],"curies":[{"name":"wp","href":"https:\/\/api.w.org\/{rel}","templated":true}]}}