{"id":52076,"date":"2025-07-25T23:50:11","date_gmt":"2025-07-26T02:50:11","guid":{"rendered":"https:\/\/rms-enlinea.com.ar\/tienda\/producto\/agitador-percusion-largo-corto-schlagwerk-sk25\/"},"modified":"2026-04-21T04:18:20","modified_gmt":"2026-04-21T07:18:20","slug":"agitador-percusion-largo-corto-schlagwerk-sk25","status":"publish","type":"product","link":"https:\/\/rms-enlinea.com.ar\/tienda\/producto\/agitador-percusion-largo-corto-schlagwerk-sk25\/","title":{"rendered":"Agitador Percusion Largo Corto Schlagwerk Sk25"},"content":{"rendered":"<p>\u00bfDe d\u00f3nde surgi\u00f3 el nombre Longshort para esta coctelera? El desarrollo de la SK25 se bas\u00f3 en ofrecer la m\u00e1xima versatilidad en espacios reducidos. Gracias a la longitud variable de las c\u00e1maras interiores, y seg\u00fan c\u00f3mo se sostenga, se pueden producir notas m\u00e1s cortas, m\u00e1s largas, m\u00e1s suaves o m\u00e1s fuertes. El relleno, cuidadosamente seleccionado, realza su imagen profesional.<\/p>\n<p>Superficie de juego: chapas de dise\u00f1o variado<br \/>Cuerpo: madera de haya, SPL<br \/>Medidas: 7 x 7 x 2,4 cm<br \/>Componentes premium para el mejor sonido y la mejor calidad.<br \/>Sistema de dos c\u00e1maras con diferentes tama\u00f1os de c\u00e1mara.<br \/>Varios dise\u00f1os<br \/>Perfecto para uso en estudio.<\/p>\n","protected":false},"excerpt":{"rendered":"<p>\u00bfDe d\u00f3nde surgi\u00f3 el nombre Longshort para esta coctelera? El desarrollo de la SK25 se bas\u00f3 en ofrecer la m\u00e1xima versatilidad en espacios reducidos. Gracias a la longitud variable de las c\u00e1maras interiores, y seg\u00fan c\u00f3mo se sostenga, se pueden producir notas m\u00e1s cortas, m\u00e1s largas, m\u00e1s suaves o m\u00e1s fuertes. El relleno, cuidadosamente seleccionado, [&hellip;]<\/p>\n","protected":false},"featured_media":52077,"comment_status":"open","ping_status":"closed","template":"","meta":{"_uag_custom_page_level_css":""},"product_brand":[601],"product_cat":[603],"product_tag":[],"class_list":{"0":"post-52076","1":"product","2":"type-product","3":"status-publish","4":"has-post-thumbnail","6":"product_brand-schlagwerk","7":"product_cat-cajones","9":"first","10":"outofstock","11":"sale","12":"taxable","13":"shipping-taxable","14":"purchasable","15":"product-type-simple"},"uagb_featured_image_src":{"full":["https:\/\/rms-enlinea.com.ar\/wp-content\/uploads\/2025\/07\/D_750741-MLA88317517986_072025-F.jpg",1200,956,false],"thumbnail":["https:\/\/rms-enlinea.com.ar\/wp-content\/uploads\/2025\/07\/D_750741-MLA88317517986_072025-F-150x150.jpg",150,150,true],"medium":["https:\/\/rms-enlinea.com.ar\/wp-content\/uploads\/2025\/07\/D_750741-MLA88317517986_072025-F-300x239.jpg",300,239,true],"medium_large":["https:\/\/rms-enlinea.com.ar\/wp-content\/uploads\/2025\/07\/D_750741-MLA88317517986_072025-F-768x612.jpg",768,612,true],"large":["https:\/\/rms-enlinea.com.ar\/wp-content\/uploads\/2025\/07\/D_750741-MLA88317517986_072025-F-1024x816.jpg",1024,816,true],"1536x1536":["https:\/\/rms-enlinea.com.ar\/wp-content\/uploads\/2025\/07\/D_750741-MLA88317517986_072025-F.jpg",1200,956,false],"2048x2048":["https:\/\/rms-enlinea.com.ar\/wp-content\/uploads\/2025\/07\/D_750741-MLA88317517986_072025-F.jpg",1200,956,false],"woocommerce_thumbnail":["https:\/\/rms-enlinea.com.ar\/wp-content\/uploads\/2025\/07\/D_750741-MLA88317517986_072025-F-450x450.jpg",450,450,true],"woocommerce_single":["https:\/\/rms-enlinea.com.ar\/wp-content\/uploads\/2025\/07\/D_750741-MLA88317517986_072025-F-600x478.jpg",600,478,true],"woocommerce_gallery_thumbnail":["https:\/\/rms-enlinea.com.ar\/wp-content\/uploads\/2025\/07\/D_750741-MLA88317517986_072025-F-100x100.jpg",100,100,true]},"uagb_author_info":{"display_name":"nelson","author_link":"https:\/\/rms-enlinea.com.ar\/tienda\/author\/"},"uagb_comment_info":0,"uagb_excerpt":"\u00bfDe d\u00f3nde surgi\u00f3 el nombre Longshort para esta coctelera? El desarrollo de la SK25 se bas\u00f3 en ofrecer la m\u00e1xima versatilidad en espacios reducidos. Gracias a la longitud variable de las c\u00e1maras interiores, y seg\u00fan c\u00f3mo se sostenga, se pueden producir notas m\u00e1s cortas, m\u00e1s largas, m\u00e1s suaves o m\u00e1s fuertes. El relleno, cuidadosamente seleccionado,&hellip;","_links":{"self":[{"href":"https:\/\/rms-enlinea.com.ar\/tienda\/wp-json\/wp\/v2\/product\/52076","targetHints":{"allow":["GET"]}}],"collection":[{"href":"https:\/\/rms-enlinea.com.ar\/tienda\/wp-json\/wp\/v2\/product"}],"about":[{"href":"https:\/\/rms-enlinea.com.ar\/tienda\/wp-json\/wp\/v2\/types\/product"}],"replies":[{"embeddable":true,"href":"https:\/\/rms-enlinea.com.ar\/tienda\/wp-json\/wp\/v2\/comments?post=52076"}],"wp:featuredmedia":[{"embeddable":true,"href":"https:\/\/rms-enlinea.com.ar\/tienda\/wp-json\/wp\/v2\/media\/52077"}],"wp:attachment":[{"href":"https:\/\/rms-enlinea.com.ar\/tienda\/wp-json\/wp\/v2\/media?parent=52076"}],"wp:term":[{"taxonomy":"product_brand","embeddable":true,"href":"https:\/\/rms-enlinea.com.ar\/tienda\/wp-json\/wp\/v2\/product_brand?post=52076"},{"taxonomy":"product_cat","embeddable":true,"href":"https:\/\/rms-enlinea.com.ar\/tienda\/wp-json\/wp\/v2\/product_cat?post=52076"},{"taxonomy":"product_tag","embeddable":true,"href":"https:\/\/rms-enlinea.com.ar\/tienda\/wp-json\/wp\/v2\/product_tag?post=52076"}],"curies":[{"name":"wp","href":"https:\/\/api.w.org\/{rel}","templated":true}]}}