{"id":52088,"date":"2025-07-26T10:00:20","date_gmt":"2025-07-26T13:00:20","guid":{"rendered":"https:\/\/rms-enlinea.com.ar\/tienda\/producto\/agitador-percusion-chico-4-5x10cm-schlagwerk-sk50\/"},"modified":"2026-04-02T18:01:48","modified_gmt":"2026-04-02T21:01:48","slug":"agitador-percusion-chico-4-5x10cm-schlagwerk-sk50","status":"publish","type":"product","link":"https:\/\/rms-enlinea.com.ar\/tienda\/producto\/agitador-percusion-chico-4-5x10cm-schlagwerk-sk50\/","title":{"rendered":"Agitador Percusion Chico 4.5x10cm Schlagwerk Sk50"},"content":{"rendered":"<p>Criba vibradora<\/p>\n<p>Agitador Groovy SK50<br \/>Esta maraca de madera, peque\u00f1a, ligera, precisa y muy duradera, combina todas las caracter\u00edsticas de una maraca con la capacidad de tocar de un Caixixi. T\u00f3cala horizontalmente y suena como una maraca; t\u00f3cala verticalmente y suena como un Caixixi.<\/p>\n<p>Cuerpo: abedul, madera de haya y diversas maderas nobles (nogal, zebrano, padouk)<br \/>Medidas: \u00d8 4,5 x 10 cm<br \/>Componentes premium para el mejor sonido y la mejor calidad.<br \/>Sistema de dos c\u00e1maras<\/p>\n","protected":false},"excerpt":{"rendered":"<p>Criba vibradora Agitador Groovy SK50Esta maraca de madera, peque\u00f1a, ligera, precisa y muy duradera, combina todas las caracter\u00edsticas de una maraca con la capacidad de tocar de un Caixixi. T\u00f3cala horizontalmente y suena como una maraca; t\u00f3cala verticalmente y suena como un Caixixi. Cuerpo: abedul, madera de haya y diversas maderas nobles (nogal, zebrano, padouk)Medidas: [&hellip;]<\/p>\n","protected":false},"featured_media":52089,"comment_status":"open","ping_status":"closed","template":"","meta":{"_uag_custom_page_level_css":""},"product_brand":[601],"product_cat":[603],"product_tag":[],"class_list":{"0":"post-52088","1":"product","2":"type-product","3":"status-publish","4":"has-post-thumbnail","6":"product_brand-schlagwerk","7":"product_cat-cajones","9":"first","10":"instock","11":"sale","12":"taxable","13":"shipping-taxable","14":"purchasable","15":"product-type-simple"},"uagb_featured_image_src":{"full":["https:\/\/rms-enlinea.com.ar\/wp-content\/uploads\/2025\/07\/D_628289-MLA88694098491_072025-F.jpg",1200,930,false],"thumbnail":["https:\/\/rms-enlinea.com.ar\/wp-content\/uploads\/2025\/07\/D_628289-MLA88694098491_072025-F-150x150.jpg",150,150,true],"medium":["https:\/\/rms-enlinea.com.ar\/wp-content\/uploads\/2025\/07\/D_628289-MLA88694098491_072025-F-300x233.jpg",300,233,true],"medium_large":["https:\/\/rms-enlinea.com.ar\/wp-content\/uploads\/2025\/07\/D_628289-MLA88694098491_072025-F-768x595.jpg",768,595,true],"large":["https:\/\/rms-enlinea.com.ar\/wp-content\/uploads\/2025\/07\/D_628289-MLA88694098491_072025-F-1024x794.jpg",1024,794,true],"1536x1536":["https:\/\/rms-enlinea.com.ar\/wp-content\/uploads\/2025\/07\/D_628289-MLA88694098491_072025-F.jpg",1200,930,false],"2048x2048":["https:\/\/rms-enlinea.com.ar\/wp-content\/uploads\/2025\/07\/D_628289-MLA88694098491_072025-F.jpg",1200,930,false],"woocommerce_thumbnail":["https:\/\/rms-enlinea.com.ar\/wp-content\/uploads\/2025\/07\/D_628289-MLA88694098491_072025-F-450x450.jpg",450,450,true],"woocommerce_single":["https:\/\/rms-enlinea.com.ar\/wp-content\/uploads\/2025\/07\/D_628289-MLA88694098491_072025-F-600x465.jpg",600,465,true],"woocommerce_gallery_thumbnail":["https:\/\/rms-enlinea.com.ar\/wp-content\/uploads\/2025\/07\/D_628289-MLA88694098491_072025-F-100x100.jpg",100,100,true]},"uagb_author_info":{"display_name":"nelson","author_link":"https:\/\/rms-enlinea.com.ar\/tienda\/author\/"},"uagb_comment_info":0,"uagb_excerpt":"Criba vibradora Agitador Groovy SK50Esta maraca de madera, peque\u00f1a, ligera, precisa y muy duradera, combina todas las caracter\u00edsticas de una maraca con la capacidad de tocar de un Caixixi. T\u00f3cala horizontalmente y suena como una maraca; t\u00f3cala verticalmente y suena como un Caixixi. Cuerpo: abedul, madera de haya y diversas maderas nobles (nogal, zebrano, padouk)Medidas:&hellip;","_links":{"self":[{"href":"https:\/\/rms-enlinea.com.ar\/tienda\/wp-json\/wp\/v2\/product\/52088","targetHints":{"allow":["GET"]}}],"collection":[{"href":"https:\/\/rms-enlinea.com.ar\/tienda\/wp-json\/wp\/v2\/product"}],"about":[{"href":"https:\/\/rms-enlinea.com.ar\/tienda\/wp-json\/wp\/v2\/types\/product"}],"replies":[{"embeddable":true,"href":"https:\/\/rms-enlinea.com.ar\/tienda\/wp-json\/wp\/v2\/comments?post=52088"}],"wp:featuredmedia":[{"embeddable":true,"href":"https:\/\/rms-enlinea.com.ar\/tienda\/wp-json\/wp\/v2\/media\/52089"}],"wp:attachment":[{"href":"https:\/\/rms-enlinea.com.ar\/tienda\/wp-json\/wp\/v2\/media?parent=52088"}],"wp:term":[{"taxonomy":"product_brand","embeddable":true,"href":"https:\/\/rms-enlinea.com.ar\/tienda\/wp-json\/wp\/v2\/product_brand?post=52088"},{"taxonomy":"product_cat","embeddable":true,"href":"https:\/\/rms-enlinea.com.ar\/tienda\/wp-json\/wp\/v2\/product_cat?post=52088"},{"taxonomy":"product_tag","embeddable":true,"href":"https:\/\/rms-enlinea.com.ar\/tienda\/wp-json\/wp\/v2\/product_tag?post=52088"}],"curies":[{"name":"wp","href":"https:\/\/api.w.org\/{rel}","templated":true}]}}