{"id":52133,"date":"2025-07-26T13:40:25","date_gmt":"2025-07-26T16:40:25","guid":{"rendered":"https:\/\/rms-enlinea.com.ar\/tienda\/producto\/procesador-intel-core-i7-ultra-265kf-s-graficos-s-cooler\/"},"modified":"2026-04-09T23:41:25","modified_gmt":"2026-04-10T02:41:25","slug":"procesador-intel-core-i7-ultra-265kf-s-graficos-s-cooler","status":"publish","type":"product","link":"https:\/\/rms-enlinea.com.ar\/tienda\/producto\/procesador-intel-core-i7-ultra-265kf-s-graficos-s-cooler\/","title":{"rendered":"Procesador Intel Core I7 Ultra 265kf S\/graficos S\/cooler"},"content":{"rendered":"<p>ESPECIFICACIONES DE LA CPU<br \/>\nCantidad de n\u00facleos<br \/>\n20<br \/>\nCantidad de Performance-cores<br \/>\n8<br \/>\nCantidad de Efficient-cores<br \/>\n12<br \/>\nTotal de subprocesos<br \/>\n20<br \/>\nFrecuencia turbo m\u00e1xima<br \/>\n5.5 GHz<br \/>\nFrecuencia de la Tecnolog\u00eda Intel Turbo Boost Max 3.0<br \/>\n5.5 GHz<br \/>\nFrecuencia turbo m\u00e1xima del Performance-core<br \/>\n5.4 GHz<br \/>\nFrecuencia turbo m\u00e1xima de Efficient-core<br \/>\n4.6 GHz<br \/>\nFrecuencia base de Performance-core<br \/>\n3.9 GHz<br \/>\nFrecuencia base de Efficient-core<br \/>\n3.3 GHz<br \/>\nCach\u00e9<br \/>\n30 MB Intel\u00ae Smart Cache<br \/>\nCach\u00e9 L2 total<br \/>\n36 MB<br \/>\nPotencia base del procesador<br \/>\n125 W<br \/>\nPotencia turbo m\u00e1xima<br \/>\n250 W<br \/>\nIntel Deep Learning Boost (Intel DL Boost)<br \/>\nSi<br \/>\nAI Software Frameworks Supported by CPU<br \/>\nOpenVINO\u2122, WindowsML, DirectML, ONNX RT, WebNN<br \/>\nLitograf\u00eda de CPU<br \/>\nTSMC N3B<\/p>\n","protected":false},"excerpt":{"rendered":"<p>ESPECIFICACIONES DE LA CPU Cantidad de n\u00facleos 20 Cantidad de Performance-cores 8 Cantidad de Efficient-cores 12 Total de subprocesos 20 Frecuencia turbo m\u00e1xima 5.5 GHz Frecuencia de la Tecnolog\u00eda Intel Turbo Boost Max 3.0 5.5 GHz Frecuencia turbo m\u00e1xima del Performance-core 5.4 GHz Frecuencia turbo m\u00e1xima de Efficient-core 4.6 GHz Frecuencia base de Performance-core 3.9 [&hellip;]<\/p>\n","protected":false},"featured_media":529,"comment_status":"open","ping_status":"closed","template":"","meta":{"_uag_custom_page_level_css":""},"product_brand":[530],"product_cat":[121],"product_tag":[],"class_list":{"0":"post-52133","1":"product","2":"type-product","3":"status-publish","4":"has-post-thumbnail","6":"product_brand-intel","7":"product_cat-procesadores-computacion","9":"first","10":"outofstock","11":"sale","12":"taxable","13":"shipping-taxable","14":"purchasable","15":"product-type-simple"},"uagb_featured_image_src":{"full":["https:\/\/rms-enlinea.com.ar\/wp-content\/uploads\/2025\/06\/D_969832-MLA80901699164_122024-F.jpg",971,1058,false],"thumbnail":["https:\/\/rms-enlinea.com.ar\/wp-content\/uploads\/2025\/06\/D_969832-MLA80901699164_122024-F-150x150.jpg",150,150,true],"medium":["https:\/\/rms-enlinea.com.ar\/wp-content\/uploads\/2025\/06\/D_969832-MLA80901699164_122024-F-275x300.jpg",275,300,true],"medium_large":["https:\/\/rms-enlinea.com.ar\/wp-content\/uploads\/2025\/06\/D_969832-MLA80901699164_122024-F-768x837.jpg",768,837,true],"large":["https:\/\/rms-enlinea.com.ar\/wp-content\/uploads\/2025\/06\/D_969832-MLA80901699164_122024-F-940x1024.jpg",940,1024,true],"1536x1536":["https:\/\/rms-enlinea.com.ar\/wp-content\/uploads\/2025\/06\/D_969832-MLA80901699164_122024-F.jpg",971,1058,false],"2048x2048":["https:\/\/rms-enlinea.com.ar\/wp-content\/uploads\/2025\/06\/D_969832-MLA80901699164_122024-F.jpg",971,1058,false],"woocommerce_thumbnail":["https:\/\/rms-enlinea.com.ar\/wp-content\/uploads\/2025\/06\/D_969832-MLA80901699164_122024-F-450x450.jpg",450,450,true],"woocommerce_single":["https:\/\/rms-enlinea.com.ar\/wp-content\/uploads\/2025\/06\/D_969832-MLA80901699164_122024-F-600x654.jpg",600,654,true],"woocommerce_gallery_thumbnail":["https:\/\/rms-enlinea.com.ar\/wp-content\/uploads\/2025\/06\/D_969832-MLA80901699164_122024-F-100x100.jpg",100,100,true]},"uagb_author_info":{"display_name":"nelson","author_link":"https:\/\/rms-enlinea.com.ar\/tienda\/author\/"},"uagb_comment_info":0,"uagb_excerpt":"ESPECIFICACIONES DE LA CPU Cantidad de n\u00facleos 20 Cantidad de Performance-cores 8 Cantidad de Efficient-cores 12 Total de subprocesos 20 Frecuencia turbo m\u00e1xima 5.5 GHz Frecuencia de la Tecnolog\u00eda Intel Turbo Boost Max 3.0 5.5 GHz Frecuencia turbo m\u00e1xima del Performance-core 5.4 GHz Frecuencia turbo m\u00e1xima de Efficient-core 4.6 GHz Frecuencia base de Performance-core 3.9&hellip;","_links":{"self":[{"href":"https:\/\/rms-enlinea.com.ar\/tienda\/wp-json\/wp\/v2\/product\/52133","targetHints":{"allow":["GET"]}}],"collection":[{"href":"https:\/\/rms-enlinea.com.ar\/tienda\/wp-json\/wp\/v2\/product"}],"about":[{"href":"https:\/\/rms-enlinea.com.ar\/tienda\/wp-json\/wp\/v2\/types\/product"}],"replies":[{"embeddable":true,"href":"https:\/\/rms-enlinea.com.ar\/tienda\/wp-json\/wp\/v2\/comments?post=52133"}],"wp:featuredmedia":[{"embeddable":true,"href":"https:\/\/rms-enlinea.com.ar\/tienda\/wp-json\/wp\/v2\/media\/529"}],"wp:attachment":[{"href":"https:\/\/rms-enlinea.com.ar\/tienda\/wp-json\/wp\/v2\/media?parent=52133"}],"wp:term":[{"taxonomy":"product_brand","embeddable":true,"href":"https:\/\/rms-enlinea.com.ar\/tienda\/wp-json\/wp\/v2\/product_brand?post=52133"},{"taxonomy":"product_cat","embeddable":true,"href":"https:\/\/rms-enlinea.com.ar\/tienda\/wp-json\/wp\/v2\/product_cat?post=52133"},{"taxonomy":"product_tag","embeddable":true,"href":"https:\/\/rms-enlinea.com.ar\/tienda\/wp-json\/wp\/v2\/product_tag?post=52133"}],"curies":[{"name":"wp","href":"https:\/\/api.w.org\/{rel}","templated":true}]}}