{"id":52196,"date":"2025-07-28T13:20:56","date_gmt":"2025-07-28T16:20:56","guid":{"rendered":"https:\/\/rms-enlinea.com.ar\/tienda\/producto\/placa-de-video-sapphire-pulse-rx-9070xt-16gb-pcie-5-0\/"},"modified":"2026-04-02T19:14:46","modified_gmt":"2026-04-02T22:14:46","slug":"placa-de-video-sapphire-pulse-rx-9070xt-16gb-pcie-5-0","status":"publish","type":"product","link":"https:\/\/rms-enlinea.com.ar\/tienda\/producto\/placa-de-video-sapphire-pulse-rx-9070xt-16gb-pcie-5-0\/","title":{"rendered":"Placa De Video Sapphire Pulse Rx 9070xt 16gb Pcie 5.0"},"content":{"rendered":"<p>GPU<br \/>Tarjeta gr\u00e1fica AMD Radeon\u2122 RX 9070 XT<br \/>Arquitectura AMD RDNA\u2122 4<br \/>Reloj de motor<br \/>Boost Clock: Hasta 2970 MHz<br \/>Game Clock: Hasta 2400 MHz <\/p>\n<p>Boost Clock es la frecuencia m\u00e1xima alcanzable en la GPU ejecutando cargas de trabajo en r\u00e1faga. La capacidad, frecuencia y sostenibilidad de Boost Clock variar\u00e1n en funci\u00f3n de varios factores, entre los que se incluyen: las condiciones t\u00e9rmicas y la variaci\u00f3n de la aplicaci\u00f3n y las cargas de trabajo.<\/p>\n<p>Game Clock es el reloj esperado de la GPU cuando se ejecutan aplicaciones de juego t\u00edpicas, ajustado a la TGP (potencia gr\u00e1fica total) t\u00edpica. Los resultados reales de Game Clock pueden variar.<br \/>Procesadores de flujo<br \/>4096<br \/>Compute Units<br \/>64 CU (aceleradores de 3a Gen RT + 2a Gen AI)<br \/>Infinity Cache<br \/>64MB<br \/>Aceleradores<br \/>64<br \/>AI Accelerator<br \/>128<br \/>Tama\u00f1o de la memoria\/Bus<br \/>16GB\/256 bit GDDR6<br \/>Reloj de memoria<br \/>20 Gbps Effective<br \/>Pantallas<br \/>M\u00e1ximo 4 pantallas<br \/>Resoluci\u00f3n<br \/>HDMI\u00ae: 7680\u00d74320<br \/>DisplayPort\u2122 2.1a: 7680\u00d74320<br \/>Interfaz<br \/>PCI-Express 5.0 x16<\/p>\n<p>Salida<br \/>2x HDMI\u00ae<br \/>2x DisplayPort\u2122 2.1a<\/p>\n<p>Compatibilidad con BIOS<br \/>UEFI<br \/>\u00cdndice de juego<br \/>4K<\/p>\n<p>Caracter\u00edsticas de Sapphire<br \/>Material de interfaz t\u00e9rmica (TIM) Honeywell PTM7950<br \/>Aspa de ventilador AeroCurve<br \/>Free Flow<br \/>FrameDefense<br \/>M\u00f3dulo de refrigeraci\u00f3n integrado<br \/>Tecnolog\u00eda de refrigeraci\u00f3n Tri-X<br \/>PCB de cobre de alta TG<br \/>Tubos de calor compuestos optimizados<br \/>Placa posterior met\u00e1lica<br \/>Ventiladores con rodamiento de bolas dobles<br \/>Dise\u00f1o de potencia digital de 14 fases<br \/>Protecci\u00f3n de fusibles<br \/>Control inteligente de ventilador<br \/>Control preciso de ventilador<br \/>Compatible con TriXX<br \/>TriXX Boost<br \/>Paquete de accesorios<br \/>Soporte en L<br \/>Caracter\u00edsticas de AMD<br \/>Arquitectura AMD RDNA\u2122 4<br \/>64 unidades de c\u00e1lculo (aceleradores de 3\u00aa Gen RT + 2\u00aa Gen AI)<br \/>AMD HYPR-RX con AFMF 2<br \/>AMD FidelityFX\u2122 Super Resolution 4 con AI Upscaling<br \/>DisplayPort\u2122 2.1a <br \/>Motor AMD Radiance Display\u2122<br \/>Tecnolog\u00eda AMD Fluid Motion Frames 2<br \/>Tecnolog\u00eda AMD Radeon\u2122 Anti-Lag 2<br \/>Codificaci\u00f3n\/Decodificaci\u00f3n AV1<br \/>Tecnolog\u00edas AMD FidelityFX\u2122<br \/>Microsoft\u00ae DirectX\u00ae 12 Ultimate<br \/>Supresi\u00f3n de ruido AMD<br \/>Tecnolog\u00eda AMD Freesync\u2122<br \/>16 GB de GDDR6 en un bus de memoria de 256 bits<br \/>Tecnolog\u00edas inteligentes AMD<br \/>Software de AMD: Aplicaci\u00f3n Adrenalin Edition\u2122<br \/>Tipo de cooler<br \/>Enfriamiento Tri-X<br \/>Aspa de ventilador AeroCurve<br \/>Free Flow<br \/>M\u00f3dulo de refrigeraci\u00f3n integrado<br \/>PCB de cobre de alta TG<br \/>Tubos de calor compuestos optimizados <br \/>Rodamiento de dos bolas<br \/>Factor de forma<br \/>Ranura 3, ATX<br \/>Dimensi\u00f3n: 320(L)X 120.25(W)X 61.6 (H)mm<br \/>Consumo de energ\u00eda<br \/>304 W Potencia t\u00edpica de la placa<br \/>OS<br \/>Linux\u00ae, Windows\u00ae 10, and Windows 11. 64-bit  operating system required<\/p>\n<p>Requisitos del sistema<br \/>Fuente de alimentaci\u00f3n de 750 watts como m\u00ednimo<br \/>2 x conector de alimentaci\u00f3n de 8 clavijas.<br \/>Se requiere un sistema de PC con conexi\u00f3n PCI Express\u00ae y una ranura para gr\u00e1ficos x16 disponible en la placa madre.<br \/>M\u00ednimo de 8 GB de memoria del sistema. 16 GB recomendados.<\/p>\n","protected":false},"excerpt":{"rendered":"<p>GPUTarjeta gr\u00e1fica AMD Radeon\u2122 RX 9070 XTArquitectura AMD RDNA\u2122 4Reloj de motorBoost Clock: Hasta 2970 MHzGame Clock: Hasta 2400 MHz Boost Clock es la frecuencia m\u00e1xima alcanzable en la GPU ejecutando cargas de trabajo en r\u00e1faga. La capacidad, frecuencia y sostenibilidad de Boost Clock variar\u00e1n en funci\u00f3n de varios factores, entre los que se incluyen: [&hellip;]<\/p>\n","protected":false},"featured_media":52197,"comment_status":"open","ping_status":"closed","template":"","meta":{"_uag_custom_page_level_css":""},"product_brand":[573],"product_cat":[120],"product_tag":[],"class_list":{"0":"post-52196","1":"product","2":"type-product","3":"status-publish","4":"has-post-thumbnail","6":"product_brand-sapphire","7":"product_cat-placas-de-video","9":"first","10":"outofstock","11":"sale","12":"taxable","13":"shipping-taxable","14":"purchasable","15":"product-type-simple"},"uagb_featured_image_src":{"full":["https:\/\/rms-enlinea.com.ar\/wp-content\/uploads\/2025\/07\/D_915899-MLA88818272437_072025-F.jpg",1200,1053,false],"thumbnail":["https:\/\/rms-enlinea.com.ar\/wp-content\/uploads\/2025\/07\/D_915899-MLA88818272437_072025-F-150x150.jpg",150,150,true],"medium":["https:\/\/rms-enlinea.com.ar\/wp-content\/uploads\/2025\/07\/D_915899-MLA88818272437_072025-F-300x263.jpg",300,263,true],"medium_large":["https:\/\/rms-enlinea.com.ar\/wp-content\/uploads\/2025\/07\/D_915899-MLA88818272437_072025-F-768x674.jpg",768,674,true],"large":["https:\/\/rms-enlinea.com.ar\/wp-content\/uploads\/2025\/07\/D_915899-MLA88818272437_072025-F-1024x899.jpg",1024,899,true],"1536x1536":["https:\/\/rms-enlinea.com.ar\/wp-content\/uploads\/2025\/07\/D_915899-MLA88818272437_072025-F.jpg",1200,1053,false],"2048x2048":["https:\/\/rms-enlinea.com.ar\/wp-content\/uploads\/2025\/07\/D_915899-MLA88818272437_072025-F.jpg",1200,1053,false],"woocommerce_thumbnail":["https:\/\/rms-enlinea.com.ar\/wp-content\/uploads\/2025\/07\/D_915899-MLA88818272437_072025-F-450x450.jpg",450,450,true],"woocommerce_single":["https:\/\/rms-enlinea.com.ar\/wp-content\/uploads\/2025\/07\/D_915899-MLA88818272437_072025-F-600x527.jpg",600,527,true],"woocommerce_gallery_thumbnail":["https:\/\/rms-enlinea.com.ar\/wp-content\/uploads\/2025\/07\/D_915899-MLA88818272437_072025-F-100x100.jpg",100,100,true]},"uagb_author_info":{"display_name":"nelson","author_link":"https:\/\/rms-enlinea.com.ar\/tienda\/author\/"},"uagb_comment_info":0,"uagb_excerpt":"GPUTarjeta gr\u00e1fica AMD Radeon\u2122 RX 9070 XTArquitectura AMD RDNA\u2122 4Reloj de motorBoost Clock: Hasta 2970 MHzGame Clock: Hasta 2400 MHz Boost Clock es la frecuencia m\u00e1xima alcanzable en la GPU ejecutando cargas de trabajo en r\u00e1faga. La capacidad, frecuencia y sostenibilidad de Boost Clock variar\u00e1n en funci\u00f3n de varios factores, entre los que se incluyen:&hellip;","_links":{"self":[{"href":"https:\/\/rms-enlinea.com.ar\/tienda\/wp-json\/wp\/v2\/product\/52196","targetHints":{"allow":["GET"]}}],"collection":[{"href":"https:\/\/rms-enlinea.com.ar\/tienda\/wp-json\/wp\/v2\/product"}],"about":[{"href":"https:\/\/rms-enlinea.com.ar\/tienda\/wp-json\/wp\/v2\/types\/product"}],"replies":[{"embeddable":true,"href":"https:\/\/rms-enlinea.com.ar\/tienda\/wp-json\/wp\/v2\/comments?post=52196"}],"wp:featuredmedia":[{"embeddable":true,"href":"https:\/\/rms-enlinea.com.ar\/tienda\/wp-json\/wp\/v2\/media\/52197"}],"wp:attachment":[{"href":"https:\/\/rms-enlinea.com.ar\/tienda\/wp-json\/wp\/v2\/media?parent=52196"}],"wp:term":[{"taxonomy":"product_brand","embeddable":true,"href":"https:\/\/rms-enlinea.com.ar\/tienda\/wp-json\/wp\/v2\/product_brand?post=52196"},{"taxonomy":"product_cat","embeddable":true,"href":"https:\/\/rms-enlinea.com.ar\/tienda\/wp-json\/wp\/v2\/product_cat?post=52196"},{"taxonomy":"product_tag","embeddable":true,"href":"https:\/\/rms-enlinea.com.ar\/tienda\/wp-json\/wp\/v2\/product_tag?post=52196"}],"curies":[{"name":"wp","href":"https:\/\/api.w.org\/{rel}","templated":true}]}}