{"id":52346,"date":"2025-07-29T12:21:23","date_gmt":"2025-07-29T15:21:23","guid":{"rendered":"https:\/\/rms-enlinea.com.ar\/tienda\/producto\/placa-red-wifi-pci-e-dual-band-bt-tp-link-archer-tx20e\/"},"modified":"2026-04-21T04:15:57","modified_gmt":"2026-04-21T07:15:57","slug":"placa-red-wifi-pci-e-dual-band-bt-tp-link-archer-tx20e","status":"publish","type":"product","link":"https:\/\/rms-enlinea.com.ar\/tienda\/producto\/placa-red-wifi-pci-e-dual-band-bt-tp-link-archer-tx20e\/","title":{"rendered":"Placa Red Wifi Pci-e Dual Band Bt Tp-link Archer Tx20e"},"content":{"rendered":"<p>CARACTER\u00cdSTICAS DE HARDWARE<br \/>\nDimensiones 4.76 \u00d7 3.09 \u00d7 0.82 in<br \/>\n(120.8 \u00d7 78.5 \u00d7 20.9 mm)<br \/>\nTipo de Antena Dos antenas de doble banda de alta ganancia<br \/>\nChipset Realtek Wi-Fi 6 Chipset<br \/>\nCARACTER\u00cdSTICAS INAL\u00c1MBRICAS<br \/>\nEst\u00e1ndares Inal\u00e1mbricos IEEE 802.11ax\/ac\/n\/a 5 GHz<br \/>\nIEEE 802.11ax\/n\/g\/b 2.4 GHz<br \/>\nBluetooth 5.2<br \/>\nTasa de se\u00f1al WLAN 5 GHz<br \/>\n11ax: hasta 1201 Mbps (din\u00e1mico)<br \/>\n11ac: hasta 867 Mbps (din\u00e1mico)<br \/>\n11n: hasta 300 Mbps (din\u00e1mico)<br \/>\n11a: hasta 54 Mbps (din\u00e1mico)<br \/>\n2,4 GHz<br \/>\n11ax: hasta 574 Mbps (din\u00e1mico)<br \/>\n11n: hasta 300 Mbps (din\u00e1mico)<br \/>\n11g: hasta 54 Mbps (din\u00e1mico)<br \/>\n11b: hasta 11 Mbps (din\u00e1mico)<br \/>\nSensibilidad de recepci\u00f3n WLAN 5 GHz :<br \/>\n11ax HE80: -57.0dBm<br \/>\n11ax HE40: -60.0dBm<br \/>\n11ax HE20: -63.0dBm<br \/>\n11ac VHT80: -59.5dBm<br \/>\n11ac VHT40: -62.5dBm<br \/>\n11ac VHT20: -67.5dBm<br \/>\n11n HT40: -69.5dBm<br \/>\n11n HT20: -72.5dBm<br \/>\n11a 54Mbps: -74.0dBm<br \/>\n11a 6Mbps: -94.5dBm<br \/>\n2.4GHz :<br \/>\n11ax HE40: -60.0dBm<br \/>\n11ax HE20: -63.0dBm<br \/>\n11n HT40: -69.5dBm<br \/>\n11n HT20: -72.5dBm<br \/>\n11g 54Mbps: -74.0dBm<br \/>\n11b 11Mbps: -88.0dBm<br \/>\nPotencia de transmisi\u00f3n WLAN 5 GHz : 27dBm(FCC) \/ 23dBm(CE) (EIRP)<br \/>\n2.4 GHz : 25dBm(FCC) \/ 20dBm(CE) (EIRP)<br \/>\nModos WLAN Modo infraestructura<br \/>\nSeguridad Inal\u00e1mbrica Support 64\/128 bit WEP, WPA\/WAP2\/WPA3, WPA-PSK\/WPA2-PSK, 802.1x<br \/>\nTecnolog\u00eda de Modulaci\u00f3n DBPSK, DQPSK, CCK, OFDM, 16-QAM, 64-QAM, 256-QAM, 1024QAM<\/p>\n","protected":false},"excerpt":{"rendered":"<p>CARACTER\u00cdSTICAS DE HARDWARE Dimensiones 4.76 \u00d7 3.09 \u00d7 0.82 in (120.8 \u00d7 78.5 \u00d7 20.9 mm) Tipo de Antena Dos antenas de doble banda de alta ganancia Chipset Realtek Wi-Fi 6 Chipset CARACTER\u00cdSTICAS INAL\u00c1MBRICAS Est\u00e1ndares Inal\u00e1mbricos IEEE 802.11ax\/ac\/n\/a 5 GHz IEEE 802.11ax\/n\/g\/b 2.4 GHz Bluetooth 5.2 Tasa de se\u00f1al WLAN 5 GHz 11ax: hasta 1201 [&hellip;]<\/p>\n","protected":false},"featured_media":24965,"comment_status":"open","ping_status":"closed","template":"","meta":{"_uag_custom_page_level_css":""},"product_brand":[546],"product_cat":[122],"product_tag":[],"class_list":{"0":"post-52346","1":"product","2":"type-product","3":"status-publish","4":"has-post-thumbnail","6":"product_brand-tplink","7":"product_cat-redes-y-conectividad","9":"first","10":"outofstock","11":"sale","12":"taxable","13":"shipping-taxable","14":"purchasable","15":"product-type-simple"},"uagb_featured_image_src":{"full":["https:\/\/rms-enlinea.com.ar\/wp-content\/uploads\/2025\/06\/D_951924-MLA72511073164_102023-F.jpg",775,972,false],"thumbnail":["https:\/\/rms-enlinea.com.ar\/wp-content\/uploads\/2025\/06\/D_951924-MLA72511073164_102023-F-150x150.jpg",150,150,true],"medium":["https:\/\/rms-enlinea.com.ar\/wp-content\/uploads\/2025\/06\/D_951924-MLA72511073164_102023-F-239x300.jpg",239,300,true],"medium_large":["https:\/\/rms-enlinea.com.ar\/wp-content\/uploads\/2025\/06\/D_951924-MLA72511073164_102023-F-768x963.jpg",768,963,true],"large":["https:\/\/rms-enlinea.com.ar\/wp-content\/uploads\/2025\/06\/D_951924-MLA72511073164_102023-F.jpg",775,972,false],"1536x1536":["https:\/\/rms-enlinea.com.ar\/wp-content\/uploads\/2025\/06\/D_951924-MLA72511073164_102023-F.jpg",775,972,false],"2048x2048":["https:\/\/rms-enlinea.com.ar\/wp-content\/uploads\/2025\/06\/D_951924-MLA72511073164_102023-F.jpg",775,972,false],"woocommerce_thumbnail":["https:\/\/rms-enlinea.com.ar\/wp-content\/uploads\/2025\/06\/D_951924-MLA72511073164_102023-F-450x450.jpg",450,450,true],"woocommerce_single":["https:\/\/rms-enlinea.com.ar\/wp-content\/uploads\/2025\/06\/D_951924-MLA72511073164_102023-F-600x753.jpg",600,753,true],"woocommerce_gallery_thumbnail":["https:\/\/rms-enlinea.com.ar\/wp-content\/uploads\/2025\/06\/D_951924-MLA72511073164_102023-F-100x100.jpg",100,100,true]},"uagb_author_info":{"display_name":"nelson","author_link":"https:\/\/rms-enlinea.com.ar\/tienda\/author\/"},"uagb_comment_info":0,"uagb_excerpt":"CARACTER\u00cdSTICAS DE HARDWARE Dimensiones 4.76 \u00d7 3.09 \u00d7 0.82 in (120.8 \u00d7 78.5 \u00d7 20.9 mm) Tipo de Antena Dos antenas de doble banda de alta ganancia Chipset Realtek Wi-Fi 6 Chipset CARACTER\u00cdSTICAS INAL\u00c1MBRICAS Est\u00e1ndares Inal\u00e1mbricos IEEE 802.11ax\/ac\/n\/a 5 GHz IEEE 802.11ax\/n\/g\/b 2.4 GHz Bluetooth 5.2 Tasa de se\u00f1al WLAN 5 GHz 11ax: hasta 1201&hellip;","_links":{"self":[{"href":"https:\/\/rms-enlinea.com.ar\/tienda\/wp-json\/wp\/v2\/product\/52346","targetHints":{"allow":["GET"]}}],"collection":[{"href":"https:\/\/rms-enlinea.com.ar\/tienda\/wp-json\/wp\/v2\/product"}],"about":[{"href":"https:\/\/rms-enlinea.com.ar\/tienda\/wp-json\/wp\/v2\/types\/product"}],"replies":[{"embeddable":true,"href":"https:\/\/rms-enlinea.com.ar\/tienda\/wp-json\/wp\/v2\/comments?post=52346"}],"wp:featuredmedia":[{"embeddable":true,"href":"https:\/\/rms-enlinea.com.ar\/tienda\/wp-json\/wp\/v2\/media\/24965"}],"wp:attachment":[{"href":"https:\/\/rms-enlinea.com.ar\/tienda\/wp-json\/wp\/v2\/media?parent=52346"}],"wp:term":[{"taxonomy":"product_brand","embeddable":true,"href":"https:\/\/rms-enlinea.com.ar\/tienda\/wp-json\/wp\/v2\/product_brand?post=52346"},{"taxonomy":"product_cat","embeddable":true,"href":"https:\/\/rms-enlinea.com.ar\/tienda\/wp-json\/wp\/v2\/product_cat?post=52346"},{"taxonomy":"product_tag","embeddable":true,"href":"https:\/\/rms-enlinea.com.ar\/tienda\/wp-json\/wp\/v2\/product_tag?post=52346"}],"curies":[{"name":"wp","href":"https:\/\/api.w.org\/{rel}","templated":true}]}}