{"id":52433,"date":"2025-07-29T17:30:42","date_gmt":"2025-07-29T20:30:42","guid":{"rendered":"https:\/\/rms-enlinea.com.ar\/tienda\/producto\/auriculares-gamer-razer-barracuda-x-rz04-04430100-r3u1\/"},"modified":"2026-04-21T06:08:55","modified_gmt":"2026-04-21T09:08:55","slug":"auriculares-gamer-razer-barracuda-x-rz04-04430100-r3u1","status":"publish","type":"product","link":"https:\/\/rms-enlinea.com.ar\/tienda\/producto\/auriculares-gamer-razer-barracuda-x-rz04-04430100-r3u1\/","title":{"rendered":"Auriculares Gamer Razer Barracuda X Rz04-04430100-r3u1"},"content":{"rendered":"<p>Formato del auricular<\/p>\n<p>Over-ear<br \/>\nIncluye estuche de carga<\/p>\n<p>No<br \/>\nEs gamer<\/p>\n<p>S\u00ed<br \/>\nEs infantil<\/p>\n<p>No<br \/>\nCon Bluetooth<\/p>\n<p>No<br \/>\nCon cable desmontable<\/p>\n<p>S\u00ed<br \/>\nSensibilidad<\/p>\n<p>98 dB<br \/>\nCon micr\u00f3fono flexible<\/p>\n<p>S\u00ed<br \/>\nCon modo manos libres<\/p>\n<p>S\u00ed<br \/>\nCon luz LED<\/p>\n<p>No<br \/>\nCon micr\u00f3fono<\/p>\n<p>S\u00ed<br \/>\nCon cancelaci\u00f3n de ruido<\/p>\n<p>S\u00ed<br \/>\nAccesorios incluidos<\/p>\n<p>Adaptador USB-A a USB-C,Cable de carga USB a USB-C,Cable jack 3.5 mm,Dispositivo USB-C<br \/>\nMarca<\/p>\n<p>Razer<br \/>\nLargo del cable<\/p>\n<p>1.5 m<br \/>\nConsolas de juegos compatibles<\/p>\n<p>Nintendo Switch,PlayStation,Xbox<br \/>\nTipos de conectores<\/p>\n<p>Jack 3.5 mm<br \/>\nCon micr\u00f3fono desmontable<\/p>\n<p>S\u00ed<br \/>\nEs inal\u00e1mbrico<\/p>\n<p>S\u00ed<br \/>\nCondici\u00f3n del \u00edtem<\/p>\n<p>Nuevo<br \/>\nL\u00ednea<\/p>\n<p>Barracuda<br \/>\nFabricante<\/p>\n<p>Razer<br \/>\nRespuesta en frecuencia<\/p>\n<p>20 Hz &#8211; 20 kHz<br \/>\nC\u00f3digo universal de producto<\/p>\n<p>8886419379881<br \/>\nCon carga inal\u00e1mbrica<\/p>\n<p>No<br \/>\nmodelo<\/p>\n<p>RZ04-04430100-R3U1<br \/>\nEs monoaural<\/p>\n<p>No<br \/>\nUnidad de diafragma<\/p>\n<p>40 mm<br \/>\nCon tecnolog\u00eda TWS<\/p>\n<p>No<br \/>\nModelo<\/p>\n<p>Barracuda X<br \/>\nDuraci\u00f3n de la bater\u00eda del auricular<\/p>\n<p>20 h<\/p>\n","protected":false},"excerpt":{"rendered":"<p>Formato del auricular Over-ear Incluye estuche de carga No Es gamer S\u00ed Es infantil No Con Bluetooth No Con cable desmontable S\u00ed Sensibilidad 98 dB Con micr\u00f3fono flexible S\u00ed Con modo manos libres S\u00ed Con luz LED No Con micr\u00f3fono S\u00ed Con cancelaci\u00f3n de ruido S\u00ed Accesorios incluidos Adaptador USB-A a USB-C,Cable de carga USB [&hellip;]<\/p>\n","protected":false},"featured_media":21825,"comment_status":"open","ping_status":"closed","template":"","meta":{"_uag_custom_page_level_css":""},"product_brand":[559],"product_cat":[99],"product_tag":[],"class_list":{"0":"post-52433","1":"product","2":"type-product","3":"status-publish","4":"has-post-thumbnail","6":"product_brand-razer","7":"product_cat-auriculares-computacion","9":"first","10":"outofstock","11":"sale","12":"taxable","13":"shipping-taxable","14":"purchasable","15":"product-type-simple"},"uagb_featured_image_src":{"full":["https:\/\/rms-enlinea.com.ar\/wp-content\/uploads\/2025\/06\/D_697374-MLA48751075751_012022-F.jpg",890,1200,false],"thumbnail":["https:\/\/rms-enlinea.com.ar\/wp-content\/uploads\/2025\/06\/D_697374-MLA48751075751_012022-F-150x150.jpg",150,150,true],"medium":["https:\/\/rms-enlinea.com.ar\/wp-content\/uploads\/2025\/06\/D_697374-MLA48751075751_012022-F-223x300.jpg",223,300,true],"medium_large":["https:\/\/rms-enlinea.com.ar\/wp-content\/uploads\/2025\/06\/D_697374-MLA48751075751_012022-F-768x1036.jpg",768,1036,true],"large":["https:\/\/rms-enlinea.com.ar\/wp-content\/uploads\/2025\/06\/D_697374-MLA48751075751_012022-F-759x1024.jpg",759,1024,true],"1536x1536":["https:\/\/rms-enlinea.com.ar\/wp-content\/uploads\/2025\/06\/D_697374-MLA48751075751_012022-F.jpg",890,1200,false],"2048x2048":["https:\/\/rms-enlinea.com.ar\/wp-content\/uploads\/2025\/06\/D_697374-MLA48751075751_012022-F.jpg",890,1200,false],"woocommerce_thumbnail":["https:\/\/rms-enlinea.com.ar\/wp-content\/uploads\/2025\/06\/D_697374-MLA48751075751_012022-F-450x450.jpg",450,450,true],"woocommerce_single":["https:\/\/rms-enlinea.com.ar\/wp-content\/uploads\/2025\/06\/D_697374-MLA48751075751_012022-F-600x809.jpg",600,809,true],"woocommerce_gallery_thumbnail":["https:\/\/rms-enlinea.com.ar\/wp-content\/uploads\/2025\/06\/D_697374-MLA48751075751_012022-F-100x100.jpg",100,100,true]},"uagb_author_info":{"display_name":"nelson","author_link":"https:\/\/rms-enlinea.com.ar\/tienda\/author\/"},"uagb_comment_info":0,"uagb_excerpt":"Formato del auricular Over-ear Incluye estuche de carga No Es gamer S\u00ed Es infantil No Con Bluetooth No Con cable desmontable S\u00ed Sensibilidad 98 dB Con micr\u00f3fono flexible S\u00ed Con modo manos libres S\u00ed Con luz LED No Con micr\u00f3fono S\u00ed Con cancelaci\u00f3n de ruido S\u00ed Accesorios incluidos Adaptador USB-A a USB-C,Cable de carga USB&hellip;","_links":{"self":[{"href":"https:\/\/rms-enlinea.com.ar\/tienda\/wp-json\/wp\/v2\/product\/52433","targetHints":{"allow":["GET"]}}],"collection":[{"href":"https:\/\/rms-enlinea.com.ar\/tienda\/wp-json\/wp\/v2\/product"}],"about":[{"href":"https:\/\/rms-enlinea.com.ar\/tienda\/wp-json\/wp\/v2\/types\/product"}],"replies":[{"embeddable":true,"href":"https:\/\/rms-enlinea.com.ar\/tienda\/wp-json\/wp\/v2\/comments?post=52433"}],"wp:featuredmedia":[{"embeddable":true,"href":"https:\/\/rms-enlinea.com.ar\/tienda\/wp-json\/wp\/v2\/media\/21825"}],"wp:attachment":[{"href":"https:\/\/rms-enlinea.com.ar\/tienda\/wp-json\/wp\/v2\/media?parent=52433"}],"wp:term":[{"taxonomy":"product_brand","embeddable":true,"href":"https:\/\/rms-enlinea.com.ar\/tienda\/wp-json\/wp\/v2\/product_brand?post=52433"},{"taxonomy":"product_cat","embeddable":true,"href":"https:\/\/rms-enlinea.com.ar\/tienda\/wp-json\/wp\/v2\/product_cat?post=52433"},{"taxonomy":"product_tag","embeddable":true,"href":"https:\/\/rms-enlinea.com.ar\/tienda\/wp-json\/wp\/v2\/product_tag?post=52433"}],"curies":[{"name":"wp","href":"https:\/\/api.w.org\/{rel}","templated":true}]}}