{"id":52523,"date":"2025-07-30T10:54:09","date_gmt":"2025-07-30T13:54:09","guid":{"rendered":"https:\/\/rms-enlinea.com.ar\/tienda\/producto\/memoria-ddr4-8gb-3200mhz-adata-ad4u32008g22-sgn\/"},"modified":"2026-05-04T13:21:29","modified_gmt":"2026-05-04T16:21:29","slug":"memoria-ddr4-8gb-3200mhz-adata-ad4u32008g22-sgn","status":"publish","type":"product","link":"https:\/\/rms-enlinea.com.ar\/tienda\/producto\/memoria-ddr4-8gb-3200mhz-adata-ad4u32008g22-sgn\/","title":{"rendered":"Memoria Ddr4 8gb 3200mhz Adata Ad4u32008g22-sgn"},"content":{"rendered":"<p>Velocidad de la memoria RAM<\/p>\n<p>3200 MHz<br \/>Voltaje de alimentaci\u00f3n<\/p>\n<p>1.2V<br \/>Capacidad total<\/p>\n<p>8 GB<br \/>Tasa de transferencia<\/p>\n<p>25600 MB\/s<br \/>SKU<\/p>\n<p>4711085930743<br \/>C\u00f3digo universal de producto<\/p>\n<p>04711085930743<br \/>M\u00f3dulos de memoria RAM<\/p>\n<p>1<br \/>Aplicaci\u00f3n<\/p>\n<p>Computadoras de escritorio<br \/>Marca<\/p>\n<p>Adata<br \/>Latencia CAS<\/p>\n<p>22<br \/>Color<\/p>\n<p>Verde oscuro<br \/>Condici\u00f3n del \u00edtem<\/p>\n<p>Nuevo<br \/>L\u00ednea<\/p>\n<p>Premier<br \/>Modelo<\/p>\n<p>AD4U32008G22-SGN<br \/>Cantidad de pines<\/p>\n<p>288<br \/>Formato de la memoria RAM<\/p>\n<p>DIMM<br \/>Tecnolog\u00eda de la memoria RAM<\/p>\n<p>DDR4 SDRAM<\/p>\n","protected":false},"excerpt":{"rendered":"<p>Velocidad de la memoria RAM 3200 MHzVoltaje de alimentaci\u00f3n 1.2VCapacidad total 8 GBTasa de transferencia 25600 MB\/sSKU 4711085930743C\u00f3digo universal de producto 04711085930743M\u00f3dulos de memoria RAM 1Aplicaci\u00f3n Computadoras de escritorioMarca AdataLatencia CAS 22Color Verde oscuroCondici\u00f3n del \u00edtem NuevoL\u00ednea PremierModelo AD4U32008G22-SGNCantidad de pines 288Formato de la memoria RAM DIMMTecnolog\u00eda de la memoria RAM DDR4 SDRAM<\/p>\n","protected":false},"featured_media":26274,"comment_status":"open","ping_status":"closed","template":"","meta":{"_uag_custom_page_level_css":""},"product_brand":[567],"product_cat":[112],"product_tag":[],"class_list":{"0":"post-52523","1":"product","2":"type-product","3":"status-publish","4":"has-post-thumbnail","6":"product_brand-adata","7":"product_cat-mamorias","9":"first","10":"instock","11":"sale","12":"taxable","13":"shipping-taxable","14":"purchasable","15":"product-type-simple"},"uagb_featured_image_src":{"full":["https:\/\/rms-enlinea.com.ar\/wp-content\/uploads\/2025\/06\/D_701232-MLU70028174209_062023-F.jpg",1200,793,false],"thumbnail":["https:\/\/rms-enlinea.com.ar\/wp-content\/uploads\/2025\/06\/D_701232-MLU70028174209_062023-F-150x150.jpg",150,150,true],"medium":["https:\/\/rms-enlinea.com.ar\/wp-content\/uploads\/2025\/06\/D_701232-MLU70028174209_062023-F-300x198.jpg",300,198,true],"medium_large":["https:\/\/rms-enlinea.com.ar\/wp-content\/uploads\/2025\/06\/D_701232-MLU70028174209_062023-F-768x508.jpg",768,508,true],"large":["https:\/\/rms-enlinea.com.ar\/wp-content\/uploads\/2025\/06\/D_701232-MLU70028174209_062023-F-1024x677.jpg",1024,677,true],"1536x1536":["https:\/\/rms-enlinea.com.ar\/wp-content\/uploads\/2025\/06\/D_701232-MLU70028174209_062023-F.jpg",1200,793,false],"2048x2048":["https:\/\/rms-enlinea.com.ar\/wp-content\/uploads\/2025\/06\/D_701232-MLU70028174209_062023-F.jpg",1200,793,false],"woocommerce_thumbnail":["https:\/\/rms-enlinea.com.ar\/wp-content\/uploads\/2025\/06\/D_701232-MLU70028174209_062023-F-450x450.jpg",450,450,true],"woocommerce_single":["https:\/\/rms-enlinea.com.ar\/wp-content\/uploads\/2025\/06\/D_701232-MLU70028174209_062023-F-600x397.jpg",600,397,true],"woocommerce_gallery_thumbnail":["https:\/\/rms-enlinea.com.ar\/wp-content\/uploads\/2025\/06\/D_701232-MLU70028174209_062023-F-100x100.jpg",100,100,true]},"uagb_author_info":{"display_name":"nelson","author_link":"https:\/\/rms-enlinea.com.ar\/tienda\/author\/"},"uagb_comment_info":0,"uagb_excerpt":"Velocidad de la memoria RAM 3200 MHzVoltaje de alimentaci\u00f3n 1.2VCapacidad total 8 GBTasa de transferencia 25600 MB\/sSKU 4711085930743C\u00f3digo universal de producto 04711085930743M\u00f3dulos de memoria RAM 1Aplicaci\u00f3n Computadoras de escritorioMarca AdataLatencia CAS 22Color Verde oscuroCondici\u00f3n del \u00edtem NuevoL\u00ednea PremierModelo AD4U32008G22-SGNCantidad de pines 288Formato de la memoria RAM DIMMTecnolog\u00eda de la memoria RAM DDR4 SDRAM","_links":{"self":[{"href":"https:\/\/rms-enlinea.com.ar\/tienda\/wp-json\/wp\/v2\/product\/52523","targetHints":{"allow":["GET"]}}],"collection":[{"href":"https:\/\/rms-enlinea.com.ar\/tienda\/wp-json\/wp\/v2\/product"}],"about":[{"href":"https:\/\/rms-enlinea.com.ar\/tienda\/wp-json\/wp\/v2\/types\/product"}],"replies":[{"embeddable":true,"href":"https:\/\/rms-enlinea.com.ar\/tienda\/wp-json\/wp\/v2\/comments?post=52523"}],"wp:featuredmedia":[{"embeddable":true,"href":"https:\/\/rms-enlinea.com.ar\/tienda\/wp-json\/wp\/v2\/media\/26274"}],"wp:attachment":[{"href":"https:\/\/rms-enlinea.com.ar\/tienda\/wp-json\/wp\/v2\/media?parent=52523"}],"wp:term":[{"taxonomy":"product_brand","embeddable":true,"href":"https:\/\/rms-enlinea.com.ar\/tienda\/wp-json\/wp\/v2\/product_brand?post=52523"},{"taxonomy":"product_cat","embeddable":true,"href":"https:\/\/rms-enlinea.com.ar\/tienda\/wp-json\/wp\/v2\/product_cat?post=52523"},{"taxonomy":"product_tag","embeddable":true,"href":"https:\/\/rms-enlinea.com.ar\/tienda\/wp-json\/wp\/v2\/product_tag?post=52523"}],"curies":[{"name":"wp","href":"https:\/\/api.w.org\/{rel}","templated":true}]}}