{"id":52538,"date":"2025-07-30T13:40:07","date_gmt":"2025-07-30T16:40:07","guid":{"rendered":"https:\/\/rms-enlinea.com.ar\/tienda\/producto\/memoria-sodimm-adata-32gb-ddr5-5600-mhz-ad5s560032g-s\/"},"modified":"2026-05-04T13:50:14","modified_gmt":"2026-05-04T16:50:14","slug":"memoria-sodimm-adata-32gb-ddr5-5600-mhz-ad5s560032g-s","status":"publish","type":"product","link":"https:\/\/rms-enlinea.com.ar\/tienda\/producto\/memoria-sodimm-adata-32gb-ddr5-5600-mhz-ad5s560032g-s\/","title":{"rendered":"Memoria Sodimm Adata 32gb Ddr5 5600 Mhz Ad5s560032g-s"},"content":{"rendered":"<p>Potencia tu laptop con la Memoria RAM Sodimm Adata de 32GB DDR5 5600 MHz (modelo AD5S560032G-S). Dise\u00f1ada para notebooks, esta memoria ofrece un rendimiento excepcional y una velocidad de transferencia de datos de 5600 MHz, que permitir\u00e1 mejorar la fluidez en tus tareas diarias y la experiencia general del usuario. Su arquitectura DDR5 garantiza un consumo de energ\u00eda optimizado, operando a un voltaje de 1.1V, lo que la convierte en una elecci\u00f3n eficiente para quienes buscan rendimiento sin sacrificar la econom\u00eda energ\u00e9tica.<\/p>\n<p>El formato SODIMM de este m\u00f3dulo est\u00e1 especialmente pensado para laptops, asegurando una instalaci\u00f3n sencilla en diversos modelos compatibles. Con una capacidad total de 32GB, este m\u00f3dulo permitir\u00e1 a los usuarios ejecutar m\u00faltiples aplicaciones simult\u00e1neamente sin experimentar lentitud o retrasos. Aunque no incluye disipador de calor, su dise\u00f1o ha sido optimizado para mantener un rendimiento estable bajo diversas condiciones de operaci\u00f3n.<\/p>\n<p>Convierte cualquier laptop en una potente herramienta de trabajo o entretenimiento. Mejora tus experiencias de juego, edici\u00f3n de video, dise\u00f1o gr\u00e1fico y multitarea con esta memoria que combina calidad y tecnolog\u00eda avanzada. Dale a tu dispositivo el impulso que necesita para afrontar todos tus desaf\u00edos tecnol\u00f3gicos con esta Memoria RAM Adata.<\/p>\n","protected":false},"excerpt":{"rendered":"<p>Potencia tu laptop con la Memoria RAM Sodimm Adata de 32GB DDR5 5600 MHz (modelo AD5S560032G-S). Dise\u00f1ada para notebooks, esta memoria ofrece un rendimiento excepcional y una velocidad de transferencia de datos de 5600 MHz, que permitir\u00e1 mejorar la fluidez en tus tareas diarias y la experiencia general del usuario. Su arquitectura DDR5 garantiza un [&hellip;]<\/p>\n","protected":false},"featured_media":52539,"comment_status":"open","ping_status":"closed","template":"","meta":{"_uag_custom_page_level_css":""},"product_brand":[567],"product_cat":[112],"product_tag":[],"class_list":{"0":"post-52538","1":"product","2":"type-product","3":"status-publish","4":"has-post-thumbnail","6":"product_brand-adata","7":"product_cat-mamorias","9":"first","10":"instock","11":"sale","12":"taxable","13":"shipping-taxable","14":"purchasable","15":"product-type-simple"},"uagb_featured_image_src":{"full":["https:\/\/rms-enlinea.com.ar\/wp-content\/uploads\/2025\/07\/D_784385-MLU74368658510_022024-F.jpg",360,1043,false],"thumbnail":["https:\/\/rms-enlinea.com.ar\/wp-content\/uploads\/2025\/07\/D_784385-MLU74368658510_022024-F-150x150.jpg",150,150,true],"medium":["https:\/\/rms-enlinea.com.ar\/wp-content\/uploads\/2025\/07\/D_784385-MLU74368658510_022024-F-104x300.jpg",104,300,true],"medium_large":["https:\/\/rms-enlinea.com.ar\/wp-content\/uploads\/2025\/07\/D_784385-MLU74368658510_022024-F.jpg",360,1043,false],"large":["https:\/\/rms-enlinea.com.ar\/wp-content\/uploads\/2025\/07\/D_784385-MLU74368658510_022024-F-353x1024.jpg",353,1024,true],"1536x1536":["https:\/\/rms-enlinea.com.ar\/wp-content\/uploads\/2025\/07\/D_784385-MLU74368658510_022024-F.jpg",360,1043,false],"2048x2048":["https:\/\/rms-enlinea.com.ar\/wp-content\/uploads\/2025\/07\/D_784385-MLU74368658510_022024-F.jpg",360,1043,false],"woocommerce_thumbnail":["https:\/\/rms-enlinea.com.ar\/wp-content\/uploads\/2025\/07\/D_784385-MLU74368658510_022024-F-360x450.jpg",360,450,true],"woocommerce_single":["https:\/\/rms-enlinea.com.ar\/wp-content\/uploads\/2025\/07\/D_784385-MLU74368658510_022024-F.jpg",360,1043,false],"woocommerce_gallery_thumbnail":["https:\/\/rms-enlinea.com.ar\/wp-content\/uploads\/2025\/07\/D_784385-MLU74368658510_022024-F-100x100.jpg",100,100,true]},"uagb_author_info":{"display_name":"nelson","author_link":"https:\/\/rms-enlinea.com.ar\/tienda\/author\/"},"uagb_comment_info":0,"uagb_excerpt":"Potencia tu laptop con la Memoria RAM Sodimm Adata de 32GB DDR5 5600 MHz (modelo AD5S560032G-S). Dise\u00f1ada para notebooks, esta memoria ofrece un rendimiento excepcional y una velocidad de transferencia de datos de 5600 MHz, que permitir\u00e1 mejorar la fluidez en tus tareas diarias y la experiencia general del usuario. Su arquitectura DDR5 garantiza un&hellip;","_links":{"self":[{"href":"https:\/\/rms-enlinea.com.ar\/tienda\/wp-json\/wp\/v2\/product\/52538","targetHints":{"allow":["GET"]}}],"collection":[{"href":"https:\/\/rms-enlinea.com.ar\/tienda\/wp-json\/wp\/v2\/product"}],"about":[{"href":"https:\/\/rms-enlinea.com.ar\/tienda\/wp-json\/wp\/v2\/types\/product"}],"replies":[{"embeddable":true,"href":"https:\/\/rms-enlinea.com.ar\/tienda\/wp-json\/wp\/v2\/comments?post=52538"}],"wp:featuredmedia":[{"embeddable":true,"href":"https:\/\/rms-enlinea.com.ar\/tienda\/wp-json\/wp\/v2\/media\/52539"}],"wp:attachment":[{"href":"https:\/\/rms-enlinea.com.ar\/tienda\/wp-json\/wp\/v2\/media?parent=52538"}],"wp:term":[{"taxonomy":"product_brand","embeddable":true,"href":"https:\/\/rms-enlinea.com.ar\/tienda\/wp-json\/wp\/v2\/product_brand?post=52538"},{"taxonomy":"product_cat","embeddable":true,"href":"https:\/\/rms-enlinea.com.ar\/tienda\/wp-json\/wp\/v2\/product_cat?post=52538"},{"taxonomy":"product_tag","embeddable":true,"href":"https:\/\/rms-enlinea.com.ar\/tienda\/wp-json\/wp\/v2\/product_tag?post=52538"}],"curies":[{"name":"wp","href":"https:\/\/api.w.org\/{rel}","templated":true}]}}