{"id":52592,"date":"2025-07-30T16:51:57","date_gmt":"2025-07-30T19:51:57","guid":{"rendered":"https:\/\/rms-enlinea.com.ar\/tienda\/producto\/mother-asus-prime-a520m-a-ii-csm-amd-am4-ddr4-5ta-gen\/"},"modified":"2026-05-08T11:21:23","modified_gmt":"2026-05-08T14:21:23","slug":"mother-asus-prime-a520m-a-ii-csm-amd-am4-ddr4-5ta-gen","status":"publish","type":"product","link":"https:\/\/rms-enlinea.com.ar\/tienda\/producto\/mother-asus-prime-a520m-a-ii-csm-amd-am4-ddr4-5ta-gen\/","title":{"rendered":"Mother Asus Prime A520m-a Ii\/csm Amd Am4 Ddr4 5ta Gen"},"content":{"rendered":"<p>El producto MOTHER ASUS (AM4) PRIME A520M-A II\/CSM es una placa base dise\u00f1ada para procesadores AMD de la serie Ryzen en socket AM4. Esta placa base pertenece a la serie Prime de ASUS, que se caracteriza por ofrecer una excelente relaci\u00f3n calidad-precio y un rendimiento confiable.<br \/>Algunas caracter\u00edsticas de la MOTHER ASUS (AM4) PRIME A520M-A II\/CSM incluyen soporte para memoria RAM DDR4 de hasta 4600 MHz, PCIe 3.0 para tarjetas gr\u00e1ficas y otros dispositivos de expansi\u00f3n, conexiones USB 3.2 Gen 1 y Gen 2 para una r\u00e1pida transferencia de datos, as\u00ed como puertos SATA y M.2 para unidades de almacenamiento de alta velocidad.<br \/>Adem\u00e1s, esta placa base cuenta con tecnolog\u00edas como ASUS OptiMem para mejorar la estabilidad de la memoria RAM, ASUS Fan Xpert para un control preciso de la refrigeraci\u00f3n, y ASUS Aura Sync para personalizar la iluminaci\u00f3n RGB.<br \/>En general, la MOTHER ASUS (AM4) PRIME A520M-A II\/CSM es una opci\u00f3n s\u00f3lida para aquellos que buscan una placa base confiable y funcional para construir un sistema basado en un procesador AMD Ryzen.<\/p>\n","protected":false},"excerpt":{"rendered":"<p>El producto MOTHER ASUS (AM4) PRIME A520M-A II\/CSM es una placa base dise\u00f1ada para procesadores AMD de la serie Ryzen en socket AM4. Esta placa base pertenece a la serie Prime de ASUS, que se caracteriza por ofrecer una excelente relaci\u00f3n calidad-precio y un rendimiento confiable.Algunas caracter\u00edsticas de la MOTHER ASUS (AM4) PRIME A520M-A II\/CSM [&hellip;]<\/p>\n","protected":false},"featured_media":52593,"comment_status":"open","ping_status":"closed","template":"","meta":{"_uag_custom_page_level_css":""},"product_brand":[586],"product_cat":[115],"product_tag":[],"class_list":{"0":"post-52592","1":"product","2":"type-product","3":"status-publish","4":"has-post-thumbnail","6":"product_brand-asus","7":"product_cat-mother","9":"first","10":"outofstock","11":"sale","12":"taxable","13":"shipping-taxable","14":"purchasable","15":"product-type-simple"},"uagb_featured_image_src":{"full":["https:\/\/rms-enlinea.com.ar\/wp-content\/uploads\/2025\/07\/D_710552-MLA88985439709_072025-F.jpg",1200,714,false],"thumbnail":["https:\/\/rms-enlinea.com.ar\/wp-content\/uploads\/2025\/07\/D_710552-MLA88985439709_072025-F-150x150.jpg",150,150,true],"medium":["https:\/\/rms-enlinea.com.ar\/wp-content\/uploads\/2025\/07\/D_710552-MLA88985439709_072025-F-300x179.jpg",300,179,true],"medium_large":["https:\/\/rms-enlinea.com.ar\/wp-content\/uploads\/2025\/07\/D_710552-MLA88985439709_072025-F-768x457.jpg",768,457,true],"large":["https:\/\/rms-enlinea.com.ar\/wp-content\/uploads\/2025\/07\/D_710552-MLA88985439709_072025-F-1024x609.jpg",1024,609,true],"1536x1536":["https:\/\/rms-enlinea.com.ar\/wp-content\/uploads\/2025\/07\/D_710552-MLA88985439709_072025-F.jpg",1200,714,false],"2048x2048":["https:\/\/rms-enlinea.com.ar\/wp-content\/uploads\/2025\/07\/D_710552-MLA88985439709_072025-F.jpg",1200,714,false],"woocommerce_thumbnail":["https:\/\/rms-enlinea.com.ar\/wp-content\/uploads\/2025\/07\/D_710552-MLA88985439709_072025-F-450x450.jpg",450,450,true],"woocommerce_single":["https:\/\/rms-enlinea.com.ar\/wp-content\/uploads\/2025\/07\/D_710552-MLA88985439709_072025-F-600x357.jpg",600,357,true],"woocommerce_gallery_thumbnail":["https:\/\/rms-enlinea.com.ar\/wp-content\/uploads\/2025\/07\/D_710552-MLA88985439709_072025-F-100x100.jpg",100,100,true]},"uagb_author_info":{"display_name":"nelson","author_link":"https:\/\/rms-enlinea.com.ar\/tienda\/author\/"},"uagb_comment_info":0,"uagb_excerpt":"El producto MOTHER ASUS (AM4) PRIME A520M-A II\/CSM es una placa base dise\u00f1ada para procesadores AMD de la serie Ryzen en socket AM4. Esta placa base pertenece a la serie Prime de ASUS, que se caracteriza por ofrecer una excelente relaci\u00f3n calidad-precio y un rendimiento confiable.Algunas caracter\u00edsticas de la MOTHER ASUS (AM4) PRIME A520M-A II\/CSM&hellip;","_links":{"self":[{"href":"https:\/\/rms-enlinea.com.ar\/tienda\/wp-json\/wp\/v2\/product\/52592","targetHints":{"allow":["GET"]}}],"collection":[{"href":"https:\/\/rms-enlinea.com.ar\/tienda\/wp-json\/wp\/v2\/product"}],"about":[{"href":"https:\/\/rms-enlinea.com.ar\/tienda\/wp-json\/wp\/v2\/types\/product"}],"replies":[{"embeddable":true,"href":"https:\/\/rms-enlinea.com.ar\/tienda\/wp-json\/wp\/v2\/comments?post=52592"}],"wp:featuredmedia":[{"embeddable":true,"href":"https:\/\/rms-enlinea.com.ar\/tienda\/wp-json\/wp\/v2\/media\/52593"}],"wp:attachment":[{"href":"https:\/\/rms-enlinea.com.ar\/tienda\/wp-json\/wp\/v2\/media?parent=52592"}],"wp:term":[{"taxonomy":"product_brand","embeddable":true,"href":"https:\/\/rms-enlinea.com.ar\/tienda\/wp-json\/wp\/v2\/product_brand?post=52592"},{"taxonomy":"product_cat","embeddable":true,"href":"https:\/\/rms-enlinea.com.ar\/tienda\/wp-json\/wp\/v2\/product_cat?post=52592"},{"taxonomy":"product_tag","embeddable":true,"href":"https:\/\/rms-enlinea.com.ar\/tienda\/wp-json\/wp\/v2\/product_tag?post=52592"}],"curies":[{"name":"wp","href":"https:\/\/api.w.org\/{rel}","templated":true}]}}