{"id":52769,"date":"2025-07-31T12:08:06","date_gmt":"2025-07-31T15:08:06","guid":{"rendered":"https:\/\/rms-enlinea.com.ar\/tienda\/producto\/procesador-amd-ryzen-5-9600x-am5-c-video-s-cooler-6-nucleos\/"},"modified":"2026-04-24T17:30:17","modified_gmt":"2026-04-24T20:30:17","slug":"procesador-amd-ryzen-5-9600x-am5-c-video-s-cooler-6-nucleos","status":"publish","type":"product","link":"https:\/\/rms-enlinea.com.ar\/tienda\/producto\/procesador-amd-ryzen-5-9600x-am5-c-video-s-cooler-6-nucleos\/","title":{"rendered":"Procesador Amd Ryzen 5 9600x Am5 C\/video S\/cooler 6 Nucleos"},"content":{"rendered":"<p>Descripci\u00f3n<br \/>M\u00c1S SERVICIOS<br \/>Especificaciones generales<br \/>Nombre<br \/>AMD Ryzen\u2122 5 9600X<br \/>Formato<br \/>Computadoras de escritorio , Procesador en caja<br \/>AMD PRO Technologies<br \/>No<br \/>Arquitectura<br \/>Zen 5<br \/>N.\u00ba de n\u00facleos de CPU<br \/>6<br \/>M\u00faltiples subprocesos (SMT)<br \/>S\u00ed<br \/>N.\u00ba de subprocesos<br \/>12<br \/>Reloj turbo m\u00e1ximo <br \/>Hasta 5.4 GHz<br \/>Reloj base <br \/>3.9 GHz<br \/>Cach\u00e9 L1<br \/>480 KB<br \/>Cach\u00e9 L2<br \/>6 MB<br \/>Cach\u00e9 L3<br \/>32 MB<br \/>TDP predeterminada<br \/>65W<br \/>Tecnolog\u00eda de procesador para n\u00facleos de CPU<br \/>TSMC 4nm FinFET<br \/>Tecnolog\u00eda de procesador para chip de E\/S<br \/>TSMC 6nm FinFET<br \/>Recuento del chip del paquete<br \/>2<br \/>Desbloqueado para overclocking <br \/>S\u00ed<br \/>AMD EXPO\u2122 Memory Overclocking Technology<br \/>S\u00ed<br \/>Precision Boost Overdrive<br \/>S\u00ed<br \/>Compensaciones de voltaje del optimizador de curva<br \/>S\u00ed<br \/>AMD Ryzen\u2122 Master Support<br \/>S\u00ed<br \/>Socket de CPU<br \/>AM5<\/p>\n","protected":false},"excerpt":{"rendered":"<p>Descripci\u00f3nM\u00c1S SERVICIOSEspecificaciones generalesNombreAMD Ryzen\u2122 5 9600XFormatoComputadoras de escritorio , Procesador en cajaAMD PRO TechnologiesNoArquitecturaZen 5N.\u00ba de n\u00facleos de CPU6M\u00faltiples subprocesos (SMT)S\u00edN.\u00ba de subprocesos12Reloj turbo m\u00e1ximo Hasta 5.4 GHzReloj base 3.9 GHzCach\u00e9 L1480 KBCach\u00e9 L26 MBCach\u00e9 L332 MBTDP predeterminada65WTecnolog\u00eda de procesador para n\u00facleos de CPUTSMC 4nm FinFETTecnolog\u00eda de procesador para chip de E\/STSMC 6nm FinFETRecuento del [&hellip;]<\/p>\n","protected":false},"featured_media":11906,"comment_status":"open","ping_status":"closed","template":"","meta":{"_uag_custom_page_level_css":""},"product_brand":[531],"product_cat":[121],"product_tag":[],"class_list":{"0":"post-52769","1":"product","2":"type-product","3":"status-publish","4":"has-post-thumbnail","6":"product_brand-amd","7":"product_cat-procesadores-computacion","9":"first","10":"outofstock","11":"sale","12":"taxable","13":"shipping-taxable","14":"purchasable","15":"product-type-simple"},"uagb_featured_image_src":{"full":["https:\/\/rms-enlinea.com.ar\/wp-content\/uploads\/2025\/06\/D_792273-MLU78265071148_082024-F.jpg",946,1083,false],"thumbnail":["https:\/\/rms-enlinea.com.ar\/wp-content\/uploads\/2025\/06\/D_792273-MLU78265071148_082024-F-150x150.jpg",150,150,true],"medium":["https:\/\/rms-enlinea.com.ar\/wp-content\/uploads\/2025\/06\/D_792273-MLU78265071148_082024-F-262x300.jpg",262,300,true],"medium_large":["https:\/\/rms-enlinea.com.ar\/wp-content\/uploads\/2025\/06\/D_792273-MLU78265071148_082024-F-768x879.jpg",768,879,true],"large":["https:\/\/rms-enlinea.com.ar\/wp-content\/uploads\/2025\/06\/D_792273-MLU78265071148_082024-F-894x1024.jpg",894,1024,true],"1536x1536":["https:\/\/rms-enlinea.com.ar\/wp-content\/uploads\/2025\/06\/D_792273-MLU78265071148_082024-F.jpg",946,1083,false],"2048x2048":["https:\/\/rms-enlinea.com.ar\/wp-content\/uploads\/2025\/06\/D_792273-MLU78265071148_082024-F.jpg",946,1083,false],"woocommerce_thumbnail":["https:\/\/rms-enlinea.com.ar\/wp-content\/uploads\/2025\/06\/D_792273-MLU78265071148_082024-F-450x450.jpg",450,450,true],"woocommerce_single":["https:\/\/rms-enlinea.com.ar\/wp-content\/uploads\/2025\/06\/D_792273-MLU78265071148_082024-F-600x687.jpg",600,687,true],"woocommerce_gallery_thumbnail":["https:\/\/rms-enlinea.com.ar\/wp-content\/uploads\/2025\/06\/D_792273-MLU78265071148_082024-F-100x100.jpg",100,100,true]},"uagb_author_info":{"display_name":"nelson","author_link":"https:\/\/rms-enlinea.com.ar\/tienda\/author\/"},"uagb_comment_info":0,"uagb_excerpt":"Descripci\u00f3nM\u00c1S SERVICIOSEspecificaciones generalesNombreAMD Ryzen\u2122 5 9600XFormatoComputadoras de escritorio , Procesador en cajaAMD PRO TechnologiesNoArquitecturaZen 5N.\u00ba de n\u00facleos de CPU6M\u00faltiples subprocesos (SMT)S\u00edN.\u00ba de subprocesos12Reloj turbo m\u00e1ximo Hasta 5.4 GHzReloj base 3.9 GHzCach\u00e9 L1480 KBCach\u00e9 L26 MBCach\u00e9 L332 MBTDP predeterminada65WTecnolog\u00eda de procesador para n\u00facleos de CPUTSMC 4nm FinFETTecnolog\u00eda de procesador para chip de E\/STSMC 6nm FinFETRecuento del&hellip;","_links":{"self":[{"href":"https:\/\/rms-enlinea.com.ar\/tienda\/wp-json\/wp\/v2\/product\/52769","targetHints":{"allow":["GET"]}}],"collection":[{"href":"https:\/\/rms-enlinea.com.ar\/tienda\/wp-json\/wp\/v2\/product"}],"about":[{"href":"https:\/\/rms-enlinea.com.ar\/tienda\/wp-json\/wp\/v2\/types\/product"}],"replies":[{"embeddable":true,"href":"https:\/\/rms-enlinea.com.ar\/tienda\/wp-json\/wp\/v2\/comments?post=52769"}],"wp:featuredmedia":[{"embeddable":true,"href":"https:\/\/rms-enlinea.com.ar\/tienda\/wp-json\/wp\/v2\/media\/11906"}],"wp:attachment":[{"href":"https:\/\/rms-enlinea.com.ar\/tienda\/wp-json\/wp\/v2\/media?parent=52769"}],"wp:term":[{"taxonomy":"product_brand","embeddable":true,"href":"https:\/\/rms-enlinea.com.ar\/tienda\/wp-json\/wp\/v2\/product_brand?post=52769"},{"taxonomy":"product_cat","embeddable":true,"href":"https:\/\/rms-enlinea.com.ar\/tienda\/wp-json\/wp\/v2\/product_cat?post=52769"},{"taxonomy":"product_tag","embeddable":true,"href":"https:\/\/rms-enlinea.com.ar\/tienda\/wp-json\/wp\/v2\/product_tag?post=52769"}],"curies":[{"name":"wp","href":"https:\/\/api.w.org\/{rel}","templated":true}]}}